{"id":115,"date":"2014-08-23T10:24:27","date_gmt":"2014-08-23T08:24:27","guid":{"rendered":"http:\/\/www.slclub.hu\/?page_id=115"},"modified":"2014-11-16T11:37:58","modified_gmt":"2014-11-16T10:37:58","slug":"2014-2","status":"publish","type":"page","link":"https:\/\/www.slclub.hu\/?page_id=115","title":{"rendered":"2014"},"content":{"rendered":"<p><strong>2014.01.11.Campona SLC Minitali <\/strong><\/p>\n<p><strong>2014.03.01. V\u00e1ci \u00c9vadnyit\u00f3 tal\u00e1lkoz\u00f3 <\/strong><\/p>\n<p>Mindenkit sok szeretettel v\u00e1runk, h\u00edvj\u00e1tok meg bar\u00e1taitokat, ismer\u0151seiteket!<br \/>\nA V\u00e1ci tanp\u00e1lya kipr\u00f3b\u00e1l\u00e1sa, \u00e9s v\u00e1ros s\u00e9t\u00e1l\u00f3 utc\u00e1j\u00e1n a Duna partra val\u00f3 kitekint\u00e9s.<\/p>\n<p>Kedves Clubt\u00e1rsak 11:00-11:30-kor \u00c9rden a Tescon\u00e1l a gy\u00fclekez\u0151 \u00e9s indulunk V\u00e1cra.<br \/>\n<strong><\/p>\n<p>2014.03.30.\u00c9rdi Tal\u00e1lkoz\u00f3<\/strong><\/p>\n<p><strong>2014.04.12 Cs\u00f3kak\u0151 V\u00e1rl\u00e1togat\u00e1s .<\/strong><\/p>\n<p>Tal\u00e1lkoz\u00e1s, a Tesco el\u0151tt 10:00 \u00f3rakor \u00e9s onnan indulunk Cs\u00f3kak\u0151re, aki a v\u00e1rl\u00e1togat\u00e1st nem tekinti programnak csak a tal\u00e1lkoz\u00f3ra j\u00f6nne annak 13:30 a Tesco parkol\u00f3ban tal\u00e1lkozunk kifullad\u00e1sig<br \/>\n<a href=\"http:\/\/www.slclub.hu\/wp-content\/uploads\/2014\/08\/cso1.jpg\"><img loading=\"lazy\" decoding=\"async\" src=\"http:\/\/www.slclub.hu\/wp-content\/uploads\/2014\/08\/cso1-150x150.jpg\" alt=\"cso1\" width=\"150\" height=\"150\" class=\"alignnone size-thumbnail wp-image-585\" \/><\/a><\/p>\n<p><strong>2014.06.13-15. 1. Suzuki T\u00e1bor Balatonakali (TESZT)<\/strong><\/p>\n<p>10% Kezd\u0151 r\u00e9szletet M\u00e1jus 1-ig, a t\u00f6bbit M\u00e1jus 31-ig kell rendezni.<br \/>\nV\u00e9geredm\u00e9nyt Tudjuk 22F\u0151, sz\u00e1ll\u00e1s: 5000+760 IFA\/F\u0151 2 \u00e9j, 3500+360 IFA\/F\u0151 1 \u00e9j.<br \/>\n0-3 ingyenes, 3-10 50%, 10-14 25% kedvezm\u00e9ny a gyerekekre.<br \/>\nTal\u00e1lkoz\u00e1s Reggel f\u00e9l9 \u00c9rdi Tescon\u00e1l, Bev\u00e1s\u00e1rl\u00e1s a Bogr\u00e1cshoz:<br \/>\n-p\u00e9ntek paprik\u00e1s krumpli,<br \/>\n-Szombat guly\u00e1s leves.<br \/>\n\u00datvonal: Sz\u00e9kesfeh\u00e9rv\u00e1r,Veszpr\u00e9m,Csopak, Balatonf\u00fcred Tesco,Balatonakali.<br \/>\nMind kett\u0151 este szalonnas\u00fct\u00e9s, Szalonn\u00e1t \u00e9s ny\u00e1rsat aki tud hozzon.<\/p>\n<p>Sz\u00e1ll\u00e1s:<br \/>\nhttp:\/\/www.balatonguest.hu\/fotogaleria-balatonakali.php<br \/>\n<a href=\"http:\/\/www.slclub.hu\/wp-content\/uploads\/2014\/08\/akali2.jpg\"><img loading=\"lazy\" decoding=\"async\" src=\"http:\/\/www.slclub.hu\/wp-content\/uploads\/2014\/08\/akali2-150x150.jpg\" alt=\"akali2\" width=\"150\" height=\"150\" class=\"alignnone size-thumbnail wp-image-578\" \/><\/a><\/p>\n<p><strong>2014.07.12.Pilisborosjen\u0151i Mini tali<\/strong><\/p>\n<p>Egri V\u00e1r m\u00e1solat megn\u00e9z\u00e9se.<br \/>\nKir\u00e1ndul\u00e1s ut\u00e1n szalonna s\u00fct\u00e9s.<br \/>\nTal\u00e1lkoz\u00e1s 09-09:30 III. Kasz\u00e1sd\u00fcl\u0151i Auchann\u00e1l<br \/>\nKedves Clubtagok, aki j\u00f6n szombaton az hozzon mag\u00e1val kullancsirt\u00f3t, szalonn\u00e1t kenyeret \u00e9s ny\u00e1rsat, ja meg mag\u00e1t \u00e9s a kedves\u00e9t gyerek\u00e9t.<br \/>\n<a href=\"http:\/\/www.slclub.hu\/wp-content\/uploads\/2014\/08\/egri.jpg\"><img loading=\"lazy\" decoding=\"async\" src=\"http:\/\/www.slclub.hu\/wp-content\/uploads\/2014\/08\/egri-150x150.jpg\" alt=\"egri\" width=\"150\" height=\"150\" class=\"alignnone size-thumbnail wp-image-586\" \/><\/a><\/p>\n<p><strong>2014.08.16.Ny\u00e1rb\u00facs\u00faztat\u00f3 Dunakeszi Mini Tali <\/strong><\/p>\n<p>Bogr\u00e1csoz\u00e1s a v\u00edzparton, napoz\u00e1s s\u00f6r\u00f6z\u00e9s&#8230;&#8230;.<\/p>\n<p>Kedves CARt\u00e1rsak!<br \/>\nAz \u00e9tkez\u00e9s t\u00e9r\u00edt\u00e9ses lesz, k\u00e9rlek benneteket, hogy hozz\u00e1sz\u00f3l\u00e1sban jelezz\u00e9tek, ki az, aki j\u00f6n \u00e9s mennyi adag \u00e9telt k\u00e9r. Ennek t\u00fckr\u00e9ben lesz f\u0151zve a bogr\u00e1csban, hogy lehet\u0151leg felesleg ne keletkezzen.<br \/>\nAz \u00e9tkez\u00e9s pedig \u00fagy t\u00f6rt\u00e9nik, hogy f\u0151z\u00fcnk, fizet\u00fcnk \u00e9s esz\u00fcnk<br \/>\nAz eb\u00e9d el\u0151re l\u00e1that\u00f3an 300-400 Ft\/adag alakul.<br \/>\nSeg\u00edts\u00e9geteket, k\u00f6zrem\u0171k\u00f6d\u00e9seteket ez\u00faton is k\u00f6sz\u00f6n\u00f6m!<\/p>\n<p><strong>2014.09.14.B\u00f6rg\u00f6ndi Rep\u00fcl\u0151nap<\/strong><\/p>\n<p>Bel\u00e9p\u00f5jegy \u00e1rak:<\/p>\n<p>Feln\u00f5tt bel\u00e9p\u00f5 2.000 Ft<br \/>\nGyermek bel\u00e9p\u00f5 (18 \u00e9ves korig) 1.000 Ft<br \/>\n6 \u00e9ves kor alatt a bel\u00e9p\u00e9s ingyenes!<br \/>\nRep\u00fcl\u0151nap B\u00f6rg\u00f6nd\u00f6n (2014.09.14)<br \/>\nIndul\u00e1s Ercsi Sp\u00e1rt\u00f3l 8:00-kor, Martonv\u00e1s\u00e1rn\u00e1l 8:15-kor lehet csatlakozni, Sz\u00e9kesfeh\u00e9rv\u00e1ri Baumaxn\u00e1l 9:00-kor van tal\u00e1lkoz\u00f3.<\/p>\n<p>Ism\u00e9t nagyszab\u00e1s\u00fa rendezv\u00e9ny helysz\u00edne lesz a B\u00f6rg\u00f6ndi rep\u00fcl\u0151t\u00e9r szeptember 14-\u00e9n. A rep\u00fcl\u00e9s minden \u00e1ga k\u00e9pviselteti mag\u00e1t. Ejt\u0151erny\u0151s\u00f6k, s\u00e1rk\u00e1nyrep\u00fcl\u0151k, vitorl\u00e1z\u00f3 rep\u00fcl\u0151k \u00e9gen \u00e9s f\u00f6ld\u00f6n. Eg\u00e9sz napos csal\u00e1di kikapcsol\u00f3d\u00e1s, sz\u00ednpadi \u00e9s gyerekprogramok, hagyom\u00e1ny\u0151rz\u0151k bemutat\u00f3ja \u00e9s sok m\u00e1s \u00e9rdekess\u00e9g.<\/p>\n<p>K\u00fcl\u00f6nleges rep\u00fcl\u0151 programok v\u00e1rj\u00e1k majd az \u00e9rdekl\u0151d\u0151ket.<br \/>\nLehet\u0151s\u00e9g lesz rep\u00fclni a L-29 Delfin sug\u00e1rhajt\u00e1s\u00fa rep\u00fcl\u0151g\u00e9pen!<br \/>\nLI- 2 rep\u00fcl\u0151g\u00e9ppel Buda\u00f6rs-B\u00f6rg\u00f6nd \u00fatvonalon nosztalgia j\u00e1rat indul a rep\u00fcl\u0151napra melyre korl\u00e1tozott sz\u00e1mban lehet jelentkezni.<br \/>\n<a href=\"http:\/\/www.slclub.hu\/wp-content\/uploads\/2014\/08\/albatros_n.jpg\"><img loading=\"lazy\" decoding=\"async\" src=\"http:\/\/www.slclub.hu\/wp-content\/uploads\/2014\/08\/albatros_n-150x150.jpg\" alt=\"albatros_n\" width=\"150\" height=\"150\" class=\"alignnone size-thumbnail wp-image-589\" \/><\/a><\/p>\n<p><strong>2014.10.11. Sz\u00e9kesfeh\u00e9rv\u00e1ri Mini Tali<\/strong><br \/>\nTal\u00e1lkoz\u00e1s 18-kor a Nagy Tescon\u00e1l<\/p>\n<p><strong><br \/>\n2014.10.25. 3. Suzuki \u00e9s M\u00e1rkaf\u00fcggetlen aut\u00f3s Tal\u00e1lkoz\u00f3<\/strong><\/p>\n<p>Suzuki \u00e9s aut\u00f3 f\u00fcggetlen tal\u00e1lkoz\u00f3 a Campon\u00e1n\u00e1l id\u00e9n utolj\u00e1ra 13:00-t\u00f3l 16:00-ig.<br \/>\n<a href=\"http:\/\/www.slclub.hu\/wp-content\/uploads\/2014\/08\/sz\u00e9ps\u00e9g.png\"><img loading=\"lazy\" decoding=\"async\" src=\"http:\/\/www.slclub.hu\/wp-content\/uploads\/2014\/08\/sz\u00e9ps\u00e9g-150x150.png\" alt=\"sz\u00e9ps\u00e9g\" width=\"150\" height=\"150\" class=\"alignnone size-thumbnail wp-image-741\" \/><\/a><\/p>\n","protected":false},"excerpt":{"rendered":"<p>2014.01.11.Campona SLC Minitali 2014.03.01. V\u00e1ci \u00c9vadnyit\u00f3 tal\u00e1lkoz\u00f3 Mindenkit sok szeretettel v\u00e1runk, h\u00edvj\u00e1tok meg bar\u00e1taitokat, ismer\u0151seiteket! A V\u00e1ci tanp\u00e1lya kipr\u00f3b\u00e1l\u00e1sa, \u00e9s v\u00e1ros s\u00e9t\u00e1l\u00f3 utc\u00e1j\u00e1n a Duna partra val\u00f3 kitekint\u00e9s. Kedves Clubt\u00e1rsak 11:00-11:30-kor \u00c9rden a Tescon\u00e1l a gy\u00fclekez\u0151 \u00e9s indulunk V\u00e1cra. 2014.03.30.\u00c9rdi Tal\u00e1lkoz\u00f3 2014.04.12 Cs\u00f3kak\u0151 V\u00e1rl\u00e1togat\u00e1s . Tal\u00e1lkoz\u00e1s, a Tesco el\u0151tt 10:00 \u00f3rakor \u00e9s onnan indulunk Cs\u00f3kak\u0151re, &hellip; <a href=\"https:\/\/www.slclub.hu\/?page_id=115\" class=\"more-link\"><span class=\"screen-reader-text\">2014<\/span> b\u0151vebben&#8230; <span class=\"meta-nav\">&rarr;<\/span><\/a><\/p>\n","protected":false},"author":1,"featured_media":0,"parent":0,"menu_order":0,"comment_status":"open","ping_status":"open","template":"","meta":{"footnotes":""},"class_list":["post-115","page","type-page","status-publish","hentry"],"_links":{"self":[{"href":"https:\/\/www.slclub.hu\/index.php?rest_route=\/wp\/v2\/pages\/115","targetHints":{"allow":["GET"]}}],"collection":[{"href":"https:\/\/www.slclub.hu\/index.php?rest_route=\/wp\/v2\/pages"}],"about":[{"href":"https:\/\/www.slclub.hu\/index.php?rest_route=\/wp\/v2\/types\/page"}],"author":[{"embeddable":true,"href":"https:\/\/www.slclub.hu\/index.php?rest_route=\/wp\/v2\/users\/1"}],"replies":[{"embeddable":true,"href":"https:\/\/www.slclub.hu\/index.php?rest_route=%2Fwp%2Fv2%2Fcomments&post=115"}],"version-history":[{"count":17,"href":"https:\/\/www.slclub.hu\/index.php?rest_route=\/wp\/v2\/pages\/115\/revisions"}],"predecessor-version":[{"id":1102,"href":"https:\/\/www.slclub.hu\/index.php?rest_route=\/wp\/v2\/pages\/115\/revisions\/1102"}],"wp:attachment":[{"href":"https:\/\/www.slclub.hu\/index.php?rest_route=%2Fwp%2Fv2%2Fmedia&parent=115"}],"curies":[{"name":"wp","href":"https:\/\/api.w.org\/{rel}","templated":true}]}}

<p><strong>2014.01.11.Campona SLC Minitali </strong></p>
<p><strong>2014.03.01. Váci Évadnyitó találkozó </strong></p>
<p>Mindenkit sok szeretettel várunk, hívjátok meg barátaitokat, ismerőseiteket!<br />
A Váci tanpálya kipróbálása, és város sétáló utcáján a Duna partra való kitekintés.</p>
<p>Kedves Clubtársak 11:00-11:30-kor Érden a Tesconál a gyülekező és indulunk Vácra.<br />
<strong></p>
<p>2014.03.30.Érdi Találkozó</strong></p>
<p><strong>2014.04.12 Csókakő Várlátogatás .</strong></p>
<p>Találkozás, a Tesco előtt 10:00 órakor és onnan indulunk Csókakőre, aki a várlátogatást nem tekinti programnak csak a találkozóra jönne annak 13:30 a Tesco parkolóban találkozunk kifulladásig<br />
<a href="http://www.slclub.hu/wp-content/uploads/2014/08/cso1.jpg"><img loading="lazy" decoding="async" src="http://www.slclub.hu/wp-content/uploads/2014/08/cso1-150x150.jpg" alt="cso1" width="150" height="150" class="alignnone size-thumbnail wp-image-585" /></a></p>
<p><strong>2014.06.13-15. 1. Suzuki Tábor Balatonakali (TESZT)</strong></p>
<p>10% Kezdő részletet Május 1-ig, a többit Május 31-ig kell rendezni.<br />
Végeredményt Tudjuk 22Fő, szállás: 5000+760 IFA/Fő 2 éj, 3500+360 IFA/Fő 1 éj.<br />
0-3 ingyenes, 3-10 50%, 10-14 25% kedvezmény a gyerekekre.<br />
Találkozás Reggel fél9 Érdi Tesconál, Bevásárlás a Bográcshoz:<br />
-péntek paprikás krumpli,<br />
-Szombat gulyás leves.<br />
Útvonal: Székesfehérvár,Veszprém,Csopak, Balatonfüred Tesco,Balatonakali.<br />
Mind kettő este szalonnasütés, Szalonnát és nyársat aki tud hozzon.</p>
<p>Szállás:<br />
http://www.balatonguest.hu/fotogaleria-balatonakali.php<br />
<a href="http://www.slclub.hu/wp-content/uploads/2014/08/akali2.jpg"><img loading="lazy" decoding="async" src="http://www.slclub.hu/wp-content/uploads/2014/08/akali2-150x150.jpg" alt="akali2" width="150" height="150" class="alignnone size-thumbnail wp-image-578" /></a></p>
<p><strong>2014.07.12.Pilisborosjenői Mini tali</strong></p>
<p>Egri Vár másolat megnézése.<br />
Kirándulás után szalonna sütés.<br />
Találkozás 09-09:30 III. Kaszásdülői Auchannál<br />
Kedves Clubtagok, aki jön szombaton az hozzon magával kullancsirtót, szalonnát kenyeret és nyársat, ja meg magát és a kedvesét gyerekét.<br />
<a href="http://www.slclub.hu/wp-content/uploads/2014/08/egri.jpg"><img loading="lazy" decoding="async" src="http://www.slclub.hu/wp-content/uploads/2014/08/egri-150x150.jpg" alt="egri" width="150" height="150" class="alignnone size-thumbnail wp-image-586" /></a></p>
<p><strong>2014.08.16.Nyárbúcsúztató Dunakeszi Mini Tali </strong></p>
<p>Bográcsozás a vízparton, napozás sörözés&#8230;&#8230;.</p>
<p>Kedves CARtársak!<br />
Az étkezés térítéses lesz, kérlek benneteket, hogy hozzászólásban jelezzétek, ki az, aki jön és mennyi adag ételt kér. Ennek tükrében lesz főzve a bográcsban, hogy lehetőleg felesleg ne keletkezzen.<br />
Az étkezés pedig úgy történik, hogy főzünk, fizetünk és eszünk<br />
Az ebéd előre láthatóan 300-400 Ft/adag alakul.<br />
Segítségeteket, közreműködéseteket ezúton is köszönöm!</p>
<p><strong>2014.09.14.Börgöndi Repülőnap</strong></p>
<p>Belépõjegy árak:</p>
<p>Felnõtt belépõ 2.000 Ft<br />
Gyermek belépõ (18 éves korig) 1.000 Ft<br />
6 éves kor alatt a belépés ingyenes!<br />
Repülőnap Börgöndön (2014.09.14)<br />
Indulás Ercsi Spártól 8:00-kor, Martonvásárnál 8:15-kor lehet csatlakozni, Székesfehérvári Baumaxnál 9:00-kor van találkozó.</p>
<p>Ismét nagyszabású rendezvény helyszíne lesz a Börgöndi repülőtér szeptember 14-én. A repülés minden ága képviselteti magát. Ejtőernyősök, sárkányrepülők, vitorlázó repülők égen és földön. Egész napos családi kikapcsolódás, színpadi és gyerekprogramok, hagyományőrzők bemutatója és sok más érdekesség.</p>
<p>Különleges repülő programok várják majd az érdeklődőket.<br />
Lehetőség lesz repülni a L-29 Delfin sugárhajtású repülőgépen!<br />
LI- 2 repülőgéppel Budaörs-Börgönd útvonalon nosztalgia járat indul a repülőnapra melyre korlátozott számban lehet jelentkezni.<br />
<a href="http://www.slclub.hu/wp-content/uploads/2014/08/albatros_n.jpg"><img loading="lazy" decoding="async" src="http://www.slclub.hu/wp-content/uploads/2014/08/albatros_n-150x150.jpg" alt="albatros_n" width="150" height="150" class="alignnone size-thumbnail wp-image-589" /></a></p>
<p><strong>2014.10.11. Székesfehérvári Mini Tali</strong><br />
Találkozás 18-kor a Nagy Tesconál</p>
<p><strong><br />
2014.10.25. 3. Suzuki és Márkafüggetlen autós Találkozó</strong></p>
<p>Suzuki és autó független találkozó a Camponánál idén utoljára 13:00-tól 16:00-ig.<br />
<a href="http://www.slclub.hu/wp-content/uploads/2014/08/szépség.png"><img loading="lazy" decoding="async" src="http://www.slclub.hu/wp-content/uploads/2014/08/szépség-150x150.png" alt="szépség" width="150" height="150" class="alignnone size-thumbnail wp-image-741" /></a></p>

<p>2014.01.11.Campona SLC Minitali 2014.03.01. Váci Évadnyitó találkozó Mindenkit sok szeretettel várunk, hívjátok meg barátaitokat, ismerőseiteket! A Váci tanpálya kipróbálása, és város sétáló utcáján a Duna partra való kitekintés. Kedves Clubtársak 11:00-11:30-kor Érden a Tesconál a gyülekező és indulunk Vácra. 2014.03.30.Érdi Találkozó 2014.04.12 Csókakő Várlátogatás . Találkozás, a Tesco előtt 10:00 órakor és onnan indulunk Csókakőre, &hellip; <a href="https://www.slclub.hu/?page_id=115" class="more-link"><span class="screen-reader-text">2014</span> bővebben&#8230; <span class="meta-nav">&rarr;</span></a></p>
