{"id":1178,"date":"2015-02-05T19:26:09","date_gmt":"2015-02-05T18:26:09","guid":{"rendered":"http:\/\/www.slclub.hu\/?page_id=1178"},"modified":"2017-07-19T07:48:26","modified_gmt":"2017-07-19T05:48:26","slug":"huto-magnes","status":"publish","type":"page","link":"https:\/\/www.slclub.hu\/?page_id=1178","title":{"rendered":"H\u0171t\u0151 m\u00e1gnes"},"content":{"rendered":"<p><strong>H\u0171t\u0151 m\u00e1gnes 6,5x9cm 590.- ft<\/strong><\/p>\n<p><a href=\"http:\/\/www.slclub.hu\/wp-content\/uploads\/2015\/02\/H\u00fct\u0151m\u00e1gnes.jpg\"><img loading=\"lazy\" decoding=\"async\" src=\"http:\/\/www.slclub.hu\/wp-content\/uploads\/2015\/02\/H\u00fct\u0151m\u00e1gnes-150x150.jpg\" alt=\"H\u00fct\u0151m\u00e1gnes\" width=\"150\" height=\"150\" class=\"alignnone size-thumbnail wp-image-1179\" \/><\/a><\/p>\n","protected":false},"excerpt":{"rendered":"<p>H\u0171t\u0151 m\u00e1gnes 6,5x9cm 590.- ft<\/p>\n","protected":false},"author":1,"featured_media":0,"parent":0,"menu_order":0,"comment_status":"open","ping_status":"open","template":"","meta":{"footnotes":""},"class_list":["post-1178","page","type-page","status-publish","hentry"],"_links":{"self":[{"href":"https:\/\/www.slclub.hu\/index.php?rest_route=\/wp\/v2\/pages\/1178","targetHints":{"allow":["GET"]}}],"collection":[{"href":"https:\/\/www.slclub.hu\/index.php?rest_route=\/wp\/v2\/pages"}],"about":[{"href":"https:\/\/www.slclub.hu\/index.php?rest_route=\/wp\/v2\/types\/page"}],"author":[{"embeddable":true,"href":"https:\/\/www.slclub.hu\/index.php?rest_route=\/wp\/v2\/users\/1"}],"replies":[{"embeddable":true,"href":"https:\/\/www.slclub.hu\/index.php?rest_route=%2Fwp%2Fv2%2Fcomments&post=1178"}],"version-history":[{"count":3,"href":"https:\/\/www.slclub.hu\/index.php?rest_route=\/wp\/v2\/pages\/1178\/revisions"}],"predecessor-version":[{"id":2486,"href":"https:\/\/www.slclub.hu\/index.php?rest_route=\/wp\/v2\/pages\/1178\/revisions\/2486"}],"wp:attachment":[{"href":"https:\/\/www.slclub.hu\/index.php?rest_route=%2Fwp%2Fv2%2Fmedia&parent=1178"}],"curies":[{"name":"wp","href":"https:\/\/api.w.org\/{rel}","templated":true}]}}