{"id":1409,"date":"2015-03-31T15:41:00","date_gmt":"2015-03-31T13:41:00","guid":{"rendered":"http:\/\/www.slclub.hu\/?page_id=1409"},"modified":"2025-10-01T12:25:24","modified_gmt":"2025-10-01T10:25:24","slug":"kezdolap","status":"publish","type":"page","link":"https:\/\/www.slclub.hu\/","title":{"rendered":"Legfrissebb h\u00edreink:"},"content":{"rendered":"<p><strong><br \/>Egy \u00c9rz\u00e9s Ami, \u00d6sszek\u00f6t&#8230;&#8230;<\/strong><\/p>\n<p><iframe loading=\"lazy\" title=\"III. Budakeszi Retro Aut\u00f3stal\u00e1lkoz\u00f3\" width=\"474\" height=\"267\" src=\"https:\/\/www.youtube.com\/embed\/13L5tWQun0Y?feature=oembed\" frameborder=\"0\" allow=\"accelerometer; autoplay; clipboard-write; encrypted-media; gyroscope; picture-in-picture; web-share\" referrerpolicy=\"strict-origin-when-cross-origin\" allowfullscreen><\/iframe><\/p>\n<p><iframe loading=\"lazy\" title=\"II. Budakeszi Retro Aut\u00f3s Tal\u00e1lkoz\u00f3\" width=\"474\" height=\"267\" src=\"https:\/\/www.youtube.com\/embed\/VgVzZP_s0uQ?feature=oembed\" frameborder=\"0\" allow=\"accelerometer; autoplay; clipboard-write; encrypted-media; gyroscope; picture-in-picture; web-share\" referrerpolicy=\"strict-origin-when-cross-origin\" allowfullscreen><\/iframe><\/p>\n<p><iframe loading=\"lazy\" title=\"SLC - 13. Suzuki \u00e9s Aut\u00f3s Motoros Tal\u00e1lkoz\u00f3 Ercsiben\" width=\"474\" height=\"267\" src=\"https:\/\/www.youtube.com\/embed\/SgbiBZPIfaE?feature=oembed\" frameborder=\"0\" allow=\"accelerometer; autoplay; clipboard-write; encrypted-media; gyroscope; picture-in-picture; web-share\" referrerpolicy=\"strict-origin-when-cross-origin\" allowfullscreen><\/iframe><\/p>\n<p><iframe loading=\"lazy\" title=\"Ignis tal\u00e1lkoz\u00f3, m\u00e1rkaf\u00fcggetlen aut\u00f3s motoros nap a Duna-parton\" width=\"474\" height=\"267\" src=\"https:\/\/www.youtube.com\/embed\/nz5ez_SX6S0?feature=oembed\" frameborder=\"0\" allow=\"accelerometer; autoplay; clipboard-write; encrypted-media; gyroscope; picture-in-picture; web-share\" referrerpolicy=\"strict-origin-when-cross-origin\" allowfullscreen><\/iframe><\/p>\n<p><iframe loading=\"lazy\" title=\"VI. ERCSI AUT\u00d3 \u00c9S MOTOR &amp; 11. SUZUKI TAL\u00c1LKOZ\u00d3\" width=\"474\" height=\"267\" src=\"https:\/\/www.youtube.com\/embed\/gWCS3P62fYA?feature=oembed\" frameborder=\"0\" allow=\"accelerometer; autoplay; clipboard-write; encrypted-media; gyroscope; picture-in-picture; web-share\" referrerpolicy=\"strict-origin-when-cross-origin\" allowfullscreen><\/iframe><\/p>\n<p><iframe loading=\"lazy\" title=\"Ny\u00e1rpotl\u00f3 Aut\u00f3 Motor \u00e9s 10. Suzuki tal\u00e1lkoz\u00f3\" width=\"474\" height=\"267\" src=\"https:\/\/www.youtube.com\/embed\/uDI4WL-0mQU?feature=oembed\" frameborder=\"0\" allow=\"accelerometer; autoplay; clipboard-write; encrypted-media; gyroscope; picture-in-picture; web-share\" referrerpolicy=\"strict-origin-when-cross-origin\" allowfullscreen><\/iframe><\/p>\n<p><iframe loading=\"lazy\" title=\"M\u00e1r negyedik alkalommal tal\u00e1lkoztak a Suzuki m\u00e1rka rajong\u00f3i Ercsiben\" width=\"474\" height=\"267\" src=\"https:\/\/www.youtube.com\/embed\/7lExsYV6hTc?feature=oembed\" frameborder=\"0\" allow=\"accelerometer; autoplay; clipboard-write; encrypted-media; gyroscope; picture-in-picture; web-share\" referrerpolicy=\"strict-origin-when-cross-origin\" allowfullscreen><\/iframe><\/p>\n<p><iframe loading=\"lazy\" title=\"III. Aut\u00f3 \u00e9s Motor &amp; Suzuki Tal\u00e1lkoz\u00f3\" width=\"474\" height=\"267\" src=\"https:\/\/www.youtube.com\/embed\/sEeIW3ZBkLM?feature=oembed\" frameborder=\"0\" allow=\"accelerometer; autoplay; clipboard-write; encrypted-media; gyroscope; picture-in-picture; web-share\" referrerpolicy=\"strict-origin-when-cross-origin\" allowfullscreen><\/iframe><\/p>\n\n\n<p><\/p>\n\n\n\n<figure class=\"wp-block-embed is-type-video is-provider-youtube wp-block-embed-youtube wp-embed-aspect-16-9 wp-has-aspect-ratio\"><div class=\"wp-block-embed__wrapper\">\n<iframe loading=\"lazy\" title=\"II. Ercsi Aut\u00f3 \u00e9s Motor Tal\u00e1lkoz\u00f3\" width=\"474\" height=\"267\" src=\"https:\/\/www.youtube.com\/embed\/7ivnRq8U9xc?start=185&#038;feature=oembed\" frameborder=\"0\" allow=\"accelerometer; autoplay; clipboard-write; encrypted-media; gyroscope; picture-in-picture; web-share\" referrerpolicy=\"strict-origin-when-cross-origin\" allowfullscreen><\/iframe>\n<\/div><\/figure>\n\n\n\n<figure class=\"wp-block-embed is-type-video is-provider-youtube wp-block-embed-youtube wp-embed-aspect-16-9 wp-has-aspect-ratio\"><div class=\"wp-block-embed__wrapper\">\n<iframe loading=\"lazy\" title=\"2016.07.23. I.Ercsi Aut\u00f3 \u00e9s Motor Tal\u00e1lkoz\u00f3 \u00e9s 6.Suzuki Tal\u00e1lkoz\u00f3\" width=\"474\" height=\"267\" src=\"https:\/\/www.youtube.com\/embed\/JcMNSLhMuAc?start=27&#038;feature=oembed\" frameborder=\"0\" allow=\"accelerometer; autoplay; clipboard-write; encrypted-media; gyroscope; picture-in-picture; web-share\" referrerpolicy=\"strict-origin-when-cross-origin\" allowfullscreen><\/iframe>\n<\/div><\/figure>\n","protected":false},"excerpt":{"rendered":"<p>Egy \u00c9rz\u00e9s Ami, \u00d6sszek\u00f6t&#8230;&#8230;<\/p>\n","protected":false},"author":1,"featured_media":0,"parent":0,"menu_order":0,"comment_status":"closed","ping_status":"closed","template":"","meta":{"footnotes":""},"class_list":["post-1409","page","type-page","status-publish","hentry"],"_links":{"self":[{"href":"https:\/\/www.slclub.hu\/index.php?rest_route=\/wp\/v2\/pages\/1409","targetHints":{"allow":["GET"]}}],"collection":[{"href":"https:\/\/www.slclub.hu\/index.php?rest_route=\/wp\/v2\/pages"}],"about":[{"href":"https:\/\/www.slclub.hu\/index.php?rest_route=\/wp\/v2\/types\/page"}],"author":[{"embeddable":true,"href":"https:\/\/www.slclub.hu\/index.php?rest_route=\/wp\/v2\/users\/1"}],"replies":[{"embeddable":true,"href":"https:\/\/www.slclub.hu\/index.php?rest_route=%2Fwp%2Fv2%2Fcomments&post=1409"}],"version-history":[{"count":44,"href":"https:\/\/www.slclub.hu\/index.php?rest_route=\/wp\/v2\/pages\/1409\/revisions"}],"predecessor-version":[{"id":6138,"href":"https:\/\/www.slclub.hu\/index.php?rest_route=\/wp\/v2\/pages\/1409\/revisions\/6138"}],"wp:attachment":[{"href":"https:\/\/www.slclub.hu\/index.php?rest_route=%2Fwp%2Fv2%2Fmedia&parent=1409"}],"curies":[{"name":"wp","href":"https:\/\/api.w.org\/{rel}","templated":true}]}}