{"id":2279,"date":"2017-01-14T20:28:44","date_gmt":"2017-01-14T19:28:44","guid":{"rendered":"http:\/\/www.slclub.hu\/?page_id=2279"},"modified":"2017-10-24T19:40:21","modified_gmt":"2017-10-24T17:40:21","slug":"2017-2","status":"publish","type":"page","link":"https:\/\/www.slclub.hu\/?page_id=2279","title":{"rendered":"2017"},"content":{"rendered":"<p><strong>2017.02.12. Sz\u00fclinapi Tal\u00e1lkoz\u00f3<\/strong><br \/>\n11:00-15:00-ig<br \/>\nTal\u00e1lkoz\u00e1s 10:45-11:00 k\u00f6z\u00f6tt az \u00c9rdi Tescon\u00e1l<br \/>\nKorl\u00e1tlan \u00c9telfogyaszt\u00e1s 1250.Ft<br \/>\nTekep\u00e1lya 1.600.- Ft\/\u00f3ra\/p\u00e1lya<br \/>\nwww.klubsiraly.hu<\/p>\n<p><strong>2017.03.24. Suzuki Gy\u00e1rl\u00e1togat\u00e1s <\/strong><br \/>\nAz \u00e9rdekl\u0151d\u0151 csoportok maxim\u00e1lis l\u00e9tsz\u00e1ma 60 f\u0151 (5x12F\u0151) lehet, e f\u00f6l\u00f6tt k\u00e9t csoportnak tekintj\u00fck a jelentkez\u0151ket. 14 \u00e9ven aluliak a szerel\u0151 \u00fczemet n\u00e9zhetik meg, a t\u00fara id\u0151tartama ebben az esetben 45 perc, 14 \u00e9ven fel\u00fcliek a pr\u00e9s-, hegeszt\u0151- \u00e9s szerel\u0151\u00fczemet j\u00e1rj\u00e1k be, aminek az id\u0151tartama 1,5 \u00f3ra.<br \/>\nA gy\u00e1rl\u00e1togat\u00e1sra \u00e9rkez\u0151knek \u2013 az id\u0151j\u00e1r\u00e1si viszonyokt\u00f3l f\u00fcggetlen\u00fcl \u2013 az al\u00e1bbi \u00f6lt\u00f6zetet kell viselni\u00fck: z\u00e1rt cip\u0151, hossz\u00fanadr\u00e1g, hossz\u00fa ujj\u00fa fels\u0151. A mell\u00e9kelt Bel\u00e9p\u0151lap kit\u00f6lt\u00e9se \u00e9s \u00e9rkez\u00e9skori lead\u00e1sa a szem\u00e9lyport\u00e1n k\u00f6telez\u0151.<\/p>\n<p>A gy\u00e1rl\u00e1togat\u00e1snak d\u00edja nincs.<\/p>\n<p><strong><br \/>\n2017.04.02.J\u00f3t\u00e9konys\u00e1gi Suzuki \u00e9s M\u00e1rkaf\u00fcggetlen Aut\u00f3s Tal\u00e1lkoz\u00f3<\/strong><br \/>\nSz\u00e9kesfeh\u00e9rv\u00e1ri Tesco parkol\u00f3 10:00<br \/>\nEls\u0151dlegesen 134-140 [8-10 \u00e9v] m\u00e9rett\u0151l felfel\u00e9 minden fajta ruh\u00e1ra lenne sz\u00fcks\u00e9g\u00fck. K\u00f6sz\u00f6nik el\u0151re is.<\/p>\n<p><strong>2017.07.22. II.ERCSI AUT\u00d3S \u2013 MOTOROS TAL\u00c1LKOZ\u00d3!<\/strong><br \/>\nErcsi Duna-part<br \/>\nSzeretettel v\u00e1runk kicsit \u00e9s nagyot, aut\u00f3st \u00e9s motorost az ercsi Dunaparton megrendezend\u0151 esem\u00e9ny\u00fcnk\u00f6n!<br \/>\nA rendezv\u00e9nnyel egy id\u0151ben egyes\u00fclet\u00fcnk megrendezi a 7. Suzuki m\u00e1rkatal\u00e1lkoz\u00f3t is. Term\u00e9szetesen, mint ahogy \u00edrtuk a rendezv\u00e9ny m\u00e1rkaf\u00fcggetlen, \u00edgy mindenki jelenl\u00e9t\u00e9re sz\u00e1m\u00edtunk.<br \/>\nEmeld te is a rendezv\u00e9ny f\u00e9ny\u00e9t k\u00fcl\u00f6nleges verd\u00e1ddal \u00e9s egy \u00e9lm\u00e9nyekkel d\u00fas, p\u00f6rg\u0151s napot hagyjunk magunk m\u00f6g\u00f6tt!<br \/>\nBel\u00e9p\u0151: feln\u0151tt<br \/>\nel\u0151v\u00e9telben 950 .-<br \/>\nhelysz\u00ednen 1.200.-<br \/>\ngyermek<br \/>\nel\u0151v\u00e9telben 400.-<br \/>\nhelysz\u00ednen 450.-<br \/>\nCsak a koncertre 700.- (aki az aut\u00f3s tal\u00e1lkoz\u00f3ra nem j\u00f6nne, csak a d\u00e9lut\u00e1ni koncertre)<br \/>\nTerm\u00e9szetesen gondolunk az ercsi lakoss\u00e1gra is:<br \/>\nErcsi lakc\u00edmk\u00e1rtya felmutat\u00e1s\u00e1val 300.-<br \/>\nProgramok:<br \/>\n&#8211; Aut\u00f3s \u00e9s motoros sz\u00e9ps\u00e9gverseny Tuning, Originali, Street \u00e9s Show kateg\u00f3ria<br \/>\n&#8211; Aut\u00f3- motor kipufog\u00f3, hifi hangnyom\u00e1s verseny (Patricar.hu, ingyenes)<br \/>\n&#8211; Aut\u00f3s \u00fcgyess\u00e9gi verseny<br \/>\n&#8211; Aut\u00f3s limb\u00f3<br \/>\n&#8211; Felnikiemel\u0151 verseny<br \/>\n&#8211; Kv\u00edzk\u00e9rd\u00e9sek<br \/>\n&#8211; Motorcs\u00f3nak bemutat\u00f3<br \/>\n&#8211; Tombola<br \/>\n&#8211; Koncertek:<br \/>\n\u2013 Romantikus Er\u0151szak(http:\/\/www.romantikuseroszak.hu\/)<br \/>\n\u2013 Tur\u00e1n(http:\/\/turanzenekar.uw.hu\/)<\/p>\n<p>Napk\u00f6zben sz\u00ednpadi programok:<br \/>\n-zumba<br \/>\n-Eg\u00e9szs\u00e9ges \u00c9letm\u00f3d Egyes\u00fclet t\u00e1nca<br \/>\n-R\u00e1ckereszt\u00fari Dar\u00e1zsder\u00e9k T\u00e1ncegy\u00fcttes<br \/>\n-Zorica T\u00e1ncegy\u00fcttes<\/p>\n<p>Eg\u00e9sz napos programok:<br \/>\n&#8211; Ugr\u00e1l\u00f3v\u00e1r, L\u00e9gv\u00e1r kicsiknek<br \/>\n&#8211; \u00c1rp\u00e1d Nemzets\u00e9g Hagyom\u00e1ny\u0151rz\u0151 \u00e9s k\u00e9zm\u0171ves Egyes\u00fclet \u00e9s az<br \/>\nErcsi Hagyom\u00e1ny\u0151rz\u0151k \u00edj\u00e1sz bemutat\u00f3ja<\/p>\n<p><strong>2017.08.11-13. 3.Suzuki T\u00e1bor Orf\u0171<\/strong><br \/>\nPanor\u00e1ma Camping Orf\u0171<br \/>\nLehet\u0151s\u00e9gek az akt\u00edv kikapcsol\u00f3d\u00e1sra v\u00e1gy\u00f3knak:<br \/>\n-fizet\u0151s strand, 200m http:\/\/orfu-aquapark.hu\/<br \/>\n-szabadstrand 2km<br \/>\n-kil\u00e1t\u00f3 4km<br \/>\n-Abaligeti cseppk\u0151barlang 4km http:\/\/www.abaligetibarlang.hu\/<br \/>\n-Hertelendi term\u00e1lf\u00fcrd\u0151 8km http:\/\/www.hertelenditermal.hu\/<br \/>\n-t\u00e9v\u00e9torony 16km http:\/\/www.tvtoronypecs.hu\/<br \/>\n-P\u00e9cs 18km<br \/>\n-Sikl\u00f3si v\u00e1r 50km http:\/\/www.siklosivar.hu<br \/>\nA programok \u00fagy alakulnak hogy 10 \u00f3rakor gy\u00fclekez\u0151 a pl\u00e1za parkol\u00f3ban majd k\u00f6z\u00f6sen vonulunk fel a campinghez. K\u00f6z\u00f6s bogr\u00e1csoz\u00e1s grillez\u00e9s,P\u00f3ker \u00e9s egy kis retro disco vas\u00e1rnap v\u00e1rl\u00e1togat\u00e1s.<\/p>\n<p><strong>2017.10.21.Suzuki \u00e9s M\u00e1rkaf\u00fcggetlen Tal\u00e1lkoz\u00f3 Campona<\/strong><\/p>\n<p>10:00-kor a Campona melletti parkokban tal\u00e1lkozunk.<\/p>\n<p>12:00-kor Zsiroskeny\u00e9r parti \u00e9s ut\u00e1na 13:00-kor konvoj a Savoya park melletti Duna partra.<\/p>\n<p>&nbsp;<\/p>\n<p id=\"seo_h1_tag\" class=\"_5gmx\" data-testid=\"event-permalink-event-name\"><strong>J\u00f3t\u00e9konys\u00e1gi Suzuki \u00e9s M\u00e1rkaf\u00fcggetlen Aut\u00f3s Tal\u00e1lkoz\u00f3<\/strong><\/p>\n<p data-testid=\"event-permalink-event-name\">10:00 Kor gy\u00fclekez\u0151 a Sz\u00e9kesfeh\u00e9rv\u00e1ri Aszalv\u00f6lgyi \u00fat 1 Tescon\u00e1l<\/p>\n<p data-testid=\"event-permalink-event-name\">Polg\u00e1rdi Gyerekotthon amit sz\u00edves\u00e9n \u00e9s k\u00f6sz\u00f6nettel fogadnak:<br \/>\n-\u00c1gynem\u0171 huzat \u00e9s leped\u0151<br \/>\n-T\u00f6r\u00f6lk\u00f6z\u0151 Tusf\u00fcrd\u0151 Sampon \u00e9s Dezodor<br \/>\n-Nedves t\u00f6rl\u0151kend\u0151<br \/>\n-T\u00e9li ruh\u00e1zat(T\u00e1li cip\u0151, kab\u00e1t is ha van)<br \/>\n-H\u00e1ztart\u00e1si keksz<\/p>\n","protected":false},"excerpt":{"rendered":"<p>2017.02.12. Sz\u00fclinapi Tal\u00e1lkoz\u00f3 11:00-15:00-ig Tal\u00e1lkoz\u00e1s 10:45-11:00 k\u00f6z\u00f6tt az \u00c9rdi Tescon\u00e1l Korl\u00e1tlan \u00c9telfogyaszt\u00e1s 1250.Ft Tekep\u00e1lya 1.600.- Ft\/\u00f3ra\/p\u00e1lya www.klubsiraly.hu 2017.03.24. Suzuki Gy\u00e1rl\u00e1togat\u00e1s Az \u00e9rdekl\u0151d\u0151 csoportok maxim\u00e1lis l\u00e9tsz\u00e1ma 60 f\u0151 (5x12F\u0151) lehet, e f\u00f6l\u00f6tt k\u00e9t csoportnak tekintj\u00fck a jelentkez\u0151ket. 14 \u00e9ven aluliak a szerel\u0151 \u00fczemet n\u00e9zhetik meg, a t\u00fara id\u0151tartama ebben az esetben 45 perc, 14 \u00e9ven fel\u00fcliek &hellip; <a href=\"https:\/\/www.slclub.hu\/?page_id=2279\" class=\"more-link\"><span class=\"screen-reader-text\">2017<\/span> b\u0151vebben&#8230; <span class=\"meta-nav\">&rarr;<\/span><\/a><\/p>\n","protected":false},"author":1,"featured_media":0,"parent":0,"menu_order":0,"comment_status":"closed","ping_status":"closed","template":"","meta":{"footnotes":""},"class_list":["post-2279","page","type-page","status-publish","hentry"],"_links":{"self":[{"href":"https:\/\/www.slclub.hu\/index.php?rest_route=\/wp\/v2\/pages\/2279","targetHints":{"allow":["GET"]}}],"collection":[{"href":"https:\/\/www.slclub.hu\/index.php?rest_route=\/wp\/v2\/pages"}],"about":[{"href":"https:\/\/www.slclub.hu\/index.php?rest_route=\/wp\/v2\/types\/page"}],"author":[{"embeddable":true,"href":"https:\/\/www.slclub.hu\/index.php?rest_route=\/wp\/v2\/users\/1"}],"replies":[{"embeddable":true,"href":"https:\/\/www.slclub.hu\/index.php?rest_route=%2Fwp%2Fv2%2Fcomments&post=2279"}],"version-history":[{"count":13,"href":"https:\/\/www.slclub.hu\/index.php?rest_route=\/wp\/v2\/pages\/2279\/revisions"}],"predecessor-version":[{"id":2645,"href":"https:\/\/www.slclub.hu\/index.php?rest_route=\/wp\/v2\/pages\/2279\/revisions\/2645"}],"wp:attachment":[{"href":"https:\/\/www.slclub.hu\/index.php?rest_route=%2Fwp%2Fv2%2Fmedia&parent=2279"}],"curies":[{"name":"wp","href":"https:\/\/api.w.org\/{rel}","templated":true}]}}

<p><strong>2017.02.12. Szülinapi Találkozó</strong><br />
11:00-15:00-ig<br />
Találkozás 10:45-11:00 között az Érdi Tesconál<br />
Korlátlan Ételfogyasztás 1250.Ft<br />
Tekepálya 1.600.- Ft/óra/pálya<br />
www.klubsiraly.hu</p>
<p><strong>2017.03.24. Suzuki Gyárlátogatás </strong><br />
Az érdeklődő csoportok maximális létszáma 60 fő (5x12Fő) lehet, e fölött két csoportnak tekintjük a jelentkezőket. 14 éven aluliak a szerelő üzemet nézhetik meg, a túra időtartama ebben az esetben 45 perc, 14 éven felüliek a prés-, hegesztő- és szerelőüzemet járják be, aminek az időtartama 1,5 óra.<br />
A gyárlátogatásra érkezőknek – az időjárási viszonyoktól függetlenül – az alábbi öltözetet kell viselniük: zárt cipő, hosszúnadrág, hosszú ujjú felső. A mellékelt Belépőlap kitöltése és érkezéskori leadása a személyportán kötelező.</p>
<p>A gyárlátogatásnak díja nincs.</p>
<p><strong><br />
2017.04.02.Jótékonysági Suzuki és Márkafüggetlen Autós Találkozó</strong><br />
Székesfehérvári Tesco parkoló 10:00<br />
Elsődlegesen 134-140 [8-10 év] mérettől felfelé minden fajta ruhára lenne szükségük. Köszönik előre is.</p>
<p><strong>2017.07.22. II.ERCSI AUTÓS – MOTOROS TALÁLKOZÓ!</strong><br />
Ercsi Duna-part<br />
Szeretettel várunk kicsit és nagyot, autóst és motorost az ercsi Dunaparton megrendezendő eseményünkön!<br />
A rendezvénnyel egy időben egyesületünk megrendezi a 7. Suzuki márkatalálkozót is. Természetesen, mint ahogy írtuk a rendezvény márkafüggetlen, így mindenki jelenlétére számítunk.<br />
Emeld te is a rendezvény fényét különleges verdáddal és egy élményekkel dús, pörgős napot hagyjunk magunk mögött!<br />
Belépő: felnőtt<br />
elővételben 950 .-<br />
helyszínen 1.200.-<br />
gyermek<br />
elővételben 400.-<br />
helyszínen 450.-<br />
Csak a koncertre 700.- (aki az autós találkozóra nem jönne, csak a délutáni koncertre)<br />
Természetesen gondolunk az ercsi lakosságra is:<br />
Ercsi lakcímkártya felmutatásával 300.-<br />
Programok:<br />
&#8211; Autós és motoros szépségverseny Tuning, Originali, Street és Show kategória<br />
&#8211; Autó- motor kipufogó, hifi hangnyomás verseny (Patricar.hu, ingyenes)<br />
&#8211; Autós ügyességi verseny<br />
&#8211; Autós limbó<br />
&#8211; Felnikiemelő verseny<br />
&#8211; Kvízkérdések<br />
&#8211; Motorcsónak bemutató<br />
&#8211; Tombola<br />
&#8211; Koncertek:<br />
– Romantikus Erőszak(http://www.romantikuseroszak.hu/)<br />
– Turán(http://turanzenekar.uw.hu/)</p>
<p>Napközben színpadi programok:<br />
-zumba<br />
-Egészséges Életmód Egyesület tánca<br />
-Ráckeresztúri Darázsderék Táncegyüttes<br />
-Zorica Táncegyüttes</p>
<p>Egész napos programok:<br />
&#8211; Ugrálóvár, Légvár kicsiknek<br />
&#8211; Árpád Nemzetség Hagyományőrző és kézműves Egyesület és az<br />
Ercsi Hagyományőrzők íjász bemutatója</p>
<p><strong>2017.08.11-13. 3.Suzuki Tábor Orfű</strong><br />
Panoráma Camping Orfű<br />
Lehetőségek az aktív kikapcsolódásra vágyóknak:<br />
-fizetős strand, 200m http://orfu-aquapark.hu/<br />
-szabadstrand 2km<br />
-kilátó 4km<br />
-Abaligeti cseppkőbarlang 4km http://www.abaligetibarlang.hu/<br />
-Hertelendi termálfürdő 8km http://www.hertelenditermal.hu/<br />
-tévétorony 16km http://www.tvtoronypecs.hu/<br />
-Pécs 18km<br />
-Siklósi vár 50km http://www.siklosivar.hu<br />
A programok úgy alakulnak hogy 10 órakor gyülekező a pláza parkolóban majd közösen vonulunk fel a campinghez. Közös bográcsozás grillezés,Póker és egy kis retro disco vasárnap várlátogatás.</p>
<p><strong>2017.10.21.Suzuki és Márkafüggetlen Találkozó Campona</strong></p>
<p>10:00-kor a Campona melletti parkokban találkozunk.</p>
<p>12:00-kor Zsiroskenyér parti és utána 13:00-kor konvoj a Savoya park melletti Duna partra.</p>
<p>&nbsp;</p>
<p id="seo_h1_tag" class="_5gmx" data-testid="event-permalink-event-name"><strong>Jótékonysági Suzuki és Márkafüggetlen Autós Találkozó</strong></p>
<p data-testid="event-permalink-event-name">10:00 Kor gyülekező a Székesfehérvári Aszalvölgyi út 1 Tesconál</p>
<p data-testid="event-permalink-event-name">Polgárdi Gyerekotthon amit szívesén és köszönettel fogadnak:<br />
-Ágynemű huzat és lepedő<br />
-Törölköző Tusfürdő Sampon és Dezodor<br />
-Nedves törlőkendő<br />
-Téli ruházat(Táli cipő, kabát is ha van)<br />
-Háztartási keksz</p>

<p>2017.02.12. Szülinapi Találkozó 11:00-15:00-ig Találkozás 10:45-11:00 között az Érdi Tesconál Korlátlan Ételfogyasztás 1250.Ft Tekepálya 1.600.- Ft/óra/pálya www.klubsiraly.hu 2017.03.24. Suzuki Gyárlátogatás Az érdeklődő csoportok maximális létszáma 60 fő (5x12Fő) lehet, e fölött két csoportnak tekintjük a jelentkezőket. 14 éven aluliak a szerelő üzemet nézhetik meg, a túra időtartama ebben az esetben 45 perc, 14 éven felüliek &hellip; <a href="https://www.slclub.hu/?page_id=2279" class="more-link"><span class="screen-reader-text">2017</span> bővebben&#8230; <span class="meta-nav">&rarr;</span></a></p>
