{"id":2297,"date":"2017-02-17T08:38:46","date_gmt":"2017-02-17T07:38:46","guid":{"rendered":"http:\/\/www.slclub.hu\/?page_id=2297"},"modified":"2017-02-17T08:46:41","modified_gmt":"2017-02-17T07:46:41","slug":"2017-02-12-slc-4-szulinapi-talalkozoja","status":"publish","type":"page","link":"https:\/\/www.slclub.hu\/?page_id=2297","title":{"rendered":"2017.02.12. SLC 4. Sz\u00fclinapi Tal\u00e1lkoz\u00f3ja"},"content":{"rendered":"<p><a href=\"http:\/\/www.slclub.hu\/wp-content\/uploads\/2017\/02\/IMG_20170212_104101.jpg\"><img loading=\"lazy\" decoding=\"async\" src=\"http:\/\/www.slclub.hu\/wp-content\/uploads\/2017\/02\/IMG_20170212_104101-1024x576.jpg\" alt=\"\" width=\"474\" height=\"267\" class=\"aligncenter size-large wp-image-2300\" srcset=\"https:\/\/www.slclub.hu\/wp-content\/uploads\/2017\/02\/IMG_20170212_104101-1024x576.jpg 1024w, https:\/\/www.slclub.hu\/wp-content\/uploads\/2017\/02\/IMG_20170212_104101-300x169.jpg 300w, https:\/\/www.slclub.hu\/wp-content\/uploads\/2017\/02\/IMG_20170212_104101-768x432.jpg 768w\" sizes=\"auto, (max-width: 474px) 100vw, 474px\" \/><\/a><\/p>\n<p><a href=\"http:\/\/www.slclub.hu\/wp-content\/uploads\/2017\/02\/IMG_20170212_111706.jpg\"><img loading=\"lazy\" decoding=\"async\" src=\"http:\/\/www.slclub.hu\/wp-content\/uploads\/2017\/02\/IMG_20170212_111706-1024x576.jpg\" alt=\"\" width=\"474\" height=\"267\" class=\"aligncenter size-large wp-image-2301\" srcset=\"https:\/\/www.slclub.hu\/wp-content\/uploads\/2017\/02\/IMG_20170212_111706-1024x576.jpg 1024w, https:\/\/www.slclub.hu\/wp-content\/uploads\/2017\/02\/IMG_20170212_111706-300x169.jpg 300w, https:\/\/www.slclub.hu\/wp-content\/uploads\/2017\/02\/IMG_20170212_111706-768x432.jpg 768w\" sizes=\"auto, (max-width: 474px) 100vw, 474px\" \/><\/a><\/p>\n<p><a href=\"http:\/\/www.slclub.hu\/wp-content\/uploads\/2017\/02\/IMG_20170212_112447.jpg\"><img loading=\"lazy\" decoding=\"async\" src=\"http:\/\/www.slclub.hu\/wp-content\/uploads\/2017\/02\/IMG_20170212_112447.jpg\" alt=\"\" width=\"474\" height=\"632\" class=\"aligncenter size-large wp-image-2302\" srcset=\"https:\/\/www.slclub.hu\/wp-content\/uploads\/2017\/02\/IMG_20170212_112447.jpg 720w, https:\/\/www.slclub.hu\/wp-content\/uploads\/2017\/02\/IMG_20170212_112447-225x300.jpg 225w\" sizes=\"auto, (max-width: 474px) 100vw, 474px\" \/><\/a><\/p>\n<p><a href=\"http:\/\/www.slclub.hu\/wp-content\/uploads\/2017\/02\/IMG_20170212_112742.jpg\"><img loading=\"lazy\" decoding=\"async\" src=\"http:\/\/www.slclub.hu\/wp-content\/uploads\/2017\/02\/IMG_20170212_112742-1024x576.jpg\" alt=\"\" width=\"474\" height=\"267\" class=\"aligncenter size-large wp-image-2303\" srcset=\"https:\/\/www.slclub.hu\/wp-content\/uploads\/2017\/02\/IMG_20170212_112742-1024x576.jpg 1024w, https:\/\/www.slclub.hu\/wp-content\/uploads\/2017\/02\/IMG_20170212_112742-300x169.jpg 300w, https:\/\/www.slclub.hu\/wp-content\/uploads\/2017\/02\/IMG_20170212_112742-768x432.jpg 768w\" sizes=\"auto, (max-width: 474px) 100vw, 474px\" \/><\/a><\/p>\n<p><a href=\"http:\/\/www.slclub.hu\/wp-content\/uploads\/2017\/02\/IMG_20170212_114216.jpg\"><img loading=\"lazy\" decoding=\"async\" src=\"http:\/\/www.slclub.hu\/wp-content\/uploads\/2017\/02\/IMG_20170212_114216-1024x576.jpg\" alt=\"\" width=\"474\" height=\"267\" class=\"aligncenter size-large wp-image-2304\" srcset=\"https:\/\/www.slclub.hu\/wp-content\/uploads\/2017\/02\/IMG_20170212_114216-1024x576.jpg 1024w, https:\/\/www.slclub.hu\/wp-content\/uploads\/2017\/02\/IMG_20170212_114216-300x169.jpg 300w, https:\/\/www.slclub.hu\/wp-content\/uploads\/2017\/02\/IMG_20170212_114216-768x432.jpg 768w\" sizes=\"auto, (max-width: 474px) 100vw, 474px\" \/><\/a><\/p>\n<p><a href=\"http:\/\/www.slclub.hu\/wp-content\/uploads\/2017\/02\/IMG_20170212_114418.jpg\"><img loading=\"lazy\" decoding=\"async\" src=\"http:\/\/www.slclub.hu\/wp-content\/uploads\/2017\/02\/IMG_20170212_114418-1024x576.jpg\" alt=\"\" width=\"474\" height=\"267\" class=\"aligncenter size-large wp-image-2305\" srcset=\"https:\/\/www.slclub.hu\/wp-content\/uploads\/2017\/02\/IMG_20170212_114418-1024x576.jpg 1024w, https:\/\/www.slclub.hu\/wp-content\/uploads\/2017\/02\/IMG_20170212_114418-300x169.jpg 300w, https:\/\/www.slclub.hu\/wp-content\/uploads\/2017\/02\/IMG_20170212_114418-768x432.jpg 768w\" sizes=\"auto, (max-width: 474px) 100vw, 474px\" \/><\/a><\/p>\n<p><a href=\"http:\/\/www.slclub.hu\/wp-content\/uploads\/2017\/02\/IMG_20170212_114443.jpg\"><img loading=\"lazy\" decoding=\"async\" src=\"http:\/\/www.slclub.hu\/wp-content\/uploads\/2017\/02\/IMG_20170212_114443-1024x576.jpg\" alt=\"\" width=\"474\" height=\"267\" class=\"aligncenter size-large wp-image-2306\" srcset=\"https:\/\/www.slclub.hu\/wp-content\/uploads\/2017\/02\/IMG_20170212_114443-1024x576.jpg 1024w, https:\/\/www.slclub.hu\/wp-content\/uploads\/2017\/02\/IMG_20170212_114443-300x169.jpg 300w, https:\/\/www.slclub.hu\/wp-content\/uploads\/2017\/02\/IMG_20170212_114443-768x432.jpg 768w\" sizes=\"auto, (max-width: 474px) 100vw, 474px\" \/><\/a><\/p>\n<p><a href=\"http:\/\/www.slclub.hu\/wp-content\/uploads\/2017\/02\/IMG_20170212_125217.jpg\"><img loading=\"lazy\" decoding=\"async\" src=\"http:\/\/www.slclub.hu\/wp-content\/uploads\/2017\/02\/IMG_20170212_125217-1024x576.jpg\" alt=\"\" width=\"474\" height=\"267\" class=\"aligncenter size-large wp-image-2307\" srcset=\"https:\/\/www.slclub.hu\/wp-content\/uploads\/2017\/02\/IMG_20170212_125217-1024x576.jpg 1024w, https:\/\/www.slclub.hu\/wp-content\/uploads\/2017\/02\/IMG_20170212_125217-300x169.jpg 300w, https:\/\/www.slclub.hu\/wp-content\/uploads\/2017\/02\/IMG_20170212_125217-768x432.jpg 768w\" sizes=\"auto, (max-width: 474px) 100vw, 474px\" \/><\/a><\/p>\n<p><a href=\"http:\/\/www.slclub.hu\/wp-content\/uploads\/2017\/02\/IMG_20170212_125952.jpg\"><img loading=\"lazy\" decoding=\"async\" src=\"http:\/\/www.slclub.hu\/wp-content\/uploads\/2017\/02\/IMG_20170212_125952-1024x768.jpg\" alt=\"\" width=\"474\" height=\"356\" class=\"aligncenter size-large wp-image-2308\" srcset=\"https:\/\/www.slclub.hu\/wp-content\/uploads\/2017\/02\/IMG_20170212_125952-1024x768.jpg 1024w, https:\/\/www.slclub.hu\/wp-content\/uploads\/2017\/02\/IMG_20170212_125952-300x225.jpg 300w, https:\/\/www.slclub.hu\/wp-content\/uploads\/2017\/02\/IMG_20170212_125952-768x576.jpg 768w, https:\/\/www.slclub.hu\/wp-content\/uploads\/2017\/02\/IMG_20170212_125952.jpg 2048w\" sizes=\"auto, (max-width: 474px) 100vw, 474px\" \/><\/a><\/p>\n<p><a href=\"http:\/\/www.slclub.hu\/wp-content\/uploads\/2017\/02\/IMG_20170212_125953.jpg\"><img loading=\"lazy\" decoding=\"async\" src=\"http:\/\/www.slclub.hu\/wp-content\/uploads\/2017\/02\/IMG_20170212_125953-1024x575.jpg\" alt=\"\" width=\"474\" height=\"266\" class=\"aligncenter size-large wp-image-2309\" srcset=\"https:\/\/www.slclub.hu\/wp-content\/uploads\/2017\/02\/IMG_20170212_125953-1024x575.jpg 1024w, https:\/\/www.slclub.hu\/wp-content\/uploads\/2017\/02\/IMG_20170212_125953-300x168.jpg 300w, https:\/\/www.slclub.hu\/wp-content\/uploads\/2017\/02\/IMG_20170212_125953-768x431.jpg 768w, https:\/\/www.slclub.hu\/wp-content\/uploads\/2017\/02\/IMG_20170212_125953.jpg 2048w\" sizes=\"auto, (max-width: 474px) 100vw, 474px\" \/><\/a><\/p>\n<p><a href=\"http:\/\/www.slclub.hu\/wp-content\/uploads\/2017\/02\/IMG_20170212_130456.jpg\"><img loading=\"lazy\" decoding=\"async\" src=\"http:\/\/www.slclub.hu\/wp-content\/uploads\/2017\/02\/IMG_20170212_130456-1024x576.jpg\" alt=\"\" width=\"474\" height=\"267\" class=\"aligncenter size-large wp-image-2310\" srcset=\"https:\/\/www.slclub.hu\/wp-content\/uploads\/2017\/02\/IMG_20170212_130456-1024x576.jpg 1024w, https:\/\/www.slclub.hu\/wp-content\/uploads\/2017\/02\/IMG_20170212_130456-300x169.jpg 300w, https:\/\/www.slclub.hu\/wp-content\/uploads\/2017\/02\/IMG_20170212_130456-768x432.jpg 768w\" sizes=\"auto, (max-width: 474px) 100vw, 474px\" \/><\/a><\/p>\n<p><a href=\"http:\/\/www.slclub.hu\/wp-content\/uploads\/2017\/02\/IMG_20170212_131141.jpg\"><img loading=\"lazy\" decoding=\"async\" src=\"http:\/\/www.slclub.hu\/wp-content\/uploads\/2017\/02\/IMG_20170212_131141-1024x576.jpg\" alt=\"\" width=\"474\" height=\"267\" class=\"aligncenter size-large wp-image-2311\" srcset=\"https:\/\/www.slclub.hu\/wp-content\/uploads\/2017\/02\/IMG_20170212_131141-1024x576.jpg 1024w, https:\/\/www.slclub.hu\/wp-content\/uploads\/2017\/02\/IMG_20170212_131141-300x169.jpg 300w, https:\/\/www.slclub.hu\/wp-content\/uploads\/2017\/02\/IMG_20170212_131141-768x432.jpg 768w\" sizes=\"auto, (max-width: 474px) 100vw, 474px\" \/><\/a><\/p>\n<p><a href=\"http:\/\/www.slclub.hu\/wp-content\/uploads\/2017\/02\/IMG_20170212_131454.jpg\"><img loading=\"lazy\" decoding=\"async\" src=\"http:\/\/www.slclub.hu\/wp-content\/uploads\/2017\/02\/IMG_20170212_131454-1024x576.jpg\" alt=\"\" width=\"474\" height=\"267\" class=\"aligncenter size-large wp-image-2312\" srcset=\"https:\/\/www.slclub.hu\/wp-content\/uploads\/2017\/02\/IMG_20170212_131454-1024x576.jpg 1024w, https:\/\/www.slclub.hu\/wp-content\/uploads\/2017\/02\/IMG_20170212_131454-300x169.jpg 300w, https:\/\/www.slclub.hu\/wp-content\/uploads\/2017\/02\/IMG_20170212_131454-768x432.jpg 768w\" sizes=\"auto, (max-width: 474px) 100vw, 474px\" \/><\/a><\/p>\n<p><a href=\"http:\/\/www.slclub.hu\/wp-content\/uploads\/2017\/02\/IMG_20170212_131504.jpg\"><img loading=\"lazy\" decoding=\"async\" src=\"http:\/\/www.slclub.hu\/wp-content\/uploads\/2017\/02\/IMG_20170212_131504-1024x576.jpg\" alt=\"\" width=\"474\" height=\"267\" class=\"aligncenter size-large wp-image-2313\" srcset=\"https:\/\/www.slclub.hu\/wp-content\/uploads\/2017\/02\/IMG_20170212_131504-1024x576.jpg 1024w, https:\/\/www.slclub.hu\/wp-content\/uploads\/2017\/02\/IMG_20170212_131504-300x169.jpg 300w, https:\/\/www.slclub.hu\/wp-content\/uploads\/2017\/02\/IMG_20170212_131504-768x432.jpg 768w\" sizes=\"auto, (max-width: 474px) 100vw, 474px\" \/><\/a><\/p>\n<p><a href=\"http:\/\/www.slclub.hu\/wp-content\/uploads\/2017\/02\/IMG_20170212_131831.jpg\"><img loading=\"lazy\" decoding=\"async\" src=\"http:\/\/www.slclub.hu\/wp-content\/uploads\/2017\/02\/IMG_20170212_131831-576x1024.jpg\" alt=\"\" width=\"474\" height=\"843\" class=\"aligncenter size-large wp-image-2314\" srcset=\"https:\/\/www.slclub.hu\/wp-content\/uploads\/2017\/02\/IMG_20170212_131831-576x1024.jpg 576w, https:\/\/www.slclub.hu\/wp-content\/uploads\/2017\/02\/IMG_20170212_131831-169x300.jpg 169w, https:\/\/www.slclub.hu\/wp-content\/uploads\/2017\/02\/IMG_20170212_131831-768x1365.jpg 768w\" sizes=\"auto, (max-width: 474px) 100vw, 474px\" \/><\/a><\/p>\n<p><a href=\"http:\/\/www.slclub.hu\/wp-content\/uploads\/2017\/02\/IMG_20170212_132121.jpg\"><img loading=\"lazy\" decoding=\"async\" src=\"http:\/\/www.slclub.hu\/wp-content\/uploads\/2017\/02\/IMG_20170212_132121-1024x576.jpg\" alt=\"\" width=\"474\" height=\"267\" class=\"aligncenter size-large wp-image-2315\" srcset=\"https:\/\/www.slclub.hu\/wp-content\/uploads\/2017\/02\/IMG_20170212_132121-1024x576.jpg 1024w, https:\/\/www.slclub.hu\/wp-content\/uploads\/2017\/02\/IMG_20170212_132121-300x169.jpg 300w, https:\/\/www.slclub.hu\/wp-content\/uploads\/2017\/02\/IMG_20170212_132121-768x432.jpg 768w\" sizes=\"auto, (max-width: 474px) 100vw, 474px\" \/><\/a><\/p>\n<p><a href=\"http:\/\/www.slclub.hu\/wp-content\/uploads\/2017\/02\/IMG_20170212_133624.jpg\"><img loading=\"lazy\" decoding=\"async\" src=\"http:\/\/www.slclub.hu\/wp-content\/uploads\/2017\/02\/IMG_20170212_133624-1024x576.jpg\" alt=\"\" width=\"474\" height=\"267\" class=\"aligncenter size-large wp-image-2316\" srcset=\"https:\/\/www.slclub.hu\/wp-content\/uploads\/2017\/02\/IMG_20170212_133624-1024x576.jpg 1024w, https:\/\/www.slclub.hu\/wp-content\/uploads\/2017\/02\/IMG_20170212_133624-300x169.jpg 300w, https:\/\/www.slclub.hu\/wp-content\/uploads\/2017\/02\/IMG_20170212_133624-768x432.jpg 768w\" sizes=\"auto, (max-width: 474px) 100vw, 474px\" \/><\/a><\/p>\n<p><a href=\"http:\/\/www.slclub.hu\/wp-content\/uploads\/2017\/02\/IMG_20170212_134221.jpg\"><img loading=\"lazy\" decoding=\"async\" src=\"http:\/\/www.slclub.hu\/wp-content\/uploads\/2017\/02\/IMG_20170212_134221-1024x576.jpg\" alt=\"\" width=\"474\" height=\"267\" class=\"aligncenter size-large wp-image-2317\" srcset=\"https:\/\/www.slclub.hu\/wp-content\/uploads\/2017\/02\/IMG_20170212_134221-1024x576.jpg 1024w, https:\/\/www.slclub.hu\/wp-content\/uploads\/2017\/02\/IMG_20170212_134221-300x169.jpg 300w, https:\/\/www.slclub.hu\/wp-content\/uploads\/2017\/02\/IMG_20170212_134221-768x432.jpg 768w\" sizes=\"auto, (max-width: 474px) 100vw, 474px\" \/><\/a><\/p>\n<p><a href=\"http:\/\/www.slclub.hu\/wp-content\/uploads\/2017\/02\/IMG_20170212_134254.jpg\"><img loading=\"lazy\" decoding=\"async\" src=\"http:\/\/www.slclub.hu\/wp-content\/uploads\/2017\/02\/IMG_20170212_134254-1024x576.jpg\" alt=\"\" width=\"474\" height=\"267\" class=\"aligncenter size-large wp-image-2318\" srcset=\"https:\/\/www.slclub.hu\/wp-content\/uploads\/2017\/02\/IMG_20170212_134254-1024x576.jpg 1024w, https:\/\/www.slclub.hu\/wp-content\/uploads\/2017\/02\/IMG_20170212_134254-300x169.jpg 300w, https:\/\/www.slclub.hu\/wp-content\/uploads\/2017\/02\/IMG_20170212_134254-768x432.jpg 768w\" sizes=\"auto, (max-width: 474px) 100vw, 474px\" \/><\/a><\/p>\n<p><a href=\"http:\/\/www.slclub.hu\/wp-content\/uploads\/2017\/02\/IMG_20170212_134430.jpg\"><img loading=\"lazy\" decoding=\"async\" src=\"http:\/\/www.slclub.hu\/wp-content\/uploads\/2017\/02\/IMG_20170212_134430-1024x576.jpg\" alt=\"\" width=\"474\" height=\"267\" class=\"aligncenter size-large wp-image-2319\" srcset=\"https:\/\/www.slclub.hu\/wp-content\/uploads\/2017\/02\/IMG_20170212_134430-1024x576.jpg 1024w, https:\/\/www.slclub.hu\/wp-content\/uploads\/2017\/02\/IMG_20170212_134430-300x169.jpg 300w, https:\/\/www.slclub.hu\/wp-content\/uploads\/2017\/02\/IMG_20170212_134430-768x432.jpg 768w\" sizes=\"auto, (max-width: 474px) 100vw, 474px\" \/><\/a><\/p>\n<p><a href=\"http:\/\/www.slclub.hu\/wp-content\/uploads\/2017\/02\/IMG_20170212_140337.jpg\"><img loading=\"lazy\" decoding=\"async\" src=\"http:\/\/www.slclub.hu\/wp-content\/uploads\/2017\/02\/IMG_20170212_140337-1024x576.jpg\" alt=\"\" width=\"474\" height=\"267\" class=\"aligncenter size-large wp-image-2320\" srcset=\"https:\/\/www.slclub.hu\/wp-content\/uploads\/2017\/02\/IMG_20170212_140337-1024x576.jpg 1024w, https:\/\/www.slclub.hu\/wp-content\/uploads\/2017\/02\/IMG_20170212_140337-300x169.jpg 300w, https:\/\/www.slclub.hu\/wp-content\/uploads\/2017\/02\/IMG_20170212_140337-768x432.jpg 768w\" sizes=\"auto, (max-width: 474px) 100vw, 474px\" \/><\/a><\/p>\n<p><a href=\"http:\/\/www.slclub.hu\/wp-content\/uploads\/2017\/02\/IMG_20170212_141838.jpg\"><img loading=\"lazy\" decoding=\"async\" src=\"http:\/\/www.slclub.hu\/wp-content\/uploads\/2017\/02\/IMG_20170212_141838-1024x576.jpg\" alt=\"\" width=\"474\" height=\"267\" class=\"aligncenter size-large wp-image-2321\" srcset=\"https:\/\/www.slclub.hu\/wp-content\/uploads\/2017\/02\/IMG_20170212_141838-1024x576.jpg 1024w, https:\/\/www.slclub.hu\/wp-content\/uploads\/2017\/02\/IMG_20170212_141838-300x169.jpg 300w, https:\/\/www.slclub.hu\/wp-content\/uploads\/2017\/02\/IMG_20170212_141838-768x432.jpg 768w\" sizes=\"auto, (max-width: 474px) 100vw, 474px\" \/><\/a><\/p>\n<p><a href=\"http:\/\/www.slclub.hu\/wp-content\/uploads\/2017\/02\/IMG_20170212_141845.jpg\"><img loading=\"lazy\" decoding=\"async\" src=\"http:\/\/www.slclub.hu\/wp-content\/uploads\/2017\/02\/IMG_20170212_141845.jpg\" alt=\"\" width=\"474\" height=\"844\" class=\"aligncenter size-large wp-image-2322\" srcset=\"https:\/\/www.slclub.hu\/wp-content\/uploads\/2017\/02\/IMG_20170212_141845.jpg 539w, https:\/\/www.slclub.hu\/wp-content\/uploads\/2017\/02\/IMG_20170212_141845-168x300.jpg 168w\" sizes=\"auto, (max-width: 474px) 100vw, 474px\" \/><\/a><\/p>\n<p><a href=\"http:\/\/www.slclub.hu\/wp-content\/uploads\/2017\/02\/IMG_20170212_141910.jpg\"><img loading=\"lazy\" decoding=\"async\" src=\"http:\/\/www.slclub.hu\/wp-content\/uploads\/2017\/02\/IMG_20170212_141910-1024x576.jpg\" alt=\"\" width=\"474\" height=\"267\" class=\"aligncenter size-large wp-image-2323\" srcset=\"https:\/\/www.slclub.hu\/wp-content\/uploads\/2017\/02\/IMG_20170212_141910-1024x576.jpg 1024w, https:\/\/www.slclub.hu\/wp-content\/uploads\/2017\/02\/IMG_20170212_141910-300x169.jpg 300w, https:\/\/www.slclub.hu\/wp-content\/uploads\/2017\/02\/IMG_20170212_141910-768x432.jpg 768w\" sizes=\"auto, (max-width: 474px) 100vw, 474px\" \/><\/a><\/p>\n<p><a href=\"http:\/\/www.slclub.hu\/wp-content\/uploads\/2017\/02\/IMG_20170212_154617.jpg\"><img loading=\"lazy\" decoding=\"async\" src=\"http:\/\/www.slclub.hu\/wp-content\/uploads\/2017\/02\/IMG_20170212_154617-1024x576.jpg\" alt=\"\" width=\"474\" height=\"267\" class=\"aligncenter size-large wp-image-2324\" srcset=\"https:\/\/www.slclub.hu\/wp-content\/uploads\/2017\/02\/IMG_20170212_154617-1024x576.jpg 1024w, https:\/\/www.slclub.hu\/wp-content\/uploads\/2017\/02\/IMG_20170212_154617-300x169.jpg 300w, https:\/\/www.slclub.hu\/wp-content\/uploads\/2017\/02\/IMG_20170212_154617-768x432.jpg 768w\" sizes=\"auto, (max-width: 474px) 100vw, 474px\" \/><\/a><\/p>\n<p><a href=\"http:\/\/www.slclub.hu\/wp-content\/uploads\/2017\/02\/IMG_20170212_155021.jpg\"><img loading=\"lazy\" decoding=\"async\" src=\"http:\/\/www.slclub.hu\/wp-content\/uploads\/2017\/02\/IMG_20170212_155021-1024x576.jpg\" alt=\"\" width=\"474\" height=\"267\" class=\"aligncenter size-large wp-image-2325\" srcset=\"https:\/\/www.slclub.hu\/wp-content\/uploads\/2017\/02\/IMG_20170212_155021-1024x576.jpg 1024w, https:\/\/www.slclub.hu\/wp-content\/uploads\/2017\/02\/IMG_20170212_155021-300x169.jpg 300w, https:\/\/www.slclub.hu\/wp-content\/uploads\/2017\/02\/IMG_20170212_155021-768x432.jpg 768w\" sizes=\"auto, (max-width: 474px) 100vw, 474px\" \/><\/a><\/p>\n<p><a href=\"http:\/\/www.slclub.hu\/wp-content\/uploads\/2017\/02\/IMG_20170212_155421.jpg\"><img loading=\"lazy\" decoding=\"async\" src=\"http:\/\/www.slclub.hu\/wp-content\/uploads\/2017\/02\/IMG_20170212_155421-1024x576.jpg\" alt=\"\" width=\"474\" height=\"267\" class=\"aligncenter size-large wp-image-2326\" srcset=\"https:\/\/www.slclub.hu\/wp-content\/uploads\/2017\/02\/IMG_20170212_155421-1024x576.jpg 1024w, https:\/\/www.slclub.hu\/wp-content\/uploads\/2017\/02\/IMG_20170212_155421-300x169.jpg 300w, https:\/\/www.slclub.hu\/wp-content\/uploads\/2017\/02\/IMG_20170212_155421-768x432.jpg 768w\" sizes=\"auto, (max-width: 474px) 100vw, 474px\" \/><\/a><\/p>\n<p><a href=\"http:\/\/www.slclub.hu\/wp-content\/uploads\/2017\/02\/IMG_20170212_155434.jpg\"><img loading=\"lazy\" decoding=\"async\" src=\"http:\/\/www.slclub.hu\/wp-content\/uploads\/2017\/02\/IMG_20170212_155434-1024x576.jpg\" alt=\"\" width=\"474\" height=\"267\" class=\"aligncenter size-large wp-image-2327\" srcset=\"https:\/\/www.slclub.hu\/wp-content\/uploads\/2017\/02\/IMG_20170212_155434-1024x576.jpg 1024w, https:\/\/www.slclub.hu\/wp-content\/uploads\/2017\/02\/IMG_20170212_155434-300x169.jpg 300w, https:\/\/www.slclub.hu\/wp-content\/uploads\/2017\/02\/IMG_20170212_155434-768x432.jpg 768w\" sizes=\"auto, (max-width: 474px) 100vw, 474px\" \/><\/a><\/p>\n","protected":false},"excerpt":{"rendered":"","protected":false},"author":1,"featured_media":0,"parent":0,"menu_order":0,"comment_status":"closed","ping_status":"closed","template":"","meta":{"footnotes":""},"class_list":["post-2297","page","type-page","status-publish","hentry"],"_links":{"self":[{"href":"https:\/\/www.slclub.hu\/index.php?rest_route=\/wp\/v2\/pages\/2297","targetHints":{"allow":["GET"]}}],"collection":[{"href":"https:\/\/www.slclub.hu\/index.php?rest_route=\/wp\/v2\/pages"}],"about":[{"href":"https:\/\/www.slclub.hu\/index.php?rest_route=\/wp\/v2\/types\/page"}],"author":[{"embeddable":true,"href":"https:\/\/www.slclub.hu\/index.php?rest_route=\/wp\/v2\/users\/1"}],"replies":[{"embeddable":true,"href":"https:\/\/www.slclub.hu\/index.php?rest_route=%2Fwp%2Fv2%2Fcomments&post=2297"}],"version-history":[{"count":2,"href":"https:\/\/www.slclub.hu\/index.php?rest_route=\/wp\/v2\/pages\/2297\/revisions"}],"predecessor-version":[{"id":2328,"href":"https:\/\/www.slclub.hu\/index.php?rest_route=\/wp\/v2\/pages\/2297\/revisions\/2328"}],"wp:attachment":[{"href":"https:\/\/www.slclub.hu\/index.php?rest_route=%2Fwp%2Fv2%2Fmedia&parent=2297"}],"curies":[{"name":"wp","href":"https:\/\/api.w.org\/{rel}","templated":true}]}}