{"id":2782,"date":"2018-01-09T20:59:21","date_gmt":"2018-01-09T19:59:21","guid":{"rendered":"http:\/\/www.slclub.hu\/?page_id=2782"},"modified":"2018-11-22T21:46:50","modified_gmt":"2018-11-22T20:46:50","slug":"2018-2","status":"publish","type":"page","link":"https:\/\/www.slclub.hu\/?page_id=2782","title":{"rendered":"2018"},"content":{"rendered":"<p><strong>2018.02.18.\u00a0 Sz\u00fclinapi Tal\u00e1lkoz\u00f3<\/strong><\/p>\n<p>Tal\u00e1lkozunk 10:30-kor \u00c9rdi Tesco (Atomoso) parkol\u00f3ban Sv\u00e9dasztalos eb\u00e9d(1450.-) el\u0151rendel\u00e9s eset\u00e9n.<\/p>\n<p id=\"seo_h1_tag\" class=\"_5gmx\" data-testid=\"event-permalink-event-name\"><strong>2018.03.17. J\u00f3t\u00e9konys\u00e1gi Suzuki \u00e9s M\u00e1rkaf\u00fcggetlen Aut\u00f3s Tal\u00e1lkoz\u00f3<\/strong><\/p>\n<p data-testid=\"event-permalink-event-name\">Sz\u00e9kesfeh\u00e9rv\u00e1ri Tesco 10:00<\/p>\n<p><strong>2018.03.31.\u00a0 Kecskem\u00e9ti Tal\u00e1lkoz\u00f3<\/strong><\/p>\n<p><strong>2018.04.13. Suzuki Gy\u00e1rl\u00e1togat\u00e1s<\/strong><\/p>\n<p>El\u0151rel\u00e1that\u00f3lag \u00c1prilis 13-\u00e1n tal\u00e1lkoz\u00e1s a Solym\u00e1ri Auchann\u00e1l 6:30-kor a konvoj az Esztergomi Tesc\u00f3hoz megy 7:30-kor Onnan 8:00-ra a gy\u00e1rhoz.<br \/>\nA gy\u00e1rt\u00e1st bemutat\u00f3 kisfilm levet\u00edt\u00e9s\u00e9re a Nagyteremben 8:00 42 f\u0151. Ut\u00e1na a 14 f\u0151s kis csoportok kb 5-15 perc cs\u00fasztat\u00e1ssal indulnak.<br \/>\nK\u00f6zben v\u00e1rosn\u00e9z\u00e9s a Bazilik\u00e1n\u00e1l m\u00e1sik 2 csoporttal.<br \/>\n10:00 max 42 F\u0151<br \/>\n12:00 max 42F\u0151 vet\u00edt\u00e9sek miatt vannak az id\u0151pontok.<br \/>\nMa lebesz\u00e9ltem, hogy utols\u00f3 csoporttal megyek be, \u00edgy aki vid\u00e9kr\u0151l j\u00f6n \u00e9s reggel nem \u00e9r oda be tudjon j\u00f6nni.<br \/>\n14:00 ut\u00e1n Dobog\u00f3k\u0151re kir\u00e1ndul\u00e1s.<\/p>\n<p><strong>2018.04.15. SLC Red Sun Fest<\/strong><\/p>\n<p>Tal\u00e1lkoz\u00e1s Vas\u00e1rnap 8:00-8:30 Hal\u00e1sztelek Aldi<\/p>\n<p><strong>2018.04.29. Gy\u0151ri Suzuki \u00e9s M\u00e1rkaf\u00fcggetlen csal\u00e1di nap<\/strong><\/p>\n<p>Tal\u00e1lkoz\u00e1s 13:00-kor Sz\u00e9kesfeh\u00e9rv\u00e1r Tesc\u00f3 parkol\u00f3ban.<\/p>\n<p>\u00c1prilis 29.\u00e9n vas\u00e1rnap az SLC \u00e1llja a bogr\u00e1csoz\u00e1shoz sz\u00fcks\u00e9ges \u00e9telt. Aki j\u00f6n szeretn\u00e9nk meg k\u00e9rni hozz\u00e1tok magatokkal innival\u00f3t<\/p>\n<p id=\"seo_h1_tag\" class=\"_5gmx\" data-testid=\"event-permalink-event-name\"><strong>2018.06.10. Skoda-Suzuki bar\u00e1ti \u00f6sszej\u00f6vetel<\/strong><\/p>\n<p data-testid=\"event-permalink-event-name\">9:00-kor Budapest Szentendrei \u00fat Auchan parkol\u00f3, vagy 9:30-45 k\u00f6z\u00f6tt Visegr\u00e1d, R\u00e9vkik\u00f6t\u0151, 2025 Plintenburg \u00e9tterem.Mindenkit szeretettel megh\u00edvunk j\u00fanius 10.-\u00e9n egy aut\u00f3k\u00e1z\u00e1ssal egybek\u00f6t\u00f6tt f\u00f6z\u00f6csk\u00e9re.\u00a0 Onnan egy\u00fctt elaut\u00f3k\u00e1zunk Visegr\u00e1d f\u00f6l\u00e9 az Ap\u00e1t-k\u00fati patakhoz, ahol egy sz\u00e9p r\u00e9t v\u00e1rja az oda \u00e9rkez\u0151ket. Az &#8222;eb\u00e9d&#8221; k\u00f6lts\u00e9geit becs\u00fcletkassz\u00e1val oldjuk meg. Seg\u00edts\u00e9get a f\u00f6z\u00f6csk\u00e9ben, b\u00e1rmiben elfogadunk.<\/p>\n<p><strong>2017.07.21. III. Ercsi aut\u00f3 \u00e9s Motoros Tal\u00e1lkoz\u00f3<\/strong><\/p>\n<div class=\"\" data-block=\"true\" data-editor=\"4q4u6\" data-offset-key=\"3n6sj-0-0\">\n<div class=\"_1mf _1mj\" data-offset-key=\"3n6sj-0-0\"><span data-offset-key=\"3n6sj-0-0\">Szeretettel v\u00e1runk kicsit \u00e9s nagyot, aut\u00f3st \u00e9s motorost az Ercsi Duna-parton megrendezend\u0151 esem\u00e9ny\u00fcnk\u00f6n! <\/span><\/div>\n<\/div>\n<div class=\"\" data-block=\"true\" data-editor=\"4q4u6\" data-offset-key=\"39sam-0-0\">\n<div class=\"_1mf _1mj\" data-offset-key=\"39sam-0-0\"><span data-offset-key=\"39sam-0-0\">A rendezv\u00e9nnyel egy id\u0151ben egyes\u00fclet\u00fcnk megrendezi a 8. Suzuki m\u00e1rkatal\u00e1lkoz\u00f3t is. Term\u00e9szetesen, mint ahogy \u00edrtuk a rendezv\u00e9ny m\u00e1rkaf\u00fcggetlen, \u00edgy mindenki jelenl\u00e9t\u00e9re sz\u00e1m\u00edtunk. <\/span><\/div>\n<\/div>\n<div class=\"\" data-block=\"true\" data-editor=\"4q4u6\" data-offset-key=\"ei5up-0-0\">\n<div class=\"_1mf _1mj\" data-offset-key=\"ei5up-0-0\"><span data-offset-key=\"ei5up-0-0\">Emeld te is a rendezv\u00e9ny f\u00e9ny\u00e9t k\u00fcl\u00f6nleges verd\u00e1ddal \u00e9s egy \u00e9lm\u00e9nyekkel d\u00fas, p\u00f6rg\u0151s napot hagyjunk magunk m\u00f6g\u00f6tt!<\/span><\/div>\n<\/div>\n<div class=\"\" data-block=\"true\" data-editor=\"4q4u6\" data-offset-key=\"4183n-0-0\">\n<div class=\"_1mf _1mj\" data-offset-key=\"4183n-0-0\"><span data-offset-key=\"4183n-0-0\">Bel\u00e9p\u0151: feln\u0151tt:1.300.-<\/span><\/div>\n<\/div>\n<div class=\"\" data-block=\"true\" data-editor=\"4q4u6\" data-offset-key=\"ejein-0-0\">\n<div class=\"_1mf _1mj\" data-offset-key=\"ejein-0-0\"><span data-offset-key=\"ejein-0-0\">Motoros feln\u0151tt: 900.-<\/span><\/div>\n<\/div>\n<div class=\"\" data-block=\"true\" data-editor=\"4q4u6\" data-offset-key=\"da55v-0-0\">\n<div class=\"_1mf _1mj\" data-offset-key=\"da55v-0-0\"><span data-offset-key=\"da55v-0-0\">gyermek:550.-<\/span><\/div>\n<\/div>\n<div class=\"\" data-block=\"true\" data-editor=\"4q4u6\" data-offset-key=\"d4dn3-0-0\">\n<div class=\"_1mf _1mj\" data-offset-key=\"d4dn3-0-0\"><span data-offset-key=\"d4dn3-0-0\">Csak a koncertre 900.- (aki az aut\u00f3s tal\u00e1lkoz\u00f3ra nem j\u00f6nne, csak a d\u00e9lut\u00e1ni koncertre)<\/span><\/div>\n<\/div>\n<div class=\"\" data-block=\"true\" data-editor=\"4q4u6\" data-offset-key=\"2bfif-0-0\">\n<div class=\"_1mf _1mj\" data-offset-key=\"2bfif-0-0\"><span data-offset-key=\"2bfif-0-0\">Term\u00e9szetesen gondolunk az ercsi lakoss\u00e1gra is:<\/span><\/div>\n<\/div>\n<div class=\"\" data-block=\"true\" data-editor=\"4q4u6\" data-offset-key=\"nq2c-0-0\">\n<div class=\"_1mf _1mj\" data-offset-key=\"nq2c-0-0\"><span data-offset-key=\"nq2c-0-0\">Ercsi lakc\u00edmk\u00e1rtya felmutat\u00e1s\u00e1val gyalogosan(n\u00e9zel\u0151d\u0151)400.-<\/span><\/div>\n<\/div>\n<div class=\"\" data-block=\"true\" data-editor=\"4q4u6\" data-offset-key=\"8j646-0-0\">\n<div class=\"_1mf _1mj\" data-offset-key=\"8j646-0-0\"><span data-offset-key=\"8j646-0-0\">\u00a0<\/span><\/div>\n<\/div>\n<div class=\"\" data-block=\"true\" data-editor=\"4q4u6\" data-offset-key=\"d26f3-0-0\">\n<div class=\"_1mf _1mj\" data-offset-key=\"d26f3-0-0\"><span data-offset-key=\"d26f3-0-0\">\u00a0<\/span><\/div>\n<\/div>\n<div class=\"\" data-block=\"true\" data-editor=\"4q4u6\" data-offset-key=\"346dc-0-0\">\n<div class=\"_1mf _1mj\" data-offset-key=\"346dc-0-0\"><span data-offset-key=\"346dc-0-0\">Bel\u00e9p\u00e9s 11:00 \u00f3r\u00e1t\u00f3l, programok kezdete 12:00 \u00f3rakor.<\/span><\/div>\n<\/div>\n<div data-offset-key=\"346dc-0-0\"><\/div>\n<div data-offset-key=\"346dc-0-0\"><\/div>\n<div data-offset-key=\"346dc-0-0\"><strong>2018.08.18. Debreceni Tal\u00e1lkoz\u00f3<\/strong><\/div>\n<div data-offset-key=\"346dc-0-0\">Tal\u00e1lkoz\u00e1s 16:00 Debreceni Tesco parkol\u00f3ban(Kishegyesi \u00fat 1.)<\/div>\n<div data-offset-key=\"346dc-0-0\"><\/div>\n<div data-offset-key=\"346dc-0-0\"><strong>2018.09.15. B\u00f6rg\u00f6ndi Tal\u00e1lkoz\u00f3<\/strong><\/div>\n<div data-offset-key=\"346dc-0-0\"><\/div>\n<div data-offset-key=\"346dc-0-0\">Tal\u00e1lkoz\u00e1s 17:00 Sz\u00e9kesfeh\u00e9rv\u00e1ri Tesco parkol\u00f3ban(Aszaltv\u00f6lgyi \u00fat 1.)<\/div>\n<div data-offset-key=\"346dc-0-0\"><\/div>\n<div data-offset-key=\"346dc-0-0\">\n<p id=\"seo_h1_tag\" class=\"_5gmx\" data-testid=\"event-permalink-event-name\"><strong>2018.11.17. J\u00f3t\u00e9konys\u00e1gi Suzuki \u00e9s M\u00e1rkaf\u00fcggetlen Aut\u00f3s Tal\u00e1lkoz\u00f3<\/strong><\/p>\n<p data-testid=\"event-permalink-event-name\">Tal\u00e1lkoz\u00e1s 11:00 Sz\u00e9kesfeh\u00e9rv\u00e1ri Tesco parkol\u00f3ban(Aszaltv\u00f6lgyi \u00fat 1.) onnan 13:00-kor konvoj Polg\u00e1rdiba<\/p>\n<\/div>\n","protected":false},"excerpt":{"rendered":"<p>2018.02.18.\u00a0 Sz\u00fclinapi Tal\u00e1lkoz\u00f3 Tal\u00e1lkozunk 10:30-kor \u00c9rdi Tesco (Atomoso) parkol\u00f3ban Sv\u00e9dasztalos eb\u00e9d(1450.-) el\u0151rendel\u00e9s eset\u00e9n. 2018.03.17. J\u00f3t\u00e9konys\u00e1gi Suzuki \u00e9s M\u00e1rkaf\u00fcggetlen Aut\u00f3s Tal\u00e1lkoz\u00f3 Sz\u00e9kesfeh\u00e9rv\u00e1ri Tesco 10:00 2018.03.31.\u00a0 Kecskem\u00e9ti Tal\u00e1lkoz\u00f3 2018.04.13. Suzuki Gy\u00e1rl\u00e1togat\u00e1s El\u0151rel\u00e1that\u00f3lag \u00c1prilis 13-\u00e1n tal\u00e1lkoz\u00e1s a Solym\u00e1ri Auchann\u00e1l 6:30-kor a konvoj az Esztergomi Tesc\u00f3hoz megy 7:30-kor Onnan 8:00-ra a gy\u00e1rhoz. A gy\u00e1rt\u00e1st bemutat\u00f3 kisfilm levet\u00edt\u00e9s\u00e9re a Nagyteremben &hellip; <a href=\"https:\/\/www.slclub.hu\/?page_id=2782\" class=\"more-link\"><span class=\"screen-reader-text\">2018<\/span> b\u0151vebben&#8230; <span class=\"meta-nav\">&rarr;<\/span><\/a><\/p>\n","protected":false},"author":1,"featured_media":0,"parent":0,"menu_order":0,"comment_status":"closed","ping_status":"closed","template":"","meta":{"footnotes":""},"class_list":["post-2782","page","type-page","status-publish","hentry"],"_links":{"self":[{"href":"https:\/\/www.slclub.hu\/index.php?rest_route=\/wp\/v2\/pages\/2782","targetHints":{"allow":["GET"]}}],"collection":[{"href":"https:\/\/www.slclub.hu\/index.php?rest_route=\/wp\/v2\/pages"}],"about":[{"href":"https:\/\/www.slclub.hu\/index.php?rest_route=\/wp\/v2\/types\/page"}],"author":[{"embeddable":true,"href":"https:\/\/www.slclub.hu\/index.php?rest_route=\/wp\/v2\/users\/1"}],"replies":[{"embeddable":true,"href":"https:\/\/www.slclub.hu\/index.php?rest_route=%2Fwp%2Fv2%2Fcomments&post=2782"}],"version-history":[{"count":10,"href":"https:\/\/www.slclub.hu\/index.php?rest_route=\/wp\/v2\/pages\/2782\/revisions"}],"predecessor-version":[{"id":3395,"href":"https:\/\/www.slclub.hu\/index.php?rest_route=\/wp\/v2\/pages\/2782\/revisions\/3395"}],"wp:attachment":[{"href":"https:\/\/www.slclub.hu\/index.php?rest_route=%2Fwp%2Fv2%2Fmedia&parent=2782"}],"curies":[{"name":"wp","href":"https:\/\/api.w.org\/{rel}","templated":true}]}}

<p><strong>2018.02.18.  Szülinapi Találkozó</strong></p>
<p>Találkozunk 10:30-kor Érdi Tesco (Atomoso) parkolóban Svédasztalos ebéd(1450.-) előrendelés esetén.</p>
<p id="seo_h1_tag" class="_5gmx" data-testid="event-permalink-event-name"><strong>2018.03.17. Jótékonysági Suzuki és Márkafüggetlen Autós Találkozó</strong></p>
<p data-testid="event-permalink-event-name">Székesfehérvári Tesco 10:00</p>
<p><strong>2018.03.31.  Kecskeméti Találkozó</strong></p>
<p><strong>2018.04.13. Suzuki Gyárlátogatás</strong></p>
<p>Előreláthatólag Április 13-án találkozás a Solymári Auchannál 6:30-kor a konvoj az Esztergomi Tescóhoz megy 7:30-kor Onnan 8:00-ra a gyárhoz.<br />
A gyártást bemutató kisfilm levetítésére a Nagyteremben 8:00 42 fő. Utána a 14 fős kis csoportok kb 5-15 perc csúsztatással indulnak.<br />
Közben városnézés a Bazilikánál másik 2 csoporttal.<br />
10:00 max 42 Fő<br />
12:00 max 42Fő vetítések miatt vannak az időpontok.<br />
Ma lebeszéltem, hogy utolsó csoporttal megyek be, így aki vidékről jön és reggel nem ér oda be tudjon jönni.<br />
14:00 után Dobogókőre kirándulás.</p>
<p><strong>2018.04.15. SLC Red Sun Fest</strong></p>
<p>Találkozás Vasárnap 8:00-8:30 Halásztelek Aldi</p>
<p><strong>2018.04.29. Győri Suzuki és Márkafüggetlen családi nap</strong></p>
<p>Találkozás 13:00-kor Székesfehérvár Tescó parkolóban.</p>
<p>Április 29.én vasárnap az SLC állja a bográcsozáshoz szükséges ételt. Aki jön szeretnénk meg kérni hozzátok magatokkal innivalót</p>
<p id="seo_h1_tag" class="_5gmx" data-testid="event-permalink-event-name"><strong>2018.06.10. Skoda-Suzuki baráti összejövetel</strong></p>
<p data-testid="event-permalink-event-name">9:00-kor Budapest Szentendrei út Auchan parkoló, vagy 9:30-45 között Visegrád, Révkikötő, 2025 Plintenburg étterem.Mindenkit szeretettel meghívunk június 10.-én egy autókázással egybekötött fözöcskére.  Onnan együtt elautókázunk Visegrád fölé az Apát-kúti patakhoz, ahol egy szép rét várja az oda érkezőket. Az &#8222;ebéd&#8221; költségeit becsületkasszával oldjuk meg. Segítséget a fözöcskében, bármiben elfogadunk.</p>
<p><strong>2017.07.21. III. Ercsi autó és Motoros Találkozó</strong></p>
<div class="" data-block="true" data-editor="4q4u6" data-offset-key="3n6sj-0-0">
<div class="_1mf _1mj" data-offset-key="3n6sj-0-0"><span data-offset-key="3n6sj-0-0">Szeretettel várunk kicsit és nagyot, autóst és motorost az Ercsi Duna-parton megrendezendő eseményünkön! </span></div>
</div>
<div class="" data-block="true" data-editor="4q4u6" data-offset-key="39sam-0-0">
<div class="_1mf _1mj" data-offset-key="39sam-0-0"><span data-offset-key="39sam-0-0">A rendezvénnyel egy időben egyesületünk megrendezi a 8. Suzuki márkatalálkozót is. Természetesen, mint ahogy írtuk a rendezvény márkafüggetlen, így mindenki jelenlétére számítunk. </span></div>
</div>
<div class="" data-block="true" data-editor="4q4u6" data-offset-key="ei5up-0-0">
<div class="_1mf _1mj" data-offset-key="ei5up-0-0"><span data-offset-key="ei5up-0-0">Emeld te is a rendezvény fényét különleges verdáddal és egy élményekkel dús, pörgős napot hagyjunk magunk mögött!</span></div>
</div>
<div class="" data-block="true" data-editor="4q4u6" data-offset-key="4183n-0-0">
<div class="_1mf _1mj" data-offset-key="4183n-0-0"><span data-offset-key="4183n-0-0">Belépő: felnőtt:1.300.-</span></div>
</div>
<div class="" data-block="true" data-editor="4q4u6" data-offset-key="ejein-0-0">
<div class="_1mf _1mj" data-offset-key="ejein-0-0"><span data-offset-key="ejein-0-0">Motoros felnőtt: 900.-</span></div>
</div>
<div class="" data-block="true" data-editor="4q4u6" data-offset-key="da55v-0-0">
<div class="_1mf _1mj" data-offset-key="da55v-0-0"><span data-offset-key="da55v-0-0">gyermek:550.-</span></div>
</div>
<div class="" data-block="true" data-editor="4q4u6" data-offset-key="d4dn3-0-0">
<div class="_1mf _1mj" data-offset-key="d4dn3-0-0"><span data-offset-key="d4dn3-0-0">Csak a koncertre 900.- (aki az autós találkozóra nem jönne, csak a délutáni koncertre)</span></div>
</div>
<div class="" data-block="true" data-editor="4q4u6" data-offset-key="2bfif-0-0">
<div class="_1mf _1mj" data-offset-key="2bfif-0-0"><span data-offset-key="2bfif-0-0">Természetesen gondolunk az ercsi lakosságra is:</span></div>
</div>
<div class="" data-block="true" data-editor="4q4u6" data-offset-key="nq2c-0-0">
<div class="_1mf _1mj" data-offset-key="nq2c-0-0"><span data-offset-key="nq2c-0-0">Ercsi lakcímkártya felmutatásával gyalogosan(nézelődő)400.-</span></div>
</div>
<div class="" data-block="true" data-editor="4q4u6" data-offset-key="8j646-0-0">
<div class="_1mf _1mj" data-offset-key="8j646-0-0"><span data-offset-key="8j646-0-0"> </span></div>
</div>
<div class="" data-block="true" data-editor="4q4u6" data-offset-key="d26f3-0-0">
<div class="_1mf _1mj" data-offset-key="d26f3-0-0"><span data-offset-key="d26f3-0-0"> </span></div>
</div>
<div class="" data-block="true" data-editor="4q4u6" data-offset-key="346dc-0-0">
<div class="_1mf _1mj" data-offset-key="346dc-0-0"><span data-offset-key="346dc-0-0">Belépés 11:00 órától, programok kezdete 12:00 órakor.</span></div>
</div>
<div data-offset-key="346dc-0-0"></div>
<div data-offset-key="346dc-0-0"></div>
<div data-offset-key="346dc-0-0"><strong>2018.08.18. Debreceni Találkozó</strong></div>
<div data-offset-key="346dc-0-0">Találkozás 16:00 Debreceni Tesco parkolóban(Kishegyesi út 1.)</div>
<div data-offset-key="346dc-0-0"></div>
<div data-offset-key="346dc-0-0"><strong>2018.09.15. Börgöndi Találkozó</strong></div>
<div data-offset-key="346dc-0-0"></div>
<div data-offset-key="346dc-0-0">Találkozás 17:00 Székesfehérvári Tesco parkolóban(Aszaltvölgyi út 1.)</div>
<div data-offset-key="346dc-0-0"></div>
<div data-offset-key="346dc-0-0">
<p id="seo_h1_tag" class="_5gmx" data-testid="event-permalink-event-name"><strong>2018.11.17. Jótékonysági Suzuki és Márkafüggetlen Autós Találkozó</strong></p>
<p data-testid="event-permalink-event-name">Találkozás 11:00 Székesfehérvári Tesco parkolóban(Aszaltvölgyi út 1.) onnan 13:00-kor konvoj Polgárdiba</p>
</div>

<p>2018.02.18.  Szülinapi Találkozó Találkozunk 10:30-kor Érdi Tesco (Atomoso) parkolóban Svédasztalos ebéd(1450.-) előrendelés esetén. 2018.03.17. Jótékonysági Suzuki és Márkafüggetlen Autós Találkozó Székesfehérvári Tesco 10:00 2018.03.31.  Kecskeméti Találkozó 2018.04.13. Suzuki Gyárlátogatás Előreláthatólag Április 13-án találkozás a Solymári Auchannál 6:30-kor a konvoj az Esztergomi Tescóhoz megy 7:30-kor Onnan 8:00-ra a gyárhoz. A gyártást bemutató kisfilm levetítésére a Nagyteremben &hellip; <a href="https://www.slclub.hu/?page_id=2782" class="more-link"><span class="screen-reader-text">2018</span> bővebben&#8230; <span class="meta-nav">&rarr;</span></a></p>
