{"id":3438,"date":"2019-01-19T15:59:07","date_gmt":"2019-01-19T14:59:07","guid":{"rendered":"http:\/\/www.slclub.hu\/?page_id=3438"},"modified":"2019-10-29T09:15:11","modified_gmt":"2019-10-29T08:15:11","slug":"2019-2","status":"publish","type":"page","link":"https:\/\/www.slclub.hu\/?page_id=3438","title":{"rendered":"2019"},"content":{"rendered":"<p><strong>2019.02.17.\u00a0 Sz\u00fclinapi Tal\u00e1lkoz\u00f3<\/strong><\/p>\n<p>Tal\u00e1lkozunk 10:30-kor \u00c9rdi Tesco (Aut\u00f3mos\u00f3) parkol\u00f3ban Sv\u00e9dasztalos eb\u00e9d (1.450,-) el\u0151rendel\u00e9s eset\u00e9n.<\/p>\n<p><strong>2018.03.14. Suzuki Gy\u00e1rl\u00e1togat\u00e1s<\/strong><\/p>\n<p>M\u00e1rcius 14-\u00e9n tal\u00e1lkoz\u00e1s a Solym\u00e1ri Auchann\u00e1l 6:30-kor a konvoj az Esztergomi Tesc\u00f3hoz megy 7:30-kor. Onnan 8:00-ra a gy\u00e1rhoz.<br \/>A gy\u00e1rt\u00e1st bemutat\u00f3 kisfilm levet\u00edt\u00e9s\u00e9re a Nagyteremben 8:00 52 f\u0151. Ut\u00e1na a 13 f\u0151s kis csoportok kb. 5-15 perc cs\u00fasztat\u00e1ssal indulnak.<br \/>K\u00f6zben v\u00e1rosn\u00e9z\u00e9s a Bazilik\u00e1n\u00e1l m\u00e1sik 2 csoporttal.<br \/>08:00 max. 52 f\u0151<br \/>10:00 max. 16 f\u0151<br \/>12:30 max. 52 f\u0151 &#8211; a vet\u00edt\u00e9sek miatt vannak az id\u0151pontok.<\/p>\n<p>15:00 ut\u00e1n Dobog\u00f3k\u0151re kir\u00e1ndul\u00e1s, Tal\u00e1lkoz\u00e1s a Tesco parkoloban<\/p>\n<p data-testid=\"event-permalink-event-name\"><strong>2018.03.23.\u00a0 SLCE AMTS<br \/><\/strong><\/p>\n<p data-testid=\"event-permalink-event-name\">8:00-17:00 \u00f3r\u00e1ig A stand m\u00f6g\u00f6tti A parkol\u00f3ban<\/p>\n<p><strong>2018.03.30.\u00a0 Kecskem\u00e9ti Tal\u00e1lkoz\u00f3<\/strong><\/p>\n<p>Tal\u00e1lkozunk 15:00-kor Kecskem\u00e9ti Tesco parkol\u00f3ban<\/p>\n<p id=\"seo_h1_tag\" class=\"_5gmx\" data-testid=\"event-permalink-event-name\"><strong>2018.04.13. J\u00f3t\u00e9konys\u00e1gi Suzuki \u00e9s M\u00e1rkaf\u00fcggetlen Aut\u00f3s Tal\u00e1lkoz\u00f3<\/strong><\/p>\n<p>Sz\u00e9kesfeh\u00e9rv\u00e1ron lesz a gy\u00fclekez\u0151 11:00 \u00f3rakor a Tesc\u00f3n\u00e1l.<\/p>\n<p>Id\u00e9n is a Polg\u00e1rdi Gyerekotthonnak adom\u00e1nyozunk, ruh\u00e1kat, tart\u00f3s \u00e9lelmiszereket,tiszt\u00e1lkod\u00e1si szereket.<\/p>\n<div class=\"text_exposed_show\">\n<p>Konvojba fogunk \u00e9rkezni a gyerekotthonba, term\u00e9szetesen a KRESZ szab\u00e1lyait betartva<\/p>\n<p><strong>2018.04.13.<\/strong> <strong>SLC-Red Sun Fest<\/strong><\/p>\n<p>Tal\u00e1lkoz\u00e1s Vas\u00e1rnap(14-\u00e9n) 8:00-8:30 Hal\u00e1sztelek Aldi<\/p>\n<p><strong><span class=\"_3xgd\">2019.06.15.Suzuki \u00e9s M\u00e1rkaf\u00fcggetlen Csal\u00e1di Tal\u00e1lkoz\u00f3<\/span><\/strong><\/p>\n<p>Tal\u00e1lkoz\u00e1s 10:00-kot Tatab\u00e1ny\u00e1n CBA (V\u00e9rtessz\u00f6l\u0151s Hat\u00e1r \u00fat)<\/p>\n<\/div>\n<p><strong>2019.07.21. IV. Ercsi Aut\u00f3 \u00e9s Motor Tal\u00e1lkoz\u00f3<\/strong><\/p>\n<div class=\"\" data-block=\"true\" data-editor=\"4q4u6\" data-offset-key=\"3n6sj-0-0\">\n<div class=\"_1mf _1mj\" data-offset-key=\"3n6sj-0-0\"><span data-offset-key=\"3n6sj-0-0\">Szeretettel v\u00e1runk kicsit \u00e9s nagyot, aut\u00f3st \u00e9s motorost az Ercsi Duna-parton megrendezend\u0151 esem\u00e9ny\u00fcnk\u00f6n! <\/span><\/div>\n<\/div>\n<div class=\"\" data-block=\"true\" data-editor=\"4q4u6\" data-offset-key=\"39sam-0-0\">\n<div class=\"_1mf _1mj\" data-offset-key=\"39sam-0-0\"><span data-offset-key=\"39sam-0-0\">A rendezv\u00e9nnyel egy id\u0151ben egyes\u00fclet\u00fcnk megrendezi a 9. Suzuki m\u00e1rkatal\u00e1lkoz\u00f3t is. Term\u00e9szetesen, mint ahogy \u00edrtuk a rendezv\u00e9ny m\u00e1rkaf\u00fcggetlen, \u00edgy mindenki jelenl\u00e9t\u00e9re sz\u00e1m\u00edtunk. <\/span><\/div>\n<\/div>\n<div class=\"\" data-block=\"true\" data-editor=\"4q4u6\" data-offset-key=\"ei5up-0-0\">\n<div class=\"_1mf _1mj\" data-offset-key=\"ei5up-0-0\"><span data-offset-key=\"ei5up-0-0\">Emeld te is a rendezv\u00e9ny f\u00e9ny\u00e9t k\u00fcl\u00f6nleges verd\u00e1ddal \u00e9s egy \u00e9lm\u00e9nyekkel d\u00fas, p\u00f6rg\u0151s napot hagyjunk magunk m\u00f6g\u00f6tt!<\/span><\/div>\n<\/div>\n<div class=\"\" data-block=\"true\" data-editor=\"4q4u6\" data-offset-key=\"4183n-0-0\">\u00a0<\/div>\n<div class=\"\" data-block=\"true\" data-editor=\"4q4u6\" data-offset-key=\"346dc-0-0\">\n<div class=\"_1mf _1mj\" data-offset-key=\"346dc-0-0\"><span data-offset-key=\"346dc-0-0\">Bel\u00e9p\u00e9s 11:00 \u00f3r\u00e1t\u00f3l, programok kezdete 12:00 \u00f3rakor.<\/span><\/div>\n<div data-offset-key=\"346dc-0-0\">\n<div class=\"\" data-block=\"true\" data-editor=\"bh35a\" data-offset-key=\"4t6gv-0-0\">\n<div class=\"_1mf _1mj\" data-offset-key=\"4t6gv-0-0\"><span data-offset-key=\"4t6gv-0-0\">Emeld te is a rendezv\u00e9ny f\u00e9ny\u00e9t k\u00fcl\u00f6nleges verd\u00e1ddal \u00e9s egy \u00e9lm\u00e9nyekkel d\u00fas, p\u00f6rg\u0151s napot hagyjunk magunk m\u00f6g\u00f6tt!<\/span><\/div>\n<\/div>\n<div class=\"\" data-block=\"true\" data-editor=\"bh35a\" data-offset-key=\"3h914-0-0\">\n<div class=\"_1mf _1mj\" data-offset-key=\"3h914-0-0\"><span data-offset-key=\"3h914-0-0\">Bel\u00e9p\u0151: feln\u0151tt: 1.390.-<\/span><\/div>\n<\/div>\n<div class=\"\" data-block=\"true\" data-editor=\"bh35a\" data-offset-key=\"sm7g-0-0\">\n<div class=\"_1mf _1mj\" data-offset-key=\"sm7g-0-0\"><span data-offset-key=\"sm7g-0-0\">Motoros feln\u0151tt: 900.-<\/span><\/div>\n<\/div>\n<div class=\"\" data-block=\"true\" data-editor=\"bh35a\" data-offset-key=\"7neem-0-0\">\n<div class=\"_1mf _1mj\" data-offset-key=\"7neem-0-0\"><span data-offset-key=\"7neem-0-0\">gyermek: 550.-<\/span><\/div>\n<\/div>\n<div class=\"\" data-block=\"true\" data-editor=\"bh35a\" data-offset-key=\"1hsth-0-0\">\n<div class=\"_1mf _1mj\" data-offset-key=\"1hsth-0-0\"><span data-offset-key=\"1hsth-0-0\">Term\u00e9szetesen gondolunk az ercsi lakoss\u00e1gra is:<\/span><\/div>\n<\/div>\n<div class=\"\" data-block=\"true\" data-editor=\"bh35a\" data-offset-key=\"120fe-0-0\">\n<div class=\"_1mf _1mj\" data-offset-key=\"120fe-0-0\"><span data-offset-key=\"120fe-0-0\">Ercsi lakc\u00edmk\u00e1rtya felmutat\u00e1s\u00e1val gyalogosan (n\u00e9zel\u0151d\u0151) 400.-<\/span><\/div>\n<div data-offset-key=\"120fe-0-0\">Sz\u00e9ria-\u00c9p\u00edtett aut\u00f3 &#8211; 1500 ccm k\u00f6z\u00f6tt<br \/>Sz\u00e9ria-\u00c9p\u00edtett aut\u00f3 1501 &#8211; 1800 ccm k\u00f6z\u00f6tt<br \/>Sz\u00e9ria-\u00c9p\u00edtett aut\u00f3 1801 &#8211; ccm k\u00f6z\u00f6tt<\/div>\n<div data-offset-key=\"120fe-0-0\">\n<div id=\"js_e2\" class=\"_5pbx userContent _3576\" data-testid=\"post_message\" data-ft=\"{&quot;tn&quot;:&quot;K&quot;}\">\n<p>&#8211; Aut\u00f3s \u00e9s motoros sz\u00e9ps\u00e9gverseny Top 3 kateg\u00f3ria + k\u00fcl\u00f6nd\u00edj<br \/>-Street(Utcai aut\u00f3k, komolyabb tuninggal)<br \/>-Show(Teljesen \u00e1t\u00e9p\u00edtett, egyedi tuningaut\u00f3k)<br \/>-Original(Utcai aut\u00f3k, kisebb tuninggal)<\/p>\n<p><strong>2019.09.14. M\u00e1rkaf\u00fcggetlen Csal\u00e1di Tal\u00e1lkoz\u00f3 (Het\u00e9nyegyh\u00e1za M\u00e1morit\u00f3)<\/strong><\/p>\n<p>9:30- kor tal\u00e1lkoz\u00e1s Kecskem\u00e9ti Tesco parkol\u00f3ban.- aut\u00f3s \u00fcgyess\u00e9gi verseny- vakon szlalom- felni kitart\u00f3 verseny- Jimny \u00e9s Vitara tesztvezet\u00e9s- P\u00e1rhuzamos verseny Suzuki Jimny a lovas fogat ellen. (Hajt\u00f3k Boj\u00e1ri Istv\u00e1n \u00e9s G\u00e1sp\u00e1r Szilvi)<\/p>\n<h6>2019.10.12. Tatab\u00e1nyai MiniTali<\/h6>\n<p><span data-offset-key=\"chglk-0-0\">Helysz\u00edn: Tatab\u00e1nya-CBA szt\u00e1rda (Burger King parkol\u00f3)<\/span>17:00<\/p>\n<h2><span style=\"font-size: 10.0pt;\">2019.10.19.<\/span><span style=\"font-size: 10.0pt; line-height: 115%;\">Suzuki \u00e9s M\u00e1rkaf\u00fcggetlen Aut\u00f3s Motoros Tal\u00e1lkoz\u00f3 Campona<\/span><\/h2>\n<p>J\u00f3 id\u0151ben VV villa melletti parkol\u00f3ban,Rossz id\u0151 eset\u00e9n parkol\u00f3h\u00e1z emelet\u00e9n lesz\u00fcnk,Tal\u00e1lkoz\u00f3 ut\u00e1n 14:00-kor convoj a Lurdyba( vagy Duna partra).12:00-kor szavazatsz\u00e1ml\u00e1l\u00e1s a sz\u00e9ps\u00e9gversenyre.<\/p>\n<h2><span style=\"font-size: 10.0pt;\">2019.11.16.J\u00f3t\u00e9konys\u00e1gi Suzuki \u00e9s M\u00e1rkaf\u00fcggetlen Aut\u00f3s Tal\u00e1lkoz\u00f3<\/span><\/h2>\n<p>Id\u00e9n is gy\u0171jt\u00fcnk a Polg\u00e1rdi Gyermekotthonnak t\u00e9li ruh\u00e1zatot \u00e9s tiszt\u00e1lkod\u00e1si dolgokat<\/p>\n<h2 id=\"mce_25\" class=\"editor-rich-text__tinymce mce-content-body\" role=\"textbox\" contenteditable=\"true\" aria-label=\"\u00cdrjunk c\u00edmsort\u2026\" aria-autocomplete=\"list\" aria-multiline=\"true\" data-is-placeholder-visible=\"false\">\u00a0<\/h2>\n<\/div>\n<div class=\"_3x-2\" data-ft=\"{&quot;tn&quot;:&quot;H&quot;}\">\n<div data-ft=\"{&quot;tn&quot;:&quot;H&quot;}\">\n<div class=\"mtm\">\n<div class=\"_2a2q _65sr\">\n<div class=\"uiScaledImageContainer\">\u00a0<\/div>\n<\/div>\n<\/div>\n<\/div>\n<\/div>\n<\/div>\n<\/div>\n<\/div>\n<\/div>\n\n\n<h2 class=\"wp-block-heading\"> <br><br> <\/h2>\n\n\n\n<p>  <\/p>\n\n\n\n<p>  <br><br><\/p>\n\n\n\n<h2 class=\"wp-block-heading\"> <\/h2>\n\n\n\n<p><\/p>\n\n\n\n<p><br><\/p>\n","protected":false},"excerpt":{"rendered":"<p>2019.02.17.\u00a0 Sz\u00fclinapi Tal\u00e1lkoz\u00f3 Tal\u00e1lkozunk 10:30-kor \u00c9rdi Tesco (Aut\u00f3mos\u00f3) parkol\u00f3ban Sv\u00e9dasztalos eb\u00e9d (1.450,-) el\u0151rendel\u00e9s eset\u00e9n. 2018.03.14. Suzuki Gy\u00e1rl\u00e1togat\u00e1s M\u00e1rcius 14-\u00e9n tal\u00e1lkoz\u00e1s a Solym\u00e1ri Auchann\u00e1l 6:30-kor a konvoj az Esztergomi Tesc\u00f3hoz megy 7:30-kor. Onnan 8:00-ra a gy\u00e1rhoz.A gy\u00e1rt\u00e1st bemutat\u00f3 kisfilm levet\u00edt\u00e9s\u00e9re a Nagyteremben 8:00 52 f\u0151. Ut\u00e1na a 13 f\u0151s kis csoportok kb. 5-15 perc cs\u00fasztat\u00e1ssal indulnak.K\u00f6zben &hellip; <a href=\"https:\/\/www.slclub.hu\/?page_id=3438\" class=\"more-link\"><span class=\"screen-reader-text\">2019<\/span> b\u0151vebben&#8230; <span class=\"meta-nav\">&rarr;<\/span><\/a><\/p>\n","protected":false},"author":1,"featured_media":0,"parent":0,"menu_order":0,"comment_status":"closed","ping_status":"closed","template":"","meta":{"footnotes":""},"class_list":["post-3438","page","type-page","status-publish","hentry"],"_links":{"self":[{"href":"https:\/\/www.slclub.hu\/index.php?rest_route=\/wp\/v2\/pages\/3438","targetHints":{"allow":["GET"]}}],"collection":[{"href":"https:\/\/www.slclub.hu\/index.php?rest_route=\/wp\/v2\/pages"}],"about":[{"href":"https:\/\/www.slclub.hu\/index.php?rest_route=\/wp\/v2\/types\/page"}],"author":[{"embeddable":true,"href":"https:\/\/www.slclub.hu\/index.php?rest_route=\/wp\/v2\/users\/1"}],"replies":[{"embeddable":true,"href":"https:\/\/www.slclub.hu\/index.php?rest_route=%2Fwp%2Fv2%2Fcomments&post=3438"}],"version-history":[{"count":20,"href":"https:\/\/www.slclub.hu\/index.php?rest_route=\/wp\/v2\/pages\/3438\/revisions"}],"predecessor-version":[{"id":4097,"href":"https:\/\/www.slclub.hu\/index.php?rest_route=\/wp\/v2\/pages\/3438\/revisions\/4097"}],"wp:attachment":[{"href":"https:\/\/www.slclub.hu\/index.php?rest_route=%2Fwp%2Fv2%2Fmedia&parent=3438"}],"curies":[{"name":"wp","href":"https:\/\/api.w.org\/{rel}","templated":true}]}}

<p><strong>2019.02.17.  Szülinapi Találkozó</strong></p>
<p>Találkozunk 10:30-kor Érdi Tesco (Autómosó) parkolóban Svédasztalos ebéd (1.450,-) előrendelés esetén.</p>
<p><strong>2018.03.14. Suzuki Gyárlátogatás</strong></p>
<p>Március 14-én találkozás a Solymári Auchannál 6:30-kor a konvoj az Esztergomi Tescóhoz megy 7:30-kor. Onnan 8:00-ra a gyárhoz.<br />A gyártást bemutató kisfilm levetítésére a Nagyteremben 8:00 52 fő. Utána a 13 fős kis csoportok kb. 5-15 perc csúsztatással indulnak.<br />Közben városnézés a Bazilikánál másik 2 csoporttal.<br />08:00 max. 52 fő<br />10:00 max. 16 fő<br />12:30 max. 52 fő &#8211; a vetítések miatt vannak az időpontok.</p>
<p>15:00 után Dobogókőre kirándulás, Találkozás a Tesco parkoloban</p>
<p data-testid="event-permalink-event-name"><strong>2018.03.23.  SLCE AMTS<br /></strong></p>
<p data-testid="event-permalink-event-name">8:00-17:00 óráig A stand mögötti A parkolóban</p>
<p><strong>2018.03.30.  Kecskeméti Találkozó</strong></p>
<p>Találkozunk 15:00-kor Kecskeméti Tesco parkolóban</p>
<p id="seo_h1_tag" class="_5gmx" data-testid="event-permalink-event-name"><strong>2018.04.13. Jótékonysági Suzuki és Márkafüggetlen Autós Találkozó</strong></p>
<p>Székesfehérváron lesz a gyülekező 11:00 órakor a Tescónál.</p>
<p>Idén is a Polgárdi Gyerekotthonnak adományozunk, ruhákat, tartós élelmiszereket,tisztálkodási szereket.</p>
<div class="text_exposed_show">
<p>Konvojba fogunk érkezni a gyerekotthonba, természetesen a KRESZ szabályait betartva</p>
<p><strong>2018.04.13.</strong> <strong>SLC-Red Sun Fest</strong></p>
<p>Találkozás Vasárnap(14-én) 8:00-8:30 Halásztelek Aldi</p>
<p><strong><span class="_3xgd">2019.06.15.Suzuki és Márkafüggetlen Családi Találkozó</span></strong></p>
<p>Találkozás 10:00-kot Tatabányán CBA (Vértesszölős Határ út)</p>
</div>
<p><strong>2019.07.21. IV. Ercsi Autó és Motor Találkozó</strong></p>
<div class="" data-block="true" data-editor="4q4u6" data-offset-key="3n6sj-0-0">
<div class="_1mf _1mj" data-offset-key="3n6sj-0-0"><span data-offset-key="3n6sj-0-0">Szeretettel várunk kicsit és nagyot, autóst és motorost az Ercsi Duna-parton megrendezendő eseményünkön! </span></div>
</div>
<div class="" data-block="true" data-editor="4q4u6" data-offset-key="39sam-0-0">
<div class="_1mf _1mj" data-offset-key="39sam-0-0"><span data-offset-key="39sam-0-0">A rendezvénnyel egy időben egyesületünk megrendezi a 9. Suzuki márkatalálkozót is. Természetesen, mint ahogy írtuk a rendezvény márkafüggetlen, így mindenki jelenlétére számítunk. </span></div>
</div>
<div class="" data-block="true" data-editor="4q4u6" data-offset-key="ei5up-0-0">
<div class="_1mf _1mj" data-offset-key="ei5up-0-0"><span data-offset-key="ei5up-0-0">Emeld te is a rendezvény fényét különleges verdáddal és egy élményekkel dús, pörgős napot hagyjunk magunk mögött!</span></div>
</div>
<div class="" data-block="true" data-editor="4q4u6" data-offset-key="4183n-0-0"> </div>
<div class="" data-block="true" data-editor="4q4u6" data-offset-key="346dc-0-0">
<div class="_1mf _1mj" data-offset-key="346dc-0-0"><span data-offset-key="346dc-0-0">Belépés 11:00 órától, programok kezdete 12:00 órakor.</span></div>
<div data-offset-key="346dc-0-0">
<div class="" data-block="true" data-editor="bh35a" data-offset-key="4t6gv-0-0">
<div class="_1mf _1mj" data-offset-key="4t6gv-0-0"><span data-offset-key="4t6gv-0-0">Emeld te is a rendezvény fényét különleges verdáddal és egy élményekkel dús, pörgős napot hagyjunk magunk mögött!</span></div>
</div>
<div class="" data-block="true" data-editor="bh35a" data-offset-key="3h914-0-0">
<div class="_1mf _1mj" data-offset-key="3h914-0-0"><span data-offset-key="3h914-0-0">Belépő: felnőtt: 1.390.-</span></div>
</div>
<div class="" data-block="true" data-editor="bh35a" data-offset-key="sm7g-0-0">
<div class="_1mf _1mj" data-offset-key="sm7g-0-0"><span data-offset-key="sm7g-0-0">Motoros felnőtt: 900.-</span></div>
</div>
<div class="" data-block="true" data-editor="bh35a" data-offset-key="7neem-0-0">
<div class="_1mf _1mj" data-offset-key="7neem-0-0"><span data-offset-key="7neem-0-0">gyermek: 550.-</span></div>
</div>
<div class="" data-block="true" data-editor="bh35a" data-offset-key="1hsth-0-0">
<div class="_1mf _1mj" data-offset-key="1hsth-0-0"><span data-offset-key="1hsth-0-0">Természetesen gondolunk az ercsi lakosságra is:</span></div>
</div>
<div class="" data-block="true" data-editor="bh35a" data-offset-key="120fe-0-0">
<div class="_1mf _1mj" data-offset-key="120fe-0-0"><span data-offset-key="120fe-0-0">Ercsi lakcímkártya felmutatásával gyalogosan (nézelődő) 400.-</span></div>
<div data-offset-key="120fe-0-0">Széria-Épített autó &#8211; 1500 ccm között<br />Széria-Épített autó 1501 &#8211; 1800 ccm között<br />Széria-Épített autó 1801 &#8211; ccm között</div>
<div data-offset-key="120fe-0-0">
<div id="js_e2" class="_5pbx userContent _3576" data-testid="post_message" data-ft="{&quot;tn&quot;:&quot;K&quot;}">
<p>&#8211; Autós és motoros szépségverseny Top 3 kategória + különdíj<br />-Street(Utcai autók, komolyabb tuninggal)<br />-Show(Teljesen átépített, egyedi tuningautók)<br />-Original(Utcai autók, kisebb tuninggal)</p>
<p><strong>2019.09.14. Márkafüggetlen Családi Találkozó (Hetényegyháza Mámoritó)</strong></p>
<p>9:30- kor találkozás Kecskeméti Tesco parkolóban.- autós ügyességi verseny- vakon szlalom- felni kitartó verseny- Jimny és Vitara tesztvezetés- Párhuzamos verseny Suzuki Jimny a lovas fogat ellen. (Hajtók Bojári István és Gáspár Szilvi)</p>
<h6>2019.10.12. Tatabányai MiniTali</h6>
<p><span data-offset-key="chglk-0-0">Helyszín: Tatabánya-CBA sztárda (Burger King parkoló)</span>17:00</p>
<h2><span style="font-size: 10.0pt;">2019.10.19.</span><span style="font-size: 10.0pt; line-height: 115%;">Suzuki és Márkafüggetlen Autós Motoros Találkozó Campona</span></h2>
<p>Jó időben VV villa melletti parkolóban,Rossz idő esetén parkolóház emeletén leszünk,Találkozó után 14:00-kor convoj a Lurdyba( vagy Duna partra).12:00-kor szavazatszámlálás a szépségversenyre.</p>
<h2><span style="font-size: 10.0pt;">2019.11.16.Jótékonysági Suzuki és Márkafüggetlen Autós Találkozó</span></h2>
<p>Idén is gyűjtünk a Polgárdi Gyermekotthonnak téli ruházatot és tisztálkodási dolgokat</p>
<h2 id="mce_25" class="editor-rich-text__tinymce mce-content-body" role="textbox" contenteditable="true" aria-label="Írjunk címsort…" aria-autocomplete="list" aria-multiline="true" data-is-placeholder-visible="false"> </h2>
</div>
<div class="_3x-2" data-ft="{&quot;tn&quot;:&quot;H&quot;}">
<div data-ft="{&quot;tn&quot;:&quot;H&quot;}">
<div class="mtm">
<div class="_2a2q _65sr">
<div class="uiScaledImageContainer"> </div>
</div>
</div>
</div>
</div>
</div>
</div>
</div>
</div>


<h2 class="wp-block-heading"> <br><br> </h2>



<p>  </p>



<p>  <br><br></p>



<h2 class="wp-block-heading"> </h2>



<p></p>



<p><br></p>

<p>2019.02.17.  Szülinapi Találkozó Találkozunk 10:30-kor Érdi Tesco (Autómosó) parkolóban Svédasztalos ebéd (1.450,-) előrendelés esetén. 2018.03.14. Suzuki Gyárlátogatás Március 14-én találkozás a Solymári Auchannál 6:30-kor a konvoj az Esztergomi Tescóhoz megy 7:30-kor. Onnan 8:00-ra a gyárhoz.A gyártást bemutató kisfilm levetítésére a Nagyteremben 8:00 52 fő. Utána a 13 fős kis csoportok kb. 5-15 perc csúsztatással indulnak.Közben &hellip; <a href="https://www.slclub.hu/?page_id=3438" class="more-link"><span class="screen-reader-text">2019</span> bővebben&#8230; <span class="meta-nav">&rarr;</span></a></p>
