{"id":4542,"date":"2021-05-20T14:46:00","date_gmt":"2021-05-20T12:46:00","guid":{"rendered":"http:\/\/www.slclub.hu\/?page_id=4542"},"modified":"2021-05-20T14:46:00","modified_gmt":"2021-05-20T12:46:00","slug":"2021-05-08-suzukis-es-markafuggetlen-adomanyozas","status":"publish","type":"page","link":"https:\/\/www.slclub.hu\/?page_id=4542","title":{"rendered":"2021.05.08. Suzukis \u00e9s M\u00e1rkaf\u00fcggetlen Adom\u00e1nyoz\u00e1s"},"content":{"rendered":"","protected":false},"excerpt":{"rendered":"","protected":false},"author":1,"featured_media":0,"parent":0,"menu_order":0,"comment_status":"closed","ping_status":"closed","template":"","meta":{"footnotes":""},"class_list":["post-4542","page","type-page","status-publish","hentry"],"_links":{"self":[{"href":"https:\/\/www.slclub.hu\/index.php?rest_route=\/wp\/v2\/pages\/4542","targetHints":{"allow":["GET"]}}],"collection":[{"href":"https:\/\/www.slclub.hu\/index.php?rest_route=\/wp\/v2\/pages"}],"about":[{"href":"https:\/\/www.slclub.hu\/index.php?rest_route=\/wp\/v2\/types\/page"}],"author":[{"embeddable":true,"href":"https:\/\/www.slclub.hu\/index.php?rest_route=\/wp\/v2\/users\/1"}],"replies":[{"embeddable":true,"href":"https:\/\/www.slclub.hu\/index.php?rest_route=%2Fwp%2Fv2%2Fcomments&post=4542"}],"version-history":[{"count":1,"href":"https:\/\/www.slclub.hu\/index.php?rest_route=\/wp\/v2\/pages\/4542\/revisions"}],"predecessor-version":[{"id":4544,"href":"https:\/\/www.slclub.hu\/index.php?rest_route=\/wp\/v2\/pages\/4542\/revisions\/4544"}],"wp:attachment":[{"href":"https:\/\/www.slclub.hu\/index.php?rest_route=%2Fwp%2Fv2%2Fmedia&parent=4542"}],"curies":[{"name":"wp","href":"https:\/\/api.w.org\/{rel}","templated":true}]}}