{"id":551,"date":"2014-08-26T08:31:55","date_gmt":"2014-08-26T06:31:55","guid":{"rendered":"http:\/\/www.slclub.hu\/?page_id=551"},"modified":"2018-02-23T20:56:11","modified_gmt":"2018-02-23T19:56:11","slug":"kapcsolat","status":"publish","type":"page","link":"https:\/\/www.slclub.hu\/?page_id=551","title":{"rendered":"F\u0151oldal"},"content":{"rendered":"<p>Suzuki Lover Club Connect, With A Feeling ..<\/p>\n<p>Ercsi m\u00e1rka f\u00fcggetlen aut\u00f3s-motoros tal\u00e1lkoz\u00f3 \u00e9s<br \/>\n8. Suzuki m\u00e1rka tal\u00e1lkoz\u00f3 2018.07.21.<\/p>\n<p>T\u00f6rt\u00e9net\u00fcnk ott kezd\u0151dik, hogy 2015 szeptember\u00e9ben felk\u00e9r\u00e9st kaptunk Gy\u0151ri M\u00e1t\u00e9 Polg\u00e1rmester \u00dart\u00f3l, hogy rendezz\u00fcnk Ercsi v\u00e1ros\u00e1ban egy aut\u00f3s-motoros tal\u00e1lkoz\u00f3t.<br \/>\nOlyant, amilyent a Suzuki Lover Club vezet\u0151s\u00e9gek\u00e9nt m\u00e1r sokszor csin\u00e1ltunk, m\u00e9gis egy kicsit legyen m\u00e1s, mozgassuk meg Ercsi lakoss\u00e1g\u00e1t, hozzunk sz\u00ednt a k\u00f6z\u00f6ss\u00e9gi \u00e9let\u00fcnkbe.<br \/>\nKit\u0171zetett az id\u0151pont: legyen mindez 2016. j\u00falius 23-\u00e1n.<br \/>\nHosszas szervez\u00e9s k\u00f6vetkezett, kedves, seg\u00edt\u0151k\u00e9sz hat\u00f3s\u00e1gi \u00e9s mag\u00e1nemberek k\u00f6zrem\u0171k\u00f6d\u00e9s\u00e9vel beindult a g\u00e9pezet. Ahol megfordultunk ott jegyzetelt\u00fcnk, pap\u00edrok teltek meg tennival\u00f3kkal, beszerz\u00e9sre v\u00e1r\u00f3 enged\u00e9lyek, t\u00e1rgyak list\u00e1j\u00e1val, nevekkel, akik hat\u00e9kony seg\u00edts\u00e9get ny\u00fajthattak az int\u00e9zend\u0151k tenger\u00e9ben. Megny\u00edlt a &#8222;z\u00f6ld mappa&#8221;, melyben sz\u00e9pen lef\u0171zve hevert minden irat, e-mail, szerz\u0151d\u00e9s, ami a tal\u00e1lkoz\u00f3hoz kellett. \u00d6ssze\u00e1ll\u00edtottuk a rendezv\u00e9ny programj\u00e1t, elvett\u00fcnk, hozz\u00e1tett\u00fcnk, igaz\u00edtottuk az id\u0151pontokat. N\u00e9ha t\u00fal gyorsan, m\u00e1skor sz\u00f6rny\u0171 lassan telt az id\u0151, de v\u00e9gt\u00e9re is egyre k\u00f6zeledett a v\u00e1rva v\u00e1rt nagy nap!<\/p>\n<p>Es\u0151s szombat reggelre \u00e9bredt\u00fcnk, agg\u00f3dva k\u00e9mlelt\u00fck az ablakon \u00e1t az eget. A tal\u00e1lkoz\u00f3ra igyekv\u0151 vend\u00e9gekt\u0151l j\u00f6ttek folyamatosan az \u00e9rtes\u00edt\u00e9sek: elkezdhetj\u00fck az el\u0151k\u00e9sz\u00fcleteket, m\u00e1r s\u00fct a nap!<br \/>\n\u00cdgy is tett\u00fcnk, gyorsan felszerelt\u00fck az \u00fatbaigaz\u00edt\u00f3 t\u00e1bl\u00e1kat \u00e9s ir\u00e1ny a Duna part!<\/p>\n<p>Rengeteg dolgunk volt, kiss\u00e9 fesz\u00fclten n\u00e9zegett\u00fck az \u00f3r\u00e1t, mert bizony cs\u00fasz\u00e1sban voltunk. Szerencs\u00e9re polg\u00e1r\u0151r koll\u00e9g\u00e1ink \u00e9s bar\u00e1taink k\u00f6zrem\u0171k\u00f6d\u00e9s\u00e9vel gyorsan fel\u00e1ll\u00edtottuk a s\u00e1trakat, meg\u00e9p\u00edtett\u00fck az \u00fcgyess\u00e9gi p\u00e1ly\u00e1t, k\u00f6zben meg\u00e9rkeztek az \u00e1rusok, a ki\u00e1ll\u00edt\u00e1sra megh\u00edvott aut\u00f3k. Nem volt zavartalan a k\u00e9sz\u00fcl\u0151d\u00e9s\u00fcnk. Akadt kev\u00e9sbb\u00e9 m\u00f3k\u00e1s \u00e9s nagyon nevettet\u0151 baki, mint p\u00e9ld\u00e1ul a fest\u00e9kspray, mely k\u00e9zb\u0151l kies\u00e9se folyt\u00e1n kilyukadt \u00e9s a k\u00f6r\u00fcl\u00f6tte \u00e1ll\u00f3kat sz\u00e9p piros fest\u00e9kkel vonta be! Sebaj, minden p\u00f3tolhat\u00f3!<br \/>\n10 \u00f3r\u00e1ra k\u00e9szen \u00e1llt a Duna part a programok megrendez\u00e9s\u00e9re.<br \/>\nA Spar parkol\u00f3ban gy\u00fclekeztek a vend\u00e9gek, magunk sem hitt\u00fck, de olyan sokan, hogy id\u0151 el\u0151tt el kellett ind\u00edtani a konvojt, mert nem f\u00e9rtek el az aut\u00f3k! Felvonul\u00e1sunk nem maradt hat\u00e1s n\u00e9lk\u00fcl, Ercsi v\u00e1ros lakoss\u00e1ga figyelm\u00e9t nem ker\u00fclte el a hatalmas sor.<\/p>\n<p>Meg\u00e9rkezt\u00fcnk a Duna partra, ahol sz\u00e1nd\u00e9kaink szerint parkol\u00e1s, \u00fcnnep\u00e9lyes megnyit\u00f3, majd regisztr\u00e1ci\u00f3 k\u00f6vetkezett volna. Ekkor szembes\u00fclt\u00fcnk m\u00e1sodszor azzal, hogy bizony sokkal t\u00f6bben \u00e9rdekl\u0151dnek a tal\u00e1lkoz\u00f3 ir\u00e1nt, mint amennyire mi gondoltunk. R\u00f6gt\u00f6nz\u00f6tt v\u00e1lt\u00e1s, indult m\u00e1ris a benevez\u00e9s, feliratkoz\u00e1s, sorsz\u00e1m kiad\u00e1s \u00e9s a gy\u00f6ny\u00f6r\u0171 parton a bemutatkoz\u00f3 helyek elfoglal\u00e1sa.<br \/>\n\u00d6r\u00f6mmel \u00fcdv\u00f6z\u00f6lhett\u00fcnk sok r\u00e9gi clubtagot, kedves ismer\u0151s\u00f6ket, bar\u00e1tokat \u00e9s ismerkedt\u00fcnk az \u00faj vend\u00e9gekkel. A r\u00e9sztvev\u0151k is fontosnak tartott\u00e1k, hogy megszeml\u00e9lj\u00e9k a legut\u00f3bbi tal\u00e1lkoz\u00e1s \u00f3ta t\u00f6rt\u00e9nt v\u00e1ltoz\u00e1sokat, hisz egy aut\u00f3, f\u0151leg tuning kateg\u00f3ri\u00e1ban mindig v\u00e1ltozik kornak \u00e9s divatnak, valamint egy\u00e9ni \u00edzl\u00e9snek megfelel\u0151en.<\/p>\n<p>Kicsit megk\u00e9sve ker\u00fclt sor a megnyit\u00f3ra. Papp Gy\u00f6rgy Alpolg\u00e1rmester \u00dar k\u00f6sz\u00f6nt\u00f6tte a v\u00e1rosba l\u00e1togat\u00f3kat, elmes\u00e9lve, hogy maga is boldog Suzuki tulajdonos volt egykor \u00e9s milyen remekbe szabott kis g\u00e9pek ezek, hiszen k\u00f6lts\u00e9gk\u00edm\u00e9l\u0151 \u00e1ron lehet fenntartani, emellett nagyon megb\u00edzhat\u00f3ak.<br \/>\nMiut\u00e1n mindeki t\u00falesett a viszontl\u00e1t\u00e1s boldog percein, lassan kezdet\u00e9t vette a fel\u00e1ll\u00edtott program:<br \/>\nPatriCar kipufog\u00f3 \u00e9s hangnyom\u00e1s m\u00e9r\u00e9se d\u00f6nt\u00f6tte a n\u00e9pszer\u0171s\u00e9gi cs\u00facsot, f\u0151leg a fiatalabb koroszt\u00e1ly k\u00f6r\u00e9ben. Hossz\u00fa sor \u00e1llt a s\u00e1tor el\u0151tt, melynek asztal\u00e1n szebbn\u00e9l szebb kup\u00e1k sorakoztak v\u00e1rva, hogy d\u00edsz\u00edthess\u00e9k a leghangosabb aut\u00f3k gazd\u00e1j\u00e1nak egyik vitrinj\u00e9t.<br \/>\nA sportol\u00f3 Sz\u0151dy fiv\u00e9rek tesztelt\u00e9k az \u00fcgyess\u00e9gi p\u00e1ly\u00e1t \u00e9s dics\u00e9rt\u00e9k neh\u00e9zs\u00e9gi fok\u00e1t.<\/p>\n<p>A sz\u00ednpadot k\u00f6zben elfoglalt\u00e1k a fell\u00e9p\u0151k, s m\u00edg a vend\u00e9gek a Kik\u00f6t\u0151 \u00c9tterem \u00e9s Panzi\u00f3 h\u00f6lgyei \u00e1ltal felszolg\u00e1lt eb\u00e9det fogyasztott\u00e1k, elkezd\u0151d\u00f6tt a m\u0171sor.<br \/>\nA R\u00e1ckereszt\u00fari Dar\u00e1zsder\u00e9k t\u00e1ncegy\u00fcttes matr\u00f3z t\u00e1nca nyitott, majd az Eg\u00e9szs\u00e9ges \u00c9letm\u00f3d Egyes\u00fclet western t\u00e1nca mutatkozott be f\u00fclbem\u00e1sz\u00f3 dallamokkal, \u0151ket k\u00f6vette Ban\u00e1di Edmond \u00e9s a Zumba Fitness csoport, majd visszat\u00e9rtek a r\u00e1ckereszt\u00fari h\u00f6lgyek \u00e9s kirobban\u00f3 sikert arattak Rend\u0151rn\u0151 c\u00edm\u0171 produkci\u00f3jukkal.<\/p>\n<p>Kint a szabad t\u00e9ren zajlottak a versenyek, ki v\u00e9resen komolyan, ki m\u00f3k\u00e1san vette az akad\u00e1lyokat. Bizony aut\u00f3s k\u00f6r\u00f6kben is egy egy kiugr\u00f3 siker hatalmas n\u00e9pszer\u0171s\u00e9ggel j\u00e1r, egyhamar nem felejtik el sem az aut\u00f3t, sem a tulajdonos\u00e1t.<br \/>\nM\u00e9rk\u0151ztek f\u00e9rfiak \u00e9s h\u00f6lgyek felni kitart\u00e1sban, \u00fcgyess\u00e9gben, szavaztak a legszebb aut\u00f3kra, rendel\u00e9seket adhattak le a Suzuki Lover Club s\u00e1tr\u00e1n\u00e1l, ahol kisebb ki\u00e1ll\u00edt\u00e1s v\u00e1rta az \u00e9rdekl\u0151d\u0151ket az egyes\u00fclet aj\u00e1nd\u00e9kt\u00e1rgyaib\u00f3l.<\/p>\n<p>A nap legmulats\u00e1gosabb \u00e9s legl\u00e1tv\u00e1nyosabb mozzanata az aut\u00f3s limbo volt. Sokan elk\u00e9pzelni sem tudt\u00e1k, hogyan lehet aut\u00f3val ilyent j\u00e1tszani \u00e9s k\u00edv\u00e1ncsi szemek vett\u00e9k k\u00f6r\u00fcl a versenyen j\u00e1rtass\u00e1gukr\u00f3l tan\u00fabizonys\u00e1got tev\u0151 j\u00e1rm\u0171veket. Itt bizony minden sz\u00e1m\u00edt \u00e9s mindent szabad! \u00c9rv\u00e9nyes az is, ha 1-1 elem leker\u00fcl az aut\u00f3r\u00f3l, ha a forgalomban lehets\u00e9gesn\u00e9l t\u00f6bben \u00fclnek bele, vagy \u00e9ppen r\u00e1, csak \u00fagy vagy pokr\u00f3ccal v\u00e9dve a lakkoz\u00e1st.<\/p>\n<p>\u00c9rdekess\u00e9gk\u00e9nt m\u00e9g a polg\u00e1r\u0151r aut\u00f3 is be\u00e1llt a megm\u00e9rettet\u00e9sre:<\/p>\n<p>K\u00f6zben nem feledkezhet\u00fcnk meg a motorokr\u00f3l sem. L\u00e9vai \u00c1rpi b\u00e1csi veter\u00e1njai sz\u00e9p sz\u00e1mmal vonultak fel. Bizony nagyra ny\u00edlt szemekkel csod\u00e1ltuk a g\u00e9peket, nagyap\u00e1ink, d\u00e9dap\u00e1ink kedvenceit. Csepelek, Pann\u00f3ni\u00e1k \u00e9s egy\u00e9b r\u00e9gi sz\u00e9ps\u00e9gek k\u00f6z\u00f6tt az\u00e9rt tal\u00e1ltunk ifj\u00fa g\u00e9pet is, mellette felsorakoztatva az idei \u00e9v gy\u0151zelmi kup\u00e1i.<\/p>\n<p>Gy\u00f6ny\u00f6r\u0171 naps\u00fct\u00e9sben, kellemes h\u0151m\u00e9rs\u00e9kletben, vonz\u00f3 programokkal gyorsan tovarep\u00fcl az egy\u00fctt t\u00f6lt\u00f6tt id\u0151! A tombola sorsol\u00e1sban sok szerencs\u00e9s nyertest \u00fcdv\u00f6z\u00f6lhett\u00fcnk, \u00e9s k\u00fcl\u00f6n \u00f6r\u00f6m\u00fcnkre szolg\u00e1lt, hogy b\u00e1r v\u00e9letlen folyt\u00e1n, de egy m\u00e1sik Suzuki club vezet\u0151je nyerte a f\u0151d\u00edjat.<br \/>\nEzenk\u00f6zben meg\u00e9rkeztek a zenei el\u0151ad\u00e1sra megh\u00edvott vend\u00e9gek, hogy el\u0151k\u00e9sz\u00fcljenek a koncertekre. R\u00f6gt\u00f6nz\u00f6tt \u00f6tlet alapj\u00e1n, mely v\u00e9g\u00fcl j\u00f3l s\u00fclt el, az egy\u00fcttesek frontemberei adt\u00e1k \u00e1t els\u0151k\u00e9nt a versenyek d\u00edjait.<\/p>\n<p>T\u00e1mogat\u00f3ink seg\u00edts\u00e9g\u00e9vel \u00e9rt\u00e9kes csomagokat k\u00e9sz\u00edthett\u00fcnk a d\u00edjazottaknak, akik b\u00fcszke boldogs\u00e1ggal vett\u00e9k \u00e1t aj\u00e1nd\u00e9kaikat.<br \/>\nA t\u00f6bbs\u00e9gnek elj\u00f6tt a b\u00facs\u00faz\u00e1s ideje, \u00e9lm\u00e9nyekkel telve, bar\u00e1ts\u00e1gokat \u00e1polva \u00e9s \u00fajakat k\u00f6tve, kiss\u00e9 f\u00e1radtan indultak el. Megk\u00f6sz\u00f6nt\u00e9k a szervez\u00e9st, sokan &#8222;j\u00f6v\u0151re \u00fajra&#8221; felki\u00e1lt\u00e1ssal, konvojban vagy egyes\u00e9vel t\u00e9rtek haza.<br \/>\nA k\u00e9t koncert csal\u00e1dias l\u00e9tsz\u00e1mmal \u00e9s hangulatban zajlott. Piszkos Fred \u00edr dallamokkal motiv\u00e1lt zen\u00e9je hamar elnyerte azok tetsz\u00e9s\u00e9t is, akik kor\u00e1bban nem hallott\u00e1k \u0151ket j\u00e1tszani.<\/p>\n<p>Romantikus Er\u0151szak zenekar akusztikus el\u0151ad\u00e1s\u00e1ra le\u00fclt\u00fcnk a sz\u00ednpad el\u00e9, \u00e9s Bal\u00e1zs kedvesen \u00fagy k\u00f6sz\u00f6nt\u00f6tt minket, hogy akik jelen vannak, szinte mindenkit n\u00e9vr\u0151l ismer. Megmosolyogtat\u00f3 \u00e9s egyben nagyon bens\u0151s\u00e9ges hangulatot alapozott. Felcsend\u00fcltek a j\u00f3l ismert akkordok, egy\u00fctt \u00e9nekelt\u00fcnk a sr\u00e1cokkal, feleleven\u00edtve a magyar n\u00e9p t\u00f6rt\u00e9nelm\u00e9t, h\u0151sies h\u00e1rbor\u00fait, tettrek\u00e9sz v\u00e1rv\u00e9d\u0151it, diadalmas gy\u0151zelmeit.<\/p>\n<p>Mire v\u00e9ge lett a koncertnek este 20 \u00f3ra volt, a rendezv\u00e9ny programj\u00e1nak meg\u00edg\u00e9rt v\u00e9ge.<br \/>\nElk\u00f6sz\u00f6nt\u00fcnk bar\u00e1tainkt\u00f3l, akik v\u00e9gig vel\u00fcnk egy\u00fctt bonyol\u00edtott\u00e1k a rendezv\u00e9nyt, seg\u00e9dkeztek mindenf\u00e9le h\u00e1tt\u00e9rmunk\u00e1kban, elb\u00facs\u00faztunk a zenekarokt\u00f3l, kifizett\u00fck a sz\u00e1ml\u00e1kat, elpakoltuk a kell\u00e9keket, egy helyre gy\u0171jt\u00f6tt\u00fck a szemetet, egy utols\u00f3 k\u00f6rszemle \u00e9s hazat\u00e9rt\u00fcnk mi is.<br \/>\nAddigra a jelenkor divatj\u00e1nak megfelel\u0151en tele volt a Facebook \u00e9lm\u00e9nybesz\u00e1mol\u00f3kkal, t\u00f6bb tucatj\u00e1val f\u00e9nyk\u00e9pek \u00e9s videok az els\u0151 Ercsi m\u00e1rkaf\u00fcggetlen aut\u00f3s-motoros \u00e9s 6. Suzuki m\u00e1rkatal\u00e1lkoz\u00f3r\u00f3l. Egy k\u00e9p &#8211; \u00fagy h\u00edrlik &#8211; t\u00f6bbet mond ezer sz\u00f3n\u00e1l. Sok ezer sz\u00f3nak megfelel\u0151 k\u00e9p mes\u00e9l ma is arr\u00f3l a napr\u00f3l, melyen megannyi szem csillant fel a Dun\u00e1val azonos hull\u00e1mhosszon, hogy mily gy\u00f6ny\u00f6r\u0171 \u00e9s csod\u00e1latos, nyugalmat \u00e1raszt\u00f3 \u00e9s t\u00e1gas, csendes, m\u00e9gis hull\u00e1mokt\u00f3l zajos a mi kis Ercsi Duna partunk! Azon a napon, melyen megtelt \u00e9lettel, aut\u00f3kkal, emberekkel.<br \/>\nV\u00e9g\u00fcl \u00e1lljon itt egy k\u00f6sz\u00f6net Ercsi v\u00e1ros\u00e1nak \u00e9s tisztelettel k\u00f6sz\u00f6nj\u00fck Mindenkinek, hogy ez a rendezv\u00e9ny megval\u00f3sult! Nincs v\u00e9ge, m\u00e1r k\u00e9sz\u00fcl\u0151d\u00fcnk, hogy<br \/>\n&#8222;J\u00d6V\u0150RE VELETEK UGYANITT!&#8221;<\/p>\n<p>Suzuki Lover Club, Ercsi, 2016.09.03.<\/p>\n","protected":false},"excerpt":{"rendered":"<p>Suzuki Lover Club Connect, With A Feeling .. Ercsi m\u00e1rka f\u00fcggetlen aut\u00f3s-motoros tal\u00e1lkoz\u00f3 \u00e9s 8. Suzuki m\u00e1rka tal\u00e1lkoz\u00f3 2018.07.21. T\u00f6rt\u00e9net\u00fcnk ott kezd\u0151dik, hogy 2015 szeptember\u00e9ben felk\u00e9r\u00e9st kaptunk Gy\u0151ri M\u00e1t\u00e9 Polg\u00e1rmester \u00dart\u00f3l, hogy rendezz\u00fcnk Ercsi v\u00e1ros\u00e1ban egy aut\u00f3s-motoros tal\u00e1lkoz\u00f3t. Olyant, amilyent a Suzuki Lover Club vezet\u0151s\u00e9gek\u00e9nt m\u00e1r sokszor csin\u00e1ltunk, m\u00e9gis egy kicsit legyen m\u00e1s, mozgassuk meg &hellip; <a href=\"https:\/\/www.slclub.hu\/?page_id=551\" class=\"more-link\"><span class=\"screen-reader-text\">F\u0151oldal<\/span> b\u0151vebben&#8230; <span class=\"meta-nav\">&rarr;<\/span><\/a><\/p>\n","protected":false},"author":1,"featured_media":0,"parent":0,"menu_order":0,"comment_status":"open","ping_status":"open","template":"","meta":{"footnotes":""},"class_list":["post-551","page","type-page","status-publish","hentry"],"_links":{"self":[{"href":"https:\/\/www.slclub.hu\/index.php?rest_route=\/wp\/v2\/pages\/551","targetHints":{"allow":["GET"]}}],"collection":[{"href":"https:\/\/www.slclub.hu\/index.php?rest_route=\/wp\/v2\/pages"}],"about":[{"href":"https:\/\/www.slclub.hu\/index.php?rest_route=\/wp\/v2\/types\/page"}],"author":[{"embeddable":true,"href":"https:\/\/www.slclub.hu\/index.php?rest_route=\/wp\/v2\/users\/1"}],"replies":[{"embeddable":true,"href":"https:\/\/www.slclub.hu\/index.php?rest_route=%2Fwp%2Fv2%2Fcomments&post=551"}],"version-history":[{"count":38,"href":"https:\/\/www.slclub.hu\/index.php?rest_route=\/wp\/v2\/pages\/551\/revisions"}],"predecessor-version":[{"id":2861,"href":"https:\/\/www.slclub.hu\/index.php?rest_route=\/wp\/v2\/pages\/551\/revisions\/2861"}],"wp:attachment":[{"href":"https:\/\/www.slclub.hu\/index.php?rest_route=%2Fwp%2Fv2%2Fmedia&parent=551"}],"curies":[{"name":"wp","href":"https:\/\/api.w.org\/{rel}","templated":true}]}}