{"id":5719,"date":"2024-11-27T09:11:11","date_gmt":"2024-11-27T08:11:11","guid":{"rendered":"http:\/\/www.slclub.hu\/?page_id=5719"},"modified":"2025-11-11T08:00:42","modified_gmt":"2025-11-11T07:00:42","slug":"2025-2","status":"publish","type":"page","link":"https:\/\/www.slclub.hu\/?page_id=5719","title":{"rendered":"2025"},"content":{"rendered":"\n<p><strong>2025.02.22. SLCE &#8211; 5.Aut\u00f3s Farsang \u00e9s Gumball<\/strong><\/p>\n\n\n\n<ol class=\"wp-block-list\">\n<li>2025-ben 5. jubileumi alkalommal rendezz\u00fck meg ezt az aut\u00f3s farsangot ahol az aut\u00f3k , motorok \u00e9s a tulajdonosaik is be\u00f6lt\u00f6zhetnek farsang alkalm\u00e1b\u00f3l \u00e9s b\u00edzhatunk is mindenkit hogy tegyenek \u00edgy. C\u00e9lunk , hogy mindenki j\u00f3l \u00e9rezze mag\u00e1t \u00e9s egy\u00fctt \u0171zz\u00fck el a telet. Jelen esem\u00e9ny\u00fcnk is j\u00f3t\u00e9konys\u00e1gi lesz \u00edgy a nevez\u00e9si d\u00edjat ami 2000Ft, felaj\u00e1nljuk a balatonszemesi adom\u00e1nybank r\u00e9sz\u00e9re.<\/li>\n\n\n\n<li>V\u00e1runk minden kedves \u00e9rdekl\u0151d\u0151t \u00e9s t\u00e1mogat\u00f3t!<\/li>\n\n\n\n<li>Mik lesznek a programok?<\/li>\n\n\n\n<li>1. Gy\u00fclekez\u0151 a Fortuna parkol\u00f3ban. (9:30)<\/li>\n\n\n\n<li>2. Vegyetek r\u00e9szt a gumball-on ami egy verseny megadott helysz\u00edneken val\u00f3 csekkpont-ok k\u00f6z\u00f6tt. Minden pont helysz\u00edn\u00e9t egy versszer\u0171 feladv\u00e1ny \u00e1rulja el. Minden ponton feladat v\u00e1r r\u00e1tok(a leghamarabb befut\u00f3 nyer). (10:00-13:45)<\/li>\n\n\n\n<li>3. A gy\u00fclekez\u0151 helyr\u0151l egy felvonul\u00e1ssal megy\u00fcnk fel a kishegybe. (14:00)<\/li>\n\n\n\n<li>4. Kishegyben m\u00e9g egy\u00e9b programok v\u00e1rhatnak r\u00e1tok amit k\u00e9s\u0151bb tudtok meg.<\/li>\n\n\n\n<li>5. Eredm\u00e9nyhirdet\u00e9s (15:00?)<\/li>\n<\/ol>\n\n\n\n<p><strong>2025.04.11. Suzuki Gy\u00e1rl\u00e1togat\u00e1s 2025 <\/strong><\/p>\n\n\n\n<p>P\u00e9nteken reggel a Solym\u00e1ri Auchann\u00e1l (Solym\u00e1r, Szent Fl\u00f3ri\u00e1n u. 4, 2083) tal\u00e1lkozunk reggel 06:30-07.:00 k\u00f6z\u00f6tt.<\/p>\n\n\n\n<p>Onnan a konvoj az Esztergomi Tescohoz megy, (Esztergom, M\u00e1ty\u00e1s kir\u00e1ly u. 30, 2500) ahol az oda \u00e9rkez\u0151ket 08:00-08:15 k\u00f6z\u00f6tt v\u00e1rjuk.<\/p>\n\n\n\n<p>8:30-ra egy\u00fctt megy\u00fcnk\/\u00e9rkez\u00fcnk a gy\u00e1rhoz.<br>Akik gyerekkel j\u00f6nnek, vegy\u00e9k figyelembe, hogy az als\u00f3 korhat\u00e1r 4 \u00e9v!<br>Neveket ,Szig.sz\u00e1m, telefonsz\u00e1mot(+36)\u00e9s Lakc\u00edmet emailban k\u00e9rem slckapcsolat@gmail.com<br>A ruh\u00e1zat k\u00f6telez\u0151en mindenkinek: z\u00e1rt lapos cip\u0151 ( magassark\u00fa \u00e9s m\u00e1s platformos cip\u0151 szigor\u00faan TILOS), hossz\u00fa ujj\u00fa fels\u0151, hossz\u00fa nadr\u00e1g.<\/p>\n\n\n\n<p><strong>2025.05.03. SLCE &#8211; II. Budakeszi Retr\u00f3 \u00e9s 15.Suzuki Tal\u00e1lkoz\u00f3<\/strong><\/p>\n\n\n\n<p>Veter\u00e1n, Retr\u00f3 aut\u00f3s ki\u00e1ll\u00edt\u00e1s<br>A ki\u00e1ll\u00edt\u00e1s menetrendje a k\u00f6vetkez\u0151:<br>Be\u00e9rkez\u00e9s : 2025. m\u00e1jus 3. 7:00-10:00<br>Megnyit\u00f3: 2025. m\u00e1jus 3. 10:00<br>Ki\u00e1ll\u00e1s a ter\u00fcletr\u0151l: 2025. m\u00e1jus 3. 20:00-21:00<br>A ki\u00e1ll\u00edt\u00e1sra nevezhet:<br>Szem\u00e9lyg\u00e9pkocsit,<br>Buszt,<br>Motorker\u00e9kp\u00e1rt,<br>Katonai j\u00e1rm\u0171vet,<br>Ker\u00e9kp\u00e1rt,<br>Ha r\u00e9szt szeretne venni rendezv\u00e9ny\u00fcnk\u00f6n, a biztos\u00edt\u00e1s \u00e9s egy\u00e9b adminisztr\u00e1ci\u00f3s okok miatt az al\u00e1bbi adatokat k\u00e9rem k\u00fcldje el nek\u00fcnk :<br>Gy\u00e1rtm\u00e1ny, T\u00edpus, \u00c9vj\u00e1rat, Motor elrendez\u00e9s, Henger\u0171rtartalom, Teljes\u00edtm\u00e9ny, Tulajdonos neve, J\u00e1rm\u0171 forgalmi rendsz\u00e1ma, amennyiben forgalmival nem rendelkezik, a j\u00e1rm\u0171 alv\u00e1zsz\u00e1ma.<br>K\u00e9rem a j\u00e1rm\u0171r\u0151l a jelentkez\u00e9sn\u00e9l mell\u00e9keljenek k\u00e9pet \u00e9s egy j\u00e1rm\u0171le\u00edr\u00e1st, t\u00f6rt\u00e9netet is, a k\u00f6nnyebb beazonos\u00edt\u00e1s valamint az adatlap sz\u00ednvonal\u00e1nak emel\u00e9se \u00e9rdek\u00e9ben.<br>Programok:<\/p>\n\n\n\n<ul class=\"wp-block-list\">\n<li>Ingyenes koncertek,<\/li>\n\n\n\n<li>Gyereksarok \/ l\u00e9gv\u00e1r, mini buszoz\u00e1s,<\/li>\n\n\n\n<li>Retr\u00f3 buszoz\u00e1s,<\/li>\n\n\n\n<li>Retr\u00f3 Aut\u00f3k vezet\u00e9se,<\/li>\n\n\n\n<li>Kv\u00edz, tombola, nyerem\u00e9nyj\u00e1t\u00e9kok,<\/li>\n\n\n\n<li>kirakod\u00f3v\u00e1s\u00e1r<\/li>\n\n\n\n<li>Felni tart\u00f3 verseny,<\/li>\n\n\n\n<li>sok egy\u00e9b meglepet\u00e9s<br>Inform\u00e1ci\u00f3: Rebers\u00e1k Attila +36-20-228-79-28<br>A regisztr\u00e1ci\u00f3 p\u00e9nzbe ker\u00fcl 1700 Ft ki\u00e1ll\u00edt\u00f3knak de ez\u00e9rt kapsz egy matric\u00e1t, karszalagot, 1 db tombol\u00e1t \u00e9s zs\u00edroskenyeret a rendezv\u00e9nyen.<br>A l\u00e1togat\u00f3i jegy 1000 Ft ami\u00e9rt kapsz 1 db karszalagot \u00e9s 1 db tombol\u00e1t \u00e9s zs\u00edroskenyeret.<\/li>\n<\/ul>\n\n\n\n<p><strong>2025.05.18. Tavaszi aut\u00f3s csal\u00e1di nap 2025<\/strong><\/p>\n\n\n\n<p>P\u00e1kozdi Pagony &#8211; Vadaspark \u00e9s Arbor\u00e9tum<\/p>\n\n\n\n<p>Tal\u00e1lkozunk 18-\u00e1n 8:00-08:30 k\u00f6z\u00f6tt a T\u00e1bor utcai parkol\u00f3ban (2481 Velence, T\u00e1bor utca)<\/p>\n\n\n\n<p><strong>2025.07.11.-13. Balaton Party Suzuki Klubbal 2025<\/strong><\/p>\n\n\n\n<p>2025-nen is Csatlakozunk \u0160koda Klub Hungary balatoni tal\u00e1lkoz\u00f3j\u00e1hoz.<br>A szervezett programok tekintet\u00e9ben is maradunk a hagyom\u00e1nyokn\u00e1l &#8211; szombaton 10 \u00f3r\u00e1t\u00f3l indul a felvonul\u00e1s jelleg\u0171 k\u00f6z\u00f6s cruising, majd 12 \u00f3r\u00e1t\u00f3l a Geo Rali t\u00e1j\u00e9koz\u00f3d\u00e1si t\u00fara. A r\u00e9szv\u00e9tel ingyenes, a program d\u00edjtalan! A sz\u00e1ll\u00e1sd\u00edjat kell fizetni! A tal\u00e1lkoz\u00f3ra kedvezm\u00e9nyes sz\u00e1ll\u00e1st foglalni csak(!) a kempingen kereszt\u00fcl e.mailben lehet a siocampingkft@gmail.com e.mail c\u00edmen lehet &#8211; a k\u00fcl\u00f6nf\u00e9le weboldalakon nem! Minden esetben k\u00e9rik felt\u0171nteni, hogy a Skoda Tal\u00e1lkoz\u00f3ra \u00e9rkeznek!<br>Egy\u00e9b \u00e9rdekl\u0151d\u00e9s a sz\u00e1ll\u00e1sok ir\u00e1nt a<br>+3670\/597-5313 telefonsz\u00e1mon lehets\u00e9ges!<br>A tal\u00e1lkoz\u00f3ra \u00e9rkez\u0151knek kedvezm\u00e9nyes sz\u00e1ll\u00e1sd\u00edjak ker\u00fclnek meg\u00e1llap\u00edt\u00e1sra, melyeket amint megkaptunk, itt k\u00f6zz\u00e9tessz\u00fck.<br>A kempingr\u0151l b\u0151vebben az al\u00e1bbi weboldalon t\u00e1j\u00e9koz\u00f3dhattok:<br>A tal\u00e1lkoz\u00f3ra sz\u00e1ll\u00e1st foglalni az al\u00e1bbiak szerint lehet:<br>Honlap: <a href=\"https:\/\/siocamp.com\/?fbclid=IwZXh0bgNhZW0CMTAAYnJpZBEwUlUxZ0oxdlNkVUJLSGJ3TgEe3tTURwFT-kJMr-SOMJpl20ygutZ9W0ds1GGLASRp4qOx_REvkXaljr8_aOo_aem_ZEA48mk5QPvWBKntu3Rszw\" target=\"_blank\" rel=\"noreferrer noopener\">https:\/\/siocamp.com\/<\/a><\/p>\n\n\n\n<p><\/p>\n\n\n\n<p><strong>2025.08.21.-23- SLCE &#8211; Felvid\u00e9ki t\u00fara <\/strong><\/p>\n\n\n\n<p>1.nap<br>Z\u00f3lyomi v\u00e1r<br>Nyitvatart\u00e1si id\u0151: szerda &#8211; vas\u00e1rnap: 10.00 &#8211; 17.30<br>\u00c1rjegyz\u00e9k<br>Feln\u0151ttek: 2,70 \u20ac (1100 Huf)<br>Szepesi v\u00e1r<br>Nyitvatart\u00e1si id\u0151:h\u00e9tf\u0151 &#8211; vas\u00e1rnap: 09:00 \u2013 19:00<br>\u00c1rjegyz\u00e9k<br>Feln\u0151ttek: 5 \u20ac (2100Huf)<br>Nedec V\u00e1ra<br>Nyitvatart\u00e1s:<br>kedd\u2013cs\u00fct\u00f6rt\u00f6k 9.00\u201315.00, p\u00e9ntek 9.00\u201312.00, szombat\u2013vas\u00e1rnap \u00e9s \u00fcnnepnap 10.00\u201317.00;<br>bel\u00e9p\u0151: 10 z\u0142,(1000 Huf)<br>2.nap<br>Zbor\u00f3 v\u00e1ra<br>Megk\u00f6zel\u00edt\u00e9s: gyalog Zbor\u00f3 k\u00f6zs\u00e9gb\u0151l a s\u00e1rga jelz\u00e9s ment\u00e9n meredek kapaszkod\u00f3n kb. 30 perc vagy a piros jelz\u00e9s ment\u00e9n \u00f3don t\u00f6lgyfasorral szeg\u00e9lyezett \u00faton kb. 45 perc.<br>Palocsa v\u00e1ra<br>A v\u00e1rat a Lengyelorsz\u00e1gba vezet\u0151 \u00fatvonal v\u00e9delm\u00e9re \u00e9p\u00edtett\u00e9k,<br>Megk\u00f6zel\u00edt\u00e9s: Palocsa k\u00f6zs\u00e9gb\u0151l gyalog kb. 10 perc.<br>Palota &#8211; hat\u00e1rk\u0151<br>Wodospad w Do\u0142\u017cycy<br>3.nap<br>S\u00e1ros v\u00e1ra<br>Megk\u00f6zel\u00edt\u00e9s: g\u00e9pkocsival a domb l\u00e1b\u00e1hoz, onnan a jelzett gyalog\u00fat ment\u00e9n gyalog kb. 45 perc<br>F\u00fcz\u00e9r Als\u00f3- \u00e9s Fels\u0151 V\u00e1ra<br>Feln\u0151tt bel\u00e9p\u0151jegy: 4 000 Ft<\/p>\n\n\n\n<p>Sz\u00e1ll\u00e1s lehet\u0151s\u00e9g\u00e9t m\u00e9g keress\u00fck<\/p>\n\n\n\n<p><strong>2025.08.30. Ep\u00f6li MiniTali \u00e9s f\u0151z\u0151verseny<\/strong><\/p>\n\n\n\n<p>Ep\u00f6l K\u00f6zs\u00e9g \u00d6nkorm\u00e1nyzata v\u00e1rja a civil szervezetek, int\u00e9zm\u00e9nyek, csal\u00e1dok, rokonok, bar\u00e1ti t\u00e1rsas\u00e1gok jelentkez\u00e9s\u00e9t a &#8222;T\u0170ZR\u0150L PATTANT FINOMS\u00c1GOK&#8221; elnevez\u00e9s\u0171 f\u0151z\u0151versenyre, melynek id\u0151pontja 2025. augusztus 30. (szombat) Ep\u00f6l, Sportp\u00e1lya melletti ter\u00fcleten. B\u00e1rmilyen helyben k\u00e9sz\u00fclt \u00e9tellel lehet nevezni a versenyre.<br>12:00 \u00f3rakor t\u0171zgy\u00fajt\u00e1s<br>17:30 \u00f3rakor \u00e9telek \u00e9rt\u00e9kel\u00e9se<br>18:00 \u00f3rakor eredm\u00e9nyhirdet\u00e9s.<\/p>\n\n\n\n<p><strong>2025.09.20. SLCE &#8211; III. Budakeszi Retr\u00f3 \u00e9s 16.Suzuki Tal\u00e1lkoz\u00f3<\/strong><\/p>\n\n\n\n<p>Veter\u00e1n, Retr\u00f3 aut\u00f3s ki\u00e1ll\u00edt\u00e1s<br>A ki\u00e1ll\u00edt\u00e1s menetrendje a k\u00f6vetkez\u0151:<br>Be\u00e9rkez\u00e9s : 2025. szeptember 20.. 8:00-09:00<br>Megnyit\u00f3: 2025. szeptember 20.. 09:00<br>Ki\u00e1ll\u00e1s a ter\u00fcletr\u0151l: 2025. szeptember 20.. 18:00-19:00<br>A ki\u00e1ll\u00edt\u00e1sra nevezhet:<br>Szem\u00e9lyg\u00e9pkocsit,<br>Buszt,<br>Motorker\u00e9kp\u00e1rt,<br>Katonai j\u00e1rm\u0171vet,<br>Ker\u00e9kp\u00e1rt,<br>Ha r\u00e9szt szeretne venni rendezv\u00e9ny\u00fcnk\u00f6n, a biztos\u00edt\u00e1s \u00e9s egy\u00e9b adminisztr\u00e1ci\u00f3s okok miatt az al\u00e1bbi adatokat k\u00e9rem k\u00fcldje el nek\u00fcnk :<br>Gy\u00e1rtm\u00e1ny, T\u00edpus, \u00c9vj\u00e1rat, Motor elrendez\u00e9s, Henger\u0171rtartalom, Teljes\u00edtm\u00e9ny, Tulajdonos neve, J\u00e1rm\u0171 forgalmi rendsz\u00e1ma, amennyiben forgalmival nem rendelkezik, a j\u00e1rm\u0171 alv\u00e1zsz\u00e1ma.<\/p>\n\n\n\n<p><\/p>\n\n\n\n<p><strong>2025.12.07.Kar\u00e1csonyv\u00e1r\u00f3 Tali<\/strong><\/p>\n\n\n\n<p>Az el\u0151z\u0151 \u00e9vekhez hasonl\u00f3an, id\u00e9n is szeretn\u00e9nk \u00f6r\u00f6met okozni egy \u00f3vod\u00e1nak.<\/p>\n\n\n\n<p>F\u0151k\u00e9nt t\u00e1rgyi adom\u00e1nyokban (pl. Pl\u00fcss\u00f6k, j\u00e1t\u00e9kok, rajzeszk\u00f6z\u00f6k, egy\u00e9b, k\u00e9szs\u00e9gfejleszt\u0151 dolgok \u00e9s \u00e9dess\u00e9g) gondolkodunk, de ha valaki \u00fagy gondolja, utalhat is egy \u00e1ltala gondolt \u00f6sszeget az SLC sz\u00e1ml\u00e1ra.<\/p>\n\n\n\n<p>FONTOS!<\/p>\n\n\n\n<p>Ut\u00f3bbi esetben, k\u00e9rlek Benneteket, hogy a megjegyz\u00e9s rovatba \u00edrj\u00e1tok be &#8222;Adom\u00e1ny az \u00f3voda r\u00e9sz\u00e9re&#8221;!<\/p>\n\n\n\n<p>\u00c9dess\u00e9g form\u00e1j\u00e1ban legink\u00e1bb a szaloncukor lenne a legoptim\u00e1lisabb, mert t\u00f6bb csoportban kell majd sz\u00e9tosztanunk \u00e9s j\u00f3 lenne, ha egys\u00e9ges lenne.<\/p>\n\n\n\n<p>Tavaly sz\u00e9p, nagy csomagokat siker\u00fclt \u00f6ssze\u00e1ll\u00edtanunk a seg\u00edts\u00e9getekkel, mely\u00e9rt \u00f6r\u00f6kk\u00e9 h\u00e1l\u00e1sak lesz\u00fcnk!<\/p>\n\n\n\n<p>Rem\u00e9lj\u00fck, id\u00e9n is siker\u00fcl mosolyt csalni a cs\u00f6pps\u00e9gek arc\u00e1ra!<\/p>\n","protected":false},"excerpt":{"rendered":"<p>2025.02.22. SLCE &#8211; 5.Aut\u00f3s Farsang \u00e9s Gumball 2025.04.11. Suzuki Gy\u00e1rl\u00e1togat\u00e1s 2025 P\u00e9nteken reggel a Solym\u00e1ri Auchann\u00e1l (Solym\u00e1r, Szent Fl\u00f3ri\u00e1n u. 4, 2083) tal\u00e1lkozunk reggel 06:30-07.:00 k\u00f6z\u00f6tt. Onnan a konvoj az Esztergomi Tescohoz megy, (Esztergom, M\u00e1ty\u00e1s kir\u00e1ly u. 30, 2500) ahol az oda \u00e9rkez\u0151ket 08:00-08:15 k\u00f6z\u00f6tt v\u00e1rjuk. 8:30-ra egy\u00fctt megy\u00fcnk\/\u00e9rkez\u00fcnk a gy\u00e1rhoz.Akik gyerekkel j\u00f6nnek, vegy\u00e9k figyelembe, &hellip; <a href=\"https:\/\/www.slclub.hu\/?page_id=5719\" class=\"more-link\"><span class=\"screen-reader-text\">2025<\/span> b\u0151vebben&#8230; <span class=\"meta-nav\">&rarr;<\/span><\/a><\/p>\n","protected":false},"author":1,"featured_media":0,"parent":0,"menu_order":0,"comment_status":"closed","ping_status":"closed","template":"","meta":{"footnotes":""},"class_list":["post-5719","page","type-page","status-publish","hentry"],"_links":{"self":[{"href":"https:\/\/www.slclub.hu\/index.php?rest_route=\/wp\/v2\/pages\/5719","targetHints":{"allow":["GET"]}}],"collection":[{"href":"https:\/\/www.slclub.hu\/index.php?rest_route=\/wp\/v2\/pages"}],"about":[{"href":"https:\/\/www.slclub.hu\/index.php?rest_route=\/wp\/v2\/types\/page"}],"author":[{"embeddable":true,"href":"https:\/\/www.slclub.hu\/index.php?rest_route=\/wp\/v2\/users\/1"}],"replies":[{"embeddable":true,"href":"https:\/\/www.slclub.hu\/index.php?rest_route=%2Fwp%2Fv2%2Fcomments&post=5719"}],"version-history":[{"count":16,"href":"https:\/\/www.slclub.hu\/index.php?rest_route=\/wp\/v2\/pages\/5719\/revisions"}],"predecessor-version":[{"id":6350,"href":"https:\/\/www.slclub.hu\/index.php?rest_route=\/wp\/v2\/pages\/5719\/revisions\/6350"}],"wp:attachment":[{"href":"https:\/\/www.slclub.hu\/index.php?rest_route=%2Fwp%2Fv2%2Fmedia&parent=5719"}],"curies":[{"name":"wp","href":"https:\/\/api.w.org\/{rel}","templated":true}]}}