{"id":600,"date":"2014-09-14T21:17:38","date_gmt":"2014-09-14T19:17:38","guid":{"rendered":"http:\/\/www.slclub.hu\/?page_id=600"},"modified":"2014-09-15T13:12:00","modified_gmt":"2014-09-15T11:12:00","slug":"borgondi-repulonap-2014-09-14","status":"publish","type":"page","link":"https:\/\/www.slclub.hu\/?page_id=600","title":{"rendered":"2014.09.14. B\u00f6rg\u00f6ndi Rep\u00fcl\u0151nap"},"content":{"rendered":"<p><a href=\"http:\/\/www.slclub.hu\/wp-content\/uploads\/2014\/09\/DSC02747-06.jpg\"><img loading=\"lazy\" decoding=\"async\" src=\"http:\/\/www.slclub.hu\/wp-content\/uploads\/2014\/09\/DSC02747-06-150x150.jpg\" alt=\"DSC02747 06\" width=\"150\" height=\"150\" class=\"alignnone size-thumbnail wp-image-606\" \/><\/a><\/p>\n<p><a href=\"http:\/\/www.slclub.hu\/wp-content\/uploads\/2014\/09\/DSC02747-11.jpg\"><img loading=\"lazy\" decoding=\"async\" src=\"http:\/\/www.slclub.hu\/wp-content\/uploads\/2014\/09\/DSC02747-11-150x150.jpg\" alt=\"Digital Camera\" width=\"150\" height=\"150\" class=\"alignnone size-thumbnail wp-image-607\" \/><\/a><\/p>\n<p><a href=\"http:\/\/www.slclub.hu\/wp-content\/uploads\/2014\/09\/DSC02747-18.jpg\"><img loading=\"lazy\" decoding=\"async\" src=\"http:\/\/www.slclub.hu\/wp-content\/uploads\/2014\/09\/DSC02747-18-150x150.jpg\" alt=\"DSC02747 18\" width=\"150\" height=\"150\" class=\"alignnone size-thumbnail wp-image-608\" \/><\/a><\/p>\n<p><a href=\"http:\/\/www.slclub.hu\/wp-content\/uploads\/2014\/09\/DSC02747-19.jpg\"><img loading=\"lazy\" decoding=\"async\" src=\"http:\/\/www.slclub.hu\/wp-content\/uploads\/2014\/09\/DSC02747-19-150x150.jpg\" alt=\"Digital Camera\" width=\"150\" height=\"150\" class=\"alignnone size-thumbnail wp-image-609\" \/><\/a><\/p>\n<p><a href=\"http:\/\/www.slclub.hu\/wp-content\/uploads\/2014\/09\/DSC02747-33.jpg\"><img loading=\"lazy\" decoding=\"async\" src=\"http:\/\/www.slclub.hu\/wp-content\/uploads\/2014\/09\/DSC02747-33-150x150.jpg\" alt=\"DSC02747 33\" width=\"150\" height=\"150\" class=\"alignnone size-thumbnail wp-image-610\" \/><\/a><\/p>\n<p><a href=\"http:\/\/www.slclub.hu\/wp-content\/uploads\/2014\/09\/DSC02747-34-2.jpg\"><img loading=\"lazy\" decoding=\"async\" src=\"http:\/\/www.slclub.hu\/wp-content\/uploads\/2014\/09\/DSC02747-34-2-150x150.jpg\" alt=\"DSC02747 34 2\" width=\"150\" height=\"150\" class=\"alignnone size-thumbnail wp-image-611\" \/><\/a><\/p>\n<p><a href=\"http:\/\/www.slclub.hu\/wp-content\/uploads\/2014\/09\/DSC02747-05.jpg\"><img loading=\"lazy\" decoding=\"async\" src=\"http:\/\/www.slclub.hu\/wp-content\/uploads\/2014\/09\/DSC02747-05-150x150.jpg\" alt=\"DSC02747 05\" width=\"150\" height=\"150\" class=\"alignnone size-thumbnail wp-image-612\" \/><\/a><\/p>\n<p><a href=\"http:\/\/www.slclub.hu\/wp-content\/uploads\/2014\/09\/DSC02747-38.jpg\"><img loading=\"lazy\" decoding=\"async\" src=\"http:\/\/www.slclub.hu\/wp-content\/uploads\/2014\/09\/DSC02747-38-150x150.jpg\" alt=\"DSC02747 38\" width=\"150\" height=\"150\" class=\"alignnone size-thumbnail wp-image-613\" \/><\/a><\/p>\n<p><a href=\"http:\/\/www.slclub.hu\/wp-content\/uploads\/2014\/09\/DSC02747-39.jpg\"><img loading=\"lazy\" decoding=\"async\" src=\"http:\/\/www.slclub.hu\/wp-content\/uploads\/2014\/09\/DSC02747-39-150x150.jpg\" alt=\"Digital Camera\" width=\"150\" height=\"150\" class=\"alignnone size-thumbnail wp-image-614\" \/><\/a><\/p>\n<p><a href=\"http:\/\/www.slclub.hu\/wp-content\/uploads\/2014\/09\/DSC02747-41.jpg\"><img loading=\"lazy\" decoding=\"async\" src=\"http:\/\/www.slclub.hu\/wp-content\/uploads\/2014\/09\/DSC02747-41-150x150.jpg\" alt=\"DSC02747 41\" width=\"150\" height=\"150\" class=\"alignnone size-thumbnail wp-image-615\" \/><\/a><\/p>\n<p><a href=\"http:\/\/www.slclub.hu\/wp-content\/uploads\/2014\/09\/DSC02747-45.jpg\"><img loading=\"lazy\" decoding=\"async\" src=\"http:\/\/www.slclub.hu\/wp-content\/uploads\/2014\/09\/DSC02747-45-150x150.jpg\" alt=\"DSC02747 45\" width=\"150\" height=\"150\" class=\"alignnone size-thumbnail wp-image-616\" \/><\/a><\/p>\n<p><a href=\"http:\/\/www.slclub.hu\/wp-content\/uploads\/2014\/09\/DSC02747-49.jpg\"><img loading=\"lazy\" decoding=\"async\" src=\"http:\/\/www.slclub.hu\/wp-content\/uploads\/2014\/09\/DSC02747-49-150x150.jpg\" alt=\"Digital Camera\" width=\"150\" height=\"150\" class=\"alignnone size-thumbnail wp-image-617\" \/><\/a><\/p>\n<p><a href=\"http:\/\/www.slclub.hu\/wp-content\/uploads\/2014\/09\/DSC02747-50.jpg\"><img loading=\"lazy\" decoding=\"async\" src=\"http:\/\/www.slclub.hu\/wp-content\/uploads\/2014\/09\/DSC02747-50-150x150.jpg\" alt=\"Digital Camera\" width=\"150\" height=\"150\" class=\"alignnone size-thumbnail wp-image-618\" \/><\/a><\/p>\n<p><a href=\"http:\/\/www.slclub.hu\/wp-content\/uploads\/2014\/09\/DSC02757-02.jpg\"><img loading=\"lazy\" decoding=\"async\" src=\"http:\/\/www.slclub.hu\/wp-content\/uploads\/2014\/09\/DSC02757-02-150x150.jpg\" alt=\"Digital Camera\" width=\"150\" height=\"150\" class=\"alignnone size-thumbnail wp-image-619\" \/><\/a><\/p>\n<p><a href=\"http:\/\/www.slclub.hu\/wp-content\/uploads\/2014\/09\/DSC02757-06.jpg\"><img loading=\"lazy\" decoding=\"async\" src=\"http:\/\/www.slclub.hu\/wp-content\/uploads\/2014\/09\/DSC02757-06-150x150.jpg\" alt=\"Digital Camera\" width=\"150\" height=\"150\" class=\"alignnone size-thumbnail wp-image-620\" \/><\/a><\/p>\n<p><a href=\"http:\/\/www.slclub.hu\/wp-content\/uploads\/2014\/09\/DSC02757-10.jpg\"><img loading=\"lazy\" decoding=\"async\" src=\"http:\/\/www.slclub.hu\/wp-content\/uploads\/2014\/09\/DSC02757-10-150x150.jpg\" alt=\"DSC02757 10\" width=\"150\" height=\"150\" class=\"alignnone size-thumbnail wp-image-621\" \/><\/a><\/p>\n<p><a href=\"http:\/\/www.slclub.hu\/wp-content\/uploads\/2014\/09\/DSC02757-14.jpg\"><img loading=\"lazy\" decoding=\"async\" src=\"http:\/\/www.slclub.hu\/wp-content\/uploads\/2014\/09\/DSC02757-14-150x150.jpg\" alt=\"DSC02757 14\" width=\"150\" height=\"150\" class=\"alignnone size-thumbnail wp-image-622\" \/><\/a><\/p>\n<p><a href=\"http:\/\/www.slclub.hu\/wp-content\/uploads\/2014\/09\/DSC02760-01.jpg\"><img loading=\"lazy\" decoding=\"async\" src=\"http:\/\/www.slclub.hu\/wp-content\/uploads\/2014\/09\/DSC02760-01-150x150.jpg\" alt=\"DSC02760 01\" width=\"150\" height=\"150\" class=\"alignnone size-thumbnail wp-image-623\" \/><\/a><\/p>\n<p><a href=\"http:\/\/www.slclub.hu\/wp-content\/uploads\/2014\/09\/DSC02760-02.jpg\"><img loading=\"lazy\" decoding=\"async\" src=\"http:\/\/www.slclub.hu\/wp-content\/uploads\/2014\/09\/DSC02760-02-150x150.jpg\" alt=\"DSC02760 02\" width=\"150\" height=\"150\" class=\"alignnone size-thumbnail wp-image-624\" \/><\/a><\/p>\n<p><a href=\"http:\/\/www.slclub.hu\/wp-content\/uploads\/2014\/09\/DSC02760-11.jpg\"><img loading=\"lazy\" decoding=\"async\" src=\"http:\/\/www.slclub.hu\/wp-content\/uploads\/2014\/09\/DSC02760-11-150x150.jpg\" alt=\"DSC02760 11\" width=\"150\" height=\"150\" class=\"alignnone size-thumbnail wp-image-625\" \/><\/a><\/p>\n<p><a href=\"http:\/\/www.slclub.hu\/wp-content\/uploads\/2014\/09\/DSC02760-18.jpg\"><img loading=\"lazy\" decoding=\"async\" src=\"http:\/\/www.slclub.hu\/wp-content\/uploads\/2014\/09\/DSC02760-18-150x150.jpg\" alt=\"DSC02760 18\" width=\"150\" height=\"150\" class=\"alignnone size-thumbnail wp-image-626\" \/><\/a><\/p>\n<p><a href=\"http:\/\/www.slclub.hu\/wp-content\/uploads\/2014\/09\/DSC02761-05.jpg\"><img loading=\"lazy\" decoding=\"async\" src=\"http:\/\/www.slclub.hu\/wp-content\/uploads\/2014\/09\/DSC02761-05-150x150.jpg\" alt=\"DSC02761 05\" width=\"150\" height=\"150\" class=\"alignnone size-thumbnail wp-image-627\" \/><\/a><\/p>\n<p><a href=\"http:\/\/www.slclub.hu\/wp-content\/uploads\/2014\/09\/DSC02761-06.jpg\"><img loading=\"lazy\" decoding=\"async\" src=\"http:\/\/www.slclub.hu\/wp-content\/uploads\/2014\/09\/DSC02761-06-150x150.jpg\" alt=\"DSC02761 06\" width=\"150\" height=\"150\" class=\"alignnone size-thumbnail wp-image-628\" \/><\/a><\/p>\n<p><a href=\"http:\/\/www.slclub.hu\/wp-content\/uploads\/2014\/09\/DSC02762.jpg\"><img loading=\"lazy\" decoding=\"async\" src=\"http:\/\/www.slclub.hu\/wp-content\/uploads\/2014\/09\/DSC02762-150x150.jpg\" alt=\"DSC02762\" width=\"150\" height=\"150\" class=\"alignnone size-thumbnail wp-image-629\" \/><\/a><\/p>\n<p><a href=\"http:\/\/www.slclub.hu\/wp-content\/uploads\/2014\/09\/DSC02767-05.jpg\"><img loading=\"lazy\" decoding=\"async\" src=\"http:\/\/www.slclub.hu\/wp-content\/uploads\/2014\/09\/DSC02767-05-150x150.jpg\" alt=\"DSC02767 05\" width=\"150\" height=\"150\" class=\"alignnone size-thumbnail wp-image-630\" \/><\/a><\/p>\n<p><a href=\"http:\/\/www.slclub.hu\/wp-content\/uploads\/2014\/09\/DSC02768-01.jpg\"><img loading=\"lazy\" decoding=\"async\" src=\"http:\/\/www.slclub.hu\/wp-content\/uploads\/2014\/09\/DSC02768-01-150x150.jpg\" alt=\"DSC02768 01\" width=\"150\" height=\"150\" class=\"alignnone size-thumbnail wp-image-631\" \/><\/a><\/p>\n<p><a href=\"http:\/\/www.slclub.hu\/wp-content\/uploads\/2014\/09\/DSC02768-02.jpg\"><img loading=\"lazy\" decoding=\"async\" src=\"http:\/\/www.slclub.hu\/wp-content\/uploads\/2014\/09\/DSC02768-02-150x150.jpg\" alt=\"DSC02768 02\" width=\"150\" height=\"150\" class=\"alignnone size-thumbnail wp-image-632\" \/><\/a><\/p>\n<p><a href=\"http:\/\/www.slclub.hu\/wp-content\/uploads\/2014\/09\/DSC02768-07.jpg\"><img loading=\"lazy\" decoding=\"async\" src=\"http:\/\/www.slclub.hu\/wp-content\/uploads\/2014\/09\/DSC02768-07-150x150.jpg\" alt=\"DSC02768 07\" width=\"150\" height=\"150\" class=\"alignnone size-thumbnail wp-image-633\" \/><\/a><\/p>\n<p><a href=\"http:\/\/www.slclub.hu\/wp-content\/uploads\/2014\/09\/DSC02768-13.jpg\"><img loading=\"lazy\" decoding=\"async\" src=\"http:\/\/www.slclub.hu\/wp-content\/uploads\/2014\/09\/DSC02768-13-150x150.jpg\" alt=\"DSC02768 13\" width=\"150\" height=\"150\" class=\"alignnone size-thumbnail wp-image-634\" \/><\/a><\/p>\n<p><a href=\"http:\/\/www.slclub.hu\/wp-content\/uploads\/2014\/09\/DSC02768-14.jpg\"><img loading=\"lazy\" decoding=\"async\" src=\"http:\/\/www.slclub.hu\/wp-content\/uploads\/2014\/09\/DSC02768-14-150x150.jpg\" alt=\"DSC02768 14\" width=\"150\" height=\"150\" class=\"alignnone size-thumbnail wp-image-635\" \/><\/a><\/p>\n<p><a href=\"http:\/\/www.slclub.hu\/wp-content\/uploads\/2014\/09\/DSC02768-15.jpg\"><img loading=\"lazy\" decoding=\"async\" src=\"http:\/\/www.slclub.hu\/wp-content\/uploads\/2014\/09\/DSC02768-15-150x150.jpg\" alt=\"DSC02768 15\" width=\"150\" height=\"150\" class=\"alignnone size-thumbnail wp-image-636\" \/><\/a><\/p>\n<p><a href=\"http:\/\/www.slclub.hu\/wp-content\/uploads\/2014\/09\/DSC02779.jpg\"><img loading=\"lazy\" decoding=\"async\" src=\"http:\/\/www.slclub.hu\/wp-content\/uploads\/2014\/09\/DSC02779-150x150.jpg\" alt=\"DSC02779\" width=\"150\" height=\"150\" class=\"alignnone size-thumbnail wp-image-637\" \/><\/a><\/p>\n<p><a href=\"http:\/\/www.slclub.hu\/wp-content\/uploads\/2014\/09\/DSC02780.jpg\"><img loading=\"lazy\" decoding=\"async\" src=\"http:\/\/www.slclub.hu\/wp-content\/uploads\/2014\/09\/DSC02780-150x150.jpg\" alt=\"DSC02780\" width=\"150\" height=\"150\" class=\"alignnone size-thumbnail wp-image-638\" \/><\/a><\/p>\n<p><a href=\"http:\/\/www.slclub.hu\/wp-content\/uploads\/2014\/09\/DSC02782-02.jpg\"><img loading=\"lazy\" decoding=\"async\" src=\"http:\/\/www.slclub.hu\/wp-content\/uploads\/2014\/09\/DSC02782-02-150x150.jpg\" alt=\"DSC02782 02\" width=\"150\" height=\"150\" class=\"alignnone size-thumbnail wp-image-639\" \/><\/a><\/p>\n<p><a href=\"http:\/\/www.slclub.hu\/wp-content\/uploads\/2014\/09\/DSC02782-04.jpg\"><img loading=\"lazy\" decoding=\"async\" src=\"http:\/\/www.slclub.hu\/wp-content\/uploads\/2014\/09\/DSC02782-04-150x150.jpg\" alt=\"DSC02782 04\" width=\"150\" height=\"150\" class=\"alignnone size-thumbnail wp-image-640\" \/><\/a><\/p>\n<p><a href=\"http:\/\/www.slclub.hu\/wp-content\/uploads\/2014\/09\/DSC02783-03.jpg\"><img loading=\"lazy\" decoding=\"async\" src=\"http:\/\/www.slclub.hu\/wp-content\/uploads\/2014\/09\/DSC02783-03-150x150.jpg\" alt=\"DSC02783 03\" width=\"150\" height=\"150\" class=\"alignnone size-thumbnail wp-image-641\" \/><\/a><\/p>\n<p><a href=\"http:\/\/www.slclub.hu\/wp-content\/uploads\/2014\/09\/DSC02783-04.jpg\"><img loading=\"lazy\" decoding=\"async\" src=\"http:\/\/www.slclub.hu\/wp-content\/uploads\/2014\/09\/DSC02783-04-150x150.jpg\" alt=\"DSC02783 04\" width=\"150\" height=\"150\" class=\"alignnone size-thumbnail wp-image-642\" \/><\/a><\/p>\n<p><a href=\"http:\/\/www.slclub.hu\/wp-content\/uploads\/2014\/09\/DSC02783-05.jpg\"><img loading=\"lazy\" decoding=\"async\" src=\"http:\/\/www.slclub.hu\/wp-content\/uploads\/2014\/09\/DSC02783-05-150x150.jpg\" alt=\"DSC02783 05\" width=\"150\" height=\"150\" class=\"alignnone size-thumbnail wp-image-643\" \/><\/a><\/p>\n<p><a href=\"http:\/\/www.slclub.hu\/wp-content\/uploads\/2014\/09\/DSC02783-09.jpg\"><img loading=\"lazy\" decoding=\"async\" src=\"http:\/\/www.slclub.hu\/wp-content\/uploads\/2014\/09\/DSC02783-09-150x150.jpg\" alt=\"DSC02783 09\" width=\"150\" height=\"150\" class=\"alignnone size-thumbnail wp-image-644\" \/><\/a><\/p>\n<p><a href=\"http:\/\/www.slclub.hu\/wp-content\/uploads\/2014\/09\/DSC02783-15.jpg\"><img loading=\"lazy\" decoding=\"async\" src=\"http:\/\/www.slclub.hu\/wp-content\/uploads\/2014\/09\/DSC02783-15-150x150.jpg\" alt=\"DSC02783 15\" width=\"150\" height=\"150\" class=\"alignnone size-thumbnail wp-image-645\" \/><\/a><\/p>\n<p><a href=\"http:\/\/www.slclub.hu\/wp-content\/uploads\/2014\/09\/DSC02767-01.jpg\"><img loading=\"lazy\" decoding=\"async\" src=\"http:\/\/www.slclub.hu\/wp-content\/uploads\/2014\/09\/DSC02767-01-150x150.jpg\" alt=\"DSC02767 01\" width=\"150\" height=\"150\" class=\"alignnone size-thumbnail wp-image-646\" \/><\/a><\/p>\n<p><a href=\"http:\/\/www.slclub.hu\/wp-content\/uploads\/2014\/09\/DSC02773.jpg\"><img loading=\"lazy\" decoding=\"async\" src=\"http:\/\/www.slclub.hu\/wp-content\/uploads\/2014\/09\/DSC02773-150x150.jpg\" alt=\"DSC02773\" width=\"150\" height=\"150\" class=\"alignnone size-thumbnail wp-image-647\" \/><\/a><\/p>\n<p><a href=\"http:\/\/www.slclub.hu\/wp-content\/uploads\/2014\/09\/DSC02774.jpg\"><img loading=\"lazy\" decoding=\"async\" src=\"http:\/\/www.slclub.hu\/wp-content\/uploads\/2014\/09\/DSC02774-150x150.jpg\" alt=\"DSC02774\" width=\"150\" height=\"150\" class=\"alignnone size-thumbnail wp-image-648\" \/><\/a><\/p>\n<p><a href=\"http:\/\/www.slclub.hu\/wp-content\/uploads\/2014\/09\/DSC02791-02.jpg\"><img loading=\"lazy\" decoding=\"async\" src=\"http:\/\/www.slclub.hu\/wp-content\/uploads\/2014\/09\/DSC02791-02-150x150.jpg\" alt=\"DSC02791 02\" width=\"150\" height=\"150\" class=\"alignnone size-thumbnail wp-image-649\" \/><\/a><\/p>\n<p><a href=\"http:\/\/www.slclub.hu\/wp-content\/uploads\/2014\/09\/DSC02792-01.jpg\"><img loading=\"lazy\" decoding=\"async\" src=\"http:\/\/www.slclub.hu\/wp-content\/uploads\/2014\/09\/DSC02792-01-150x150.jpg\" alt=\"DSC02792 01\" width=\"150\" height=\"150\" class=\"alignnone size-thumbnail wp-image-650\" \/><\/a><\/p>\n<p><a href=\"http:\/\/www.slclub.hu\/wp-content\/uploads\/2014\/09\/DSC02792-02.jpg\"><img loading=\"lazy\" decoding=\"async\" src=\"http:\/\/www.slclub.hu\/wp-content\/uploads\/2014\/09\/DSC02792-02-150x150.jpg\" alt=\"DSC02792 02\" width=\"150\" height=\"150\" class=\"alignnone size-thumbnail wp-image-651\" \/><\/a><\/p>\n<p><a href=\"http:\/\/www.slclub.hu\/wp-content\/uploads\/2014\/09\/DSC02792-03.jpg\"><img loading=\"lazy\" decoding=\"async\" src=\"http:\/\/www.slclub.hu\/wp-content\/uploads\/2014\/09\/DSC02792-03-150x150.jpg\" alt=\"DSC02792 03\" width=\"150\" height=\"150\" class=\"alignnone size-thumbnail wp-image-652\" \/><\/a><\/p>\n<p><a href=\"http:\/\/www.slclub.hu\/wp-content\/uploads\/2014\/09\/DSC02792-04.jpg\"><img loading=\"lazy\" decoding=\"async\" src=\"http:\/\/www.slclub.hu\/wp-content\/uploads\/2014\/09\/DSC02792-04-150x150.jpg\" alt=\"DSC02792 04\" width=\"150\" height=\"150\" class=\"alignnone size-thumbnail wp-image-653\" \/><\/a><\/p>\n<p><a href=\"http:\/\/www.slclub.hu\/wp-content\/uploads\/2014\/09\/DSC02792-05.jpg\"><img loading=\"lazy\" decoding=\"async\" src=\"http:\/\/www.slclub.hu\/wp-content\/uploads\/2014\/09\/DSC02792-05-150x150.jpg\" alt=\"DSC02792 05\" width=\"150\" height=\"150\" class=\"alignnone size-thumbnail wp-image-654\" \/><\/a><\/p>\n","protected":false},"excerpt":{"rendered":"","protected":false},"author":1,"featured_media":0,"parent":0,"menu_order":0,"comment_status":"open","ping_status":"open","template":"","meta":{"footnotes":""},"class_list":["post-600","page","type-page","status-publish","hentry"],"_links":{"self":[{"href":"https:\/\/www.slclub.hu\/index.php?rest_route=\/wp\/v2\/pages\/600","targetHints":{"allow":["GET"]}}],"collection":[{"href":"https:\/\/www.slclub.hu\/index.php?rest_route=\/wp\/v2\/pages"}],"about":[{"href":"https:\/\/www.slclub.hu\/index.php?rest_route=\/wp\/v2\/types\/page"}],"author":[{"embeddable":true,"href":"https:\/\/www.slclub.hu\/index.php?rest_route=\/wp\/v2\/users\/1"}],"replies":[{"embeddable":true,"href":"https:\/\/www.slclub.hu\/index.php?rest_route=%2Fwp%2Fv2%2Fcomments&post=600"}],"version-history":[{"count":6,"href":"https:\/\/www.slclub.hu\/index.php?rest_route=\/wp\/v2\/pages\/600\/revisions"}],"predecessor-version":[{"id":658,"href":"https:\/\/www.slclub.hu\/index.php?rest_route=\/wp\/v2\/pages\/600\/revisions\/658"}],"wp:attachment":[{"href":"https:\/\/www.slclub.hu\/index.php?rest_route=%2Fwp%2Fv2%2Fmedia&parent=600"}],"curies":[{"name":"wp","href":"https:\/\/api.w.org\/{rel}","templated":true}]}}