{"id":675,"date":"2014-10-05T08:28:38","date_gmt":"2014-10-05T06:28:38","guid":{"rendered":"http:\/\/www.slclub.hu\/?page_id=675"},"modified":"2015-10-26T15:19:13","modified_gmt":"2015-10-26T14:19:13","slug":"kiegeszitok","status":"publish","type":"page","link":"https:\/\/www.slclub.hu\/?page_id=675","title":{"rendered":"Kieg\u00e9sz\u00edt\u0151k"},"content":{"rendered":"<p>Rendelni: e-mailben k\u00fcld\u00f6tt rendel\u00e9seket fogadunk el,<br \/>\nfizet\u00e9si lehet\u0151s\u00e9g csak el\u0151re utal\u00e1ssal lehet:<br \/>\nslckapcsolat@gmail.com<\/p>\n<p>Az el\u0151reutal\u00e1st az al\u00e1bbi sz\u00e1mlasz\u00e1mra k\u00e9rj\u00fck:<br \/>\n57700012-10179316-00000000(B3 TAKAR\u00c9K Sz\u00f6vetkezet)<\/p>\n","protected":false},"excerpt":{"rendered":"<p>Rendelni: e-mailben k\u00fcld\u00f6tt rendel\u00e9seket fogadunk el, fizet\u00e9si lehet\u0151s\u00e9g csak el\u0151re utal\u00e1ssal lehet: slckapcsolat@gmail.com Az el\u0151reutal\u00e1st az al\u00e1bbi sz\u00e1mlasz\u00e1mra k\u00e9rj\u00fck: 57700012-10179316-00000000(B3 TAKAR\u00c9K Sz\u00f6vetkezet)<\/p>\n","protected":false},"author":1,"featured_media":0,"parent":0,"menu_order":0,"comment_status":"open","ping_status":"open","template":"","meta":{"footnotes":""},"class_list":["post-675","page","type-page","status-publish","hentry"],"_links":{"self":[{"href":"https:\/\/www.slclub.hu\/index.php?rest_route=\/wp\/v2\/pages\/675","targetHints":{"allow":["GET"]}}],"collection":[{"href":"https:\/\/www.slclub.hu\/index.php?rest_route=\/wp\/v2\/pages"}],"about":[{"href":"https:\/\/www.slclub.hu\/index.php?rest_route=\/wp\/v2\/types\/page"}],"author":[{"embeddable":true,"href":"https:\/\/www.slclub.hu\/index.php?rest_route=\/wp\/v2\/users\/1"}],"replies":[{"embeddable":true,"href":"https:\/\/www.slclub.hu\/index.php?rest_route=%2Fwp%2Fv2%2Fcomments&post=675"}],"version-history":[{"count":6,"href":"https:\/\/www.slclub.hu\/index.php?rest_route=\/wp\/v2\/pages\/675\/revisions"}],"predecessor-version":[{"id":1777,"href":"https:\/\/www.slclub.hu\/index.php?rest_route=\/wp\/v2\/pages\/675\/revisions\/1777"}],"wp:attachment":[{"href":"https:\/\/www.slclub.hu\/index.php?rest_route=%2Fwp%2Fv2%2Fmedia&parent=675"}],"curies":[{"name":"wp","href":"https:\/\/api.w.org\/{rel}","templated":true}]}}